{"id":22289,"date":"2024-11-18T15:15:32","date_gmt":"2024-11-18T14:15:32","guid":{"rendered":"https:\/\/baralivres.ma\/?post_type=product&#038;p=22289"},"modified":"2024-11-18T15:51:05","modified_gmt":"2024-11-18T14:51:05","slug":"baby-firsts-animal-babies","status":"publish","type":"product","link":"https:\/\/baralivres.ma\/?product=baby-firsts-animal-babies","title":{"rendered":"Baby Firsts Animal Babies"},"content":{"rendered":"<p><strong>Baby Firsts Animal Babies<\/strong> est un livre en carton con\u00e7u pour les tout-petits, les introduisant aux b\u00e9b\u00e9s animaux \u00e0 travers des mots simples en anglais. Chaque page pr\u00e9sente un animal adulte accompagn\u00e9 de son petit, comme une vache et son veau, ou une lionne et son lionceau. Les illustrations color\u00e9es captivent les b\u00e9b\u00e9s et facilitent la reconnaissance des animaux et de leurs petits. Ce livre aide les enfants \u00e0 comprendre les liens familiaux chez les animaux tout en enrichissant leur vocabulaire. Avec ses pages solides et adapt\u00e9es aux petites mains, <strong>Baby Firsts Animal Babies<\/strong> est parfait pour les premi\u00e8res explorations de lecture. Les enfants apprennent \u00e0 identifier des animaux familiers et \u00e0 associer des mots simples en anglais \u00e0 des images. Ce livre encourage aussi l&rsquo;interaction, avec des questions simples \u00e0 la fin de chaque page pour stimuler l&rsquo;int\u00e9r\u00eat des tout-petits. Il est un excellent moyen de commencer \u00e0 enseigner des concepts simples tout en d\u00e9veloppant les comp\u00e9tences linguistiques. Un cadeau id\u00e9al pour \u00e9veiller l\u2019imagination et la curiosit\u00e9 des b\u00e9b\u00e9s. Offrez-le pour un apprentissage pr\u00e9coce et amusant des animaux et de leurs petits.<\/p>\n","protected":false},"excerpt":{"rendered":"<p><strong>Baby Firsts Animal Babies<\/strong> est un livre en carton pour b\u00e9b\u00e9s, introduisant les b\u00e9b\u00e9s animaux avec des mots simples en anglais et des illustrations color\u00e9es. Id\u00e9al pour enrichir le vocabulaire et \u00e9veiller la curiosit\u00e9 des tout-petits.<\/p>\n","protected":false},"featured_media":22291,"comment_status":"open","ping_status":"closed","template":"","meta":{"inline_featured_image":false},"product_cat":[3951,198],"product_tag":[],"class_list":{"0":"post-22289","1":"product","2":"type-product","3":"status-publish","4":"has-post-thumbnail","6":"product_cat-les-livres-cartonnes-anglais","7":"product_cat-livres-animes","9":"first","10":"instock","11":"shipping-taxable","12":"purchasable","13":"product-type-simple"},"_links":{"self":[{"href":"https:\/\/baralivres.ma\/index.php?rest_route=\/wp\/v2\/product\/22289","targetHints":{"allow":["GET"]}}],"collection":[{"href":"https:\/\/baralivres.ma\/index.php?rest_route=\/wp\/v2\/product"}],"about":[{"href":"https:\/\/baralivres.ma\/index.php?rest_route=\/wp\/v2\/types\/product"}],"replies":[{"embeddable":true,"href":"https:\/\/baralivres.ma\/index.php?rest_route=%2Fwp%2Fv2%2Fcomments&post=22289"}],"version-history":[{"count":1,"href":"https:\/\/baralivres.ma\/index.php?rest_route=\/wp\/v2\/product\/22289\/revisions"}],"predecessor-version":[{"id":22292,"href":"https:\/\/baralivres.ma\/index.php?rest_route=\/wp\/v2\/product\/22289\/revisions\/22292"}],"wp:featuredmedia":[{"embeddable":true,"href":"https:\/\/baralivres.ma\/index.php?rest_route=\/wp\/v2\/media\/22291"}],"wp:attachment":[{"href":"https:\/\/baralivres.ma\/index.php?rest_route=%2Fwp%2Fv2%2Fmedia&parent=22289"}],"wp:term":[{"taxonomy":"product_cat","embeddable":true,"href":"https:\/\/baralivres.ma\/index.php?rest_route=%2Fwp%2Fv2%2Fproduct_cat&post=22289"},{"taxonomy":"product_tag","embeddable":true,"href":"https:\/\/baralivres.ma\/index.php?rest_route=%2Fwp%2Fv2%2Fproduct_tag&post=22289"}],"curies":[{"name":"wp","href":"https:\/\/api.w.org\/{rel}","templated":true}]}}