{"id":22280,"date":"2024-11-18T14:56:20","date_gmt":"2024-11-18T13:56:20","guid":{"rendered":"https:\/\/baralivres.ma\/?post_type=product&#038;p=22280"},"modified":"2024-11-18T15:51:52","modified_gmt":"2024-11-18T14:51:52","slug":"baby-firsts-time","status":"publish","type":"product","link":"https:\/\/baralivres.ma\/?product=baby-firsts-time","title":{"rendered":"Baby Firsts Time"},"content":{"rendered":"<p><strong>Baby Firsts Time<\/strong> est un livre en carton parfait pour les tout-petits, introduisant les concepts de l&rsquo;heure et du temps. \u00c0 travers des mots simples en anglais et des illustrations claires, il aide les enfants \u00e0 comprendre les notions de base comme le matin, l\u2019apr\u00e8s-midi, le soir, et l&rsquo;heure de dormir. Le livre pr\u00e9sente des sc\u00e8nes quotidiennes, comme l&rsquo;heure des repas ou le moment du bain, pour aider les b\u00e9b\u00e9s \u00e0 reconna\u00eetre ces moments cl\u00e9s de la journ\u00e9e. Chaque page est con\u00e7ue pour capter l&rsquo;attention des enfants avec des images attrayantes et un texte facile \u00e0 comprendre. <strong>Baby Firsts Time<\/strong> est un outil \u00e9ducatif qui facilite l&rsquo;apprentissage du temps de mani\u00e8re ludique. Il encourage les tout-petits \u00e0 d\u00e9velopper un premier sens du temps tout en enrichissant leur vocabulaire en anglais. Le format r\u00e9sistant et adapt\u00e9 aux petites mains permet une manipulation facile, tandis que les couleurs vives stimulent la curiosit\u00e9. Ce livre est id\u00e9al pour initier les enfants \u00e0 la lecture et les aider \u00e0 mieux comprendre le rythme de leur journ\u00e9e. Un excellent choix pour les parents qui souhaitent offrir \u00e0 leur enfant une premi\u00e8re exp\u00e9rience d\u2019apprentissage sur le temps.<\/p>\n","protected":false},"excerpt":{"rendered":"<p><strong>Baby Firsts Time<\/strong> est un livre en carton pour b\u00e9b\u00e9s, introduisant les concepts du temps et de l&rsquo;heure avec des mots simples en anglais et des illustrations claires. Id\u00e9al pour aider les enfants \u00e0 comprendre le rythme de la journ\u00e9e de mani\u00e8re ludique et \u00e9ducative.<\/p>\n","protected":false},"featured_media":22281,"comment_status":"open","ping_status":"closed","template":"","meta":{"inline_featured_image":false},"product_cat":[3951,198],"product_tag":[],"class_list":{"0":"post-22280","1":"product","2":"type-product","3":"status-publish","4":"has-post-thumbnail","6":"product_cat-les-livres-cartonnes-anglais","7":"product_cat-livres-animes","9":"first","10":"instock","11":"shipping-taxable","12":"purchasable","13":"product-type-simple"},"_links":{"self":[{"href":"https:\/\/baralivres.ma\/index.php?rest_route=\/wp\/v2\/product\/22280","targetHints":{"allow":["GET"]}}],"collection":[{"href":"https:\/\/baralivres.ma\/index.php?rest_route=\/wp\/v2\/product"}],"about":[{"href":"https:\/\/baralivres.ma\/index.php?rest_route=\/wp\/v2\/types\/product"}],"replies":[{"embeddable":true,"href":"https:\/\/baralivres.ma\/index.php?rest_route=%2Fwp%2Fv2%2Fcomments&post=22280"}],"version-history":[{"count":1,"href":"https:\/\/baralivres.ma\/index.php?rest_route=\/wp\/v2\/product\/22280\/revisions"}],"predecessor-version":[{"id":22282,"href":"https:\/\/baralivres.ma\/index.php?rest_route=\/wp\/v2\/product\/22280\/revisions\/22282"}],"wp:featuredmedia":[{"embeddable":true,"href":"https:\/\/baralivres.ma\/index.php?rest_route=\/wp\/v2\/media\/22281"}],"wp:attachment":[{"href":"https:\/\/baralivres.ma\/index.php?rest_route=%2Fwp%2Fv2%2Fmedia&parent=22280"}],"wp:term":[{"taxonomy":"product_cat","embeddable":true,"href":"https:\/\/baralivres.ma\/index.php?rest_route=%2Fwp%2Fv2%2Fproduct_cat&post=22280"},{"taxonomy":"product_tag","embeddable":true,"href":"https:\/\/baralivres.ma\/index.php?rest_route=%2Fwp%2Fv2%2Fproduct_tag&post=22280"}],"curies":[{"name":"wp","href":"https:\/\/api.w.org\/{rel}","templated":true}]}}