{"id":22268,"date":"2024-11-18T14:32:56","date_gmt":"2024-11-18T13:32:56","guid":{"rendered":"https:\/\/baralivres.ma\/?post_type=product&#038;p=22268"},"modified":"2024-11-18T15:52:34","modified_gmt":"2024-11-18T14:52:34","slug":"baby-firsts-farm-animals","status":"publish","type":"product","link":"https:\/\/baralivres.ma\/?product=baby-firsts-farm-animals","title":{"rendered":"Baby Firsts Farm Animals"},"content":{"rendered":"<p><strong>Baby Firsts Farm Animals<\/strong> est un livre en carton con\u00e7u pour les tout-petits, parfait pour d\u00e9couvrir les animaux de la ferme. Avec ses pages solides et ses illustrations vives, il capte l\u2019attention des b\u00e9b\u00e9s tout en introduisant des mots simples en anglais. Ce livre aide \u00e0 d\u00e9velopper leur vocabulaire d\u00e8s le plus jeune \u00e2ge, en associant chaque animal \u00e0 une image claire et color\u00e9e. Il favorise la reconnaissance des animaux de la ferme et stimule l&rsquo;apprentissage pr\u00e9coce dans une langue \u00e9trang\u00e8re. <strong>Baby Firsts Farm Animals<\/strong> est un excellent moyen d\u2019initier vos enfants \u00e0 l&rsquo;anglais de mani\u00e8re ludique et interactive. C\u2019est un cadeau \u00e9ducatif id\u00e9al pour les jeunes enfants, les pr\u00e9parant \u00e0 une premi\u00e8re exp\u00e9rience linguistique en douceur. Ce livre pratique est l\u00e9ger et facile \u00e0 manipuler, parfait pour les petites mains. Enrichissez le d\u00e9veloppement de votre b\u00e9b\u00e9 avec ce livre charmant qui les divertira tout en apprenant ! Offrez-le pour un apprentissage amusant et enrichissant.<\/p>\n","protected":false},"excerpt":{"rendered":"<p><strong>Baby Firsts Farm Animals<\/strong> est un livre en carton pour b\u00e9b\u00e9s, introduisant les animaux de la ferme avec des mots simples en anglais et des illustrations color\u00e9es. Id\u00e9al pour stimuler l&rsquo;apprentissage pr\u00e9coce et la reconnaissance visuelle.<\/p>\n","protected":false},"featured_media":22269,"comment_status":"open","ping_status":"closed","template":"","meta":{"inline_featured_image":false},"product_cat":[3951,198],"product_tag":[],"class_list":{"0":"post-22268","1":"product","2":"type-product","3":"status-publish","4":"has-post-thumbnail","6":"product_cat-les-livres-cartonnes-anglais","7":"product_cat-livres-animes","9":"first","10":"instock","11":"shipping-taxable","12":"purchasable","13":"product-type-simple"},"_links":{"self":[{"href":"https:\/\/baralivres.ma\/index.php?rest_route=\/wp\/v2\/product\/22268","targetHints":{"allow":["GET"]}}],"collection":[{"href":"https:\/\/baralivres.ma\/index.php?rest_route=\/wp\/v2\/product"}],"about":[{"href":"https:\/\/baralivres.ma\/index.php?rest_route=\/wp\/v2\/types\/product"}],"replies":[{"embeddable":true,"href":"https:\/\/baralivres.ma\/index.php?rest_route=%2Fwp%2Fv2%2Fcomments&post=22268"}],"version-history":[{"count":1,"href":"https:\/\/baralivres.ma\/index.php?rest_route=\/wp\/v2\/product\/22268\/revisions"}],"predecessor-version":[{"id":22270,"href":"https:\/\/baralivres.ma\/index.php?rest_route=\/wp\/v2\/product\/22268\/revisions\/22270"}],"wp:featuredmedia":[{"embeddable":true,"href":"https:\/\/baralivres.ma\/index.php?rest_route=\/wp\/v2\/media\/22269"}],"wp:attachment":[{"href":"https:\/\/baralivres.ma\/index.php?rest_route=%2Fwp%2Fv2%2Fmedia&parent=22268"}],"wp:term":[{"taxonomy":"product_cat","embeddable":true,"href":"https:\/\/baralivres.ma\/index.php?rest_route=%2Fwp%2Fv2%2Fproduct_cat&post=22268"},{"taxonomy":"product_tag","embeddable":true,"href":"https:\/\/baralivres.ma\/index.php?rest_route=%2Fwp%2Fv2%2Fproduct_tag&post=22268"}],"curies":[{"name":"wp","href":"https:\/\/api.w.org\/{rel}","templated":true}]}}