{"id":22239,"date":"2024-11-18T13:47:31","date_gmt":"2024-11-18T12:47:31","guid":{"rendered":"https:\/\/baralivres.ma\/?post_type=product&#038;p=22239"},"modified":"2024-11-18T15:54:46","modified_gmt":"2024-11-18T14:54:46","slug":"andys-ambulance","status":"publish","type":"product","link":"https:\/\/baralivres.ma\/?product=andys-ambulance","title":{"rendered":"Andy&rsquo;s Ambulance"},"content":{"rendered":"<p>D\u00e9couvrez <em>Andy&rsquo;s Ambulance<\/em>, un petit livre en carton con\u00e7u pour les tout-petits ! Ce livre color\u00e9 et captivant raconte l\u2019histoire d\u2019Andy, un ambulancier courageux qui part en mission pour sauver des vies. \u00c0 travers des illustrations vibrantes et une histoire simple, les enfants suivent Andy dans ses aventures, apprenant l&rsquo;importance de l&rsquo;entraide et du courage. Parfait pour les jeunes lecteurs, ce livre aide \u00e0 d\u00e9velopper le vocabulaire, la compr\u00e9hension et l\u2019imagination des enfants. Les pages robustes sont adapt\u00e9es aux petites mains, offrant une lecture interactive et ludique. <em>Andy&rsquo;s Ambulance<\/em> est id\u00e9al pour introduire les m\u00e9tiers de secours de mani\u00e8re amusante et \u00e9ducative. Il offre aussi une belle occasion de discuter de l\u2019importance des pompiers et des ambulanciers avec les enfants. Ce livre est un excellent choix pour les moments de lecture partag\u00e9e avec les parents ou les \u00e9ducateurs. Parfait comme cadeau pour les tout-petits, <em>Andy&rsquo;s Ambulance<\/em> leur permet de s\u2019\u00e9vader dans un monde de sauvetage et d\u2019aventure. Commandez d\u00e8s maintenant et offrez \u00e0 vos enfants un moment de lecture inoubliable !<\/p>\n","protected":false},"excerpt":{"rendered":"<div class=\"flex-shrink-0 flex flex-col relative items-end\">\n<div>\n<div class=\"pt-0\">\n<div class=\"gizmo-bot-avatar flex h-8 w-8 items-center justify-center overflow-hidden rounded-full\">\n<div class=\"relative p-1 rounded-sm flex items-center justify-center bg-token-main-surface-primary text-token-text-primary h-8 w-8\"><\/div>\n<\/div>\n<\/div>\n<\/div>\n<\/div>\n<div class=\"group\/conversation-turn relative flex w-full min-w-0 flex-col agent-turn\">\n<div class=\"flex-col gap-1 md:gap-3\">\n<div class=\"flex max-w-full flex-col flex-grow\">\n<div class=\"min-h-8 text-message flex w-full flex-col items-end gap-2 whitespace-normal break-words [.text-message+&amp;]:mt-5\" dir=\"auto\" data-message-author-role=\"assistant\" data-message-id=\"f3805462-4d50-466e-ab40-ed59d3e78b67\" data-message-model-slug=\"gpt-4o-mini\">\n<div class=\"flex w-full flex-col gap-1 empty:hidden first:pt-[3px]\">\n<div class=\"markdown prose w-full break-words dark:prose-invert light\">\n<p>D\u00e9couvrez <em>Andy&rsquo;s Ambulance<\/em>, un jouet r\u00e9aliste qui permet aux enfants de vivre des aventures de sauvetage palpitantes. Parfait pour stimuler leur imagination et leur sens de l\u2019entraide !<\/p>\n<\/div>\n<\/div>\n<\/div>\n<\/div>\n<\/div>\n<\/div>\n","protected":false},"featured_media":22240,"comment_status":"open","ping_status":"closed","template":"","meta":{"inline_featured_image":false},"product_cat":[3951,198],"product_tag":[],"class_list":{"0":"post-22239","1":"product","2":"type-product","3":"status-publish","4":"has-post-thumbnail","6":"product_cat-les-livres-cartonnes-anglais","7":"product_cat-livres-animes","9":"first","10":"instock","11":"shipping-taxable","12":"purchasable","13":"product-type-simple"},"_links":{"self":[{"href":"https:\/\/baralivres.ma\/index.php?rest_route=\/wp\/v2\/product\/22239","targetHints":{"allow":["GET"]}}],"collection":[{"href":"https:\/\/baralivres.ma\/index.php?rest_route=\/wp\/v2\/product"}],"about":[{"href":"https:\/\/baralivres.ma\/index.php?rest_route=\/wp\/v2\/types\/product"}],"replies":[{"embeddable":true,"href":"https:\/\/baralivres.ma\/index.php?rest_route=%2Fwp%2Fv2%2Fcomments&post=22239"}],"version-history":[{"count":3,"href":"https:\/\/baralivres.ma\/index.php?rest_route=\/wp\/v2\/product\/22239\/revisions"}],"predecessor-version":[{"id":22262,"href":"https:\/\/baralivres.ma\/index.php?rest_route=\/wp\/v2\/product\/22239\/revisions\/22262"}],"wp:featuredmedia":[{"embeddable":true,"href":"https:\/\/baralivres.ma\/index.php?rest_route=\/wp\/v2\/media\/22240"}],"wp:attachment":[{"href":"https:\/\/baralivres.ma\/index.php?rest_route=%2Fwp%2Fv2%2Fmedia&parent=22239"}],"wp:term":[{"taxonomy":"product_cat","embeddable":true,"href":"https:\/\/baralivres.ma\/index.php?rest_route=%2Fwp%2Fv2%2Fproduct_cat&post=22239"},{"taxonomy":"product_tag","embeddable":true,"href":"https:\/\/baralivres.ma\/index.php?rest_route=%2Fwp%2Fv2%2Fproduct_tag&post=22239"}],"curies":[{"name":"wp","href":"https:\/\/api.w.org\/{rel}","templated":true}]}}