{"id":22229,"date":"2024-11-18T13:34:22","date_gmt":"2024-11-18T12:34:22","guid":{"rendered":"https:\/\/baralivres.ma\/?post_type=product&#038;p=22229"},"modified":"2024-11-18T15:55:22","modified_gmt":"2024-11-18T14:55:22","slug":"sams-submarine","status":"publish","type":"product","link":"https:\/\/baralivres.ma\/?product=sams-submarine","title":{"rendered":"Sam\u2019s Submarine"},"content":{"rendered":"<p>Plongez dans une aventure sous-marine inoubliable avec <em>Sam\u2019s Submarine<\/em> ! Imaginez-vous \u00e0 bord d&rsquo;un sous-marin unique, explorant les profondeurs marines et d\u00e9couvrant des tr\u00e9sors cach\u00e9s. Ce produit innovant n\u2019est pas seulement un objet, mais une exp\u00e9rience qui fascine les petits et les grands. Offrez \u00e0 vos enfants un moment magique, o\u00f9 chaque plong\u00e9e r\u00e9v\u00e8le de nouvelles merveilles \u00e0 explorer. Con\u00e7u pour stimuler l\u2019imagination et la curiosit\u00e9, <em>Sam\u2019s Submarine<\/em> transforme chaque instant en une aventure palpitante. Ne manquez pas cette opportunit\u00e9 de plonger dans un univers fantastique ! Le cadeau parfait pour No\u00ebl ou un anniversaire. En plus, sa qualit\u00e9 et sa durabilit\u00e9 en font un choix parfait pour des heures de jeu. Faites de chaque moment un souvenir m\u00e9morable avec <em>Sam\u2019s Submarine<\/em>. Commandez d\u00e8s maintenant et embarquez pour l\u2019aventure !<\/p>\n","protected":false},"excerpt":{"rendered":"<p>Plongez dans une aventure inoubliable avec <em>Sam\u2019s Submarine<\/em>, un sous-marin unique qui stimule l&rsquo;imagination des enfants. Offrez-le comme cadeau et vivez des moments magiques sous l&rsquo;eau !<\/p>\n","protected":false},"featured_media":22230,"comment_status":"open","ping_status":"closed","template":"","meta":{"inline_featured_image":false},"product_cat":[3951,198],"product_tag":[],"class_list":{"0":"post-22229","1":"product","2":"type-product","3":"status-publish","4":"has-post-thumbnail","6":"product_cat-les-livres-cartonnes-anglais","7":"product_cat-livres-animes","9":"first","10":"instock","11":"shipping-taxable","12":"purchasable","13":"product-type-simple"},"_links":{"self":[{"href":"https:\/\/baralivres.ma\/index.php?rest_route=\/wp\/v2\/product\/22229","targetHints":{"allow":["GET"]}}],"collection":[{"href":"https:\/\/baralivres.ma\/index.php?rest_route=\/wp\/v2\/product"}],"about":[{"href":"https:\/\/baralivres.ma\/index.php?rest_route=\/wp\/v2\/types\/product"}],"replies":[{"embeddable":true,"href":"https:\/\/baralivres.ma\/index.php?rest_route=%2Fwp%2Fv2%2Fcomments&post=22229"}],"version-history":[{"count":1,"href":"https:\/\/baralivres.ma\/index.php?rest_route=\/wp\/v2\/product\/22229\/revisions"}],"predecessor-version":[{"id":22231,"href":"https:\/\/baralivres.ma\/index.php?rest_route=\/wp\/v2\/product\/22229\/revisions\/22231"}],"wp:featuredmedia":[{"embeddable":true,"href":"https:\/\/baralivres.ma\/index.php?rest_route=\/wp\/v2\/media\/22230"}],"wp:attachment":[{"href":"https:\/\/baralivres.ma\/index.php?rest_route=%2Fwp%2Fv2%2Fmedia&parent=22229"}],"wp:term":[{"taxonomy":"product_cat","embeddable":true,"href":"https:\/\/baralivres.ma\/index.php?rest_route=%2Fwp%2Fv2%2Fproduct_cat&post=22229"},{"taxonomy":"product_tag","embeddable":true,"href":"https:\/\/baralivres.ma\/index.php?rest_route=%2Fwp%2Fv2%2Fproduct_tag&post=22229"}],"curies":[{"name":"wp","href":"https:\/\/api.w.org\/{rel}","templated":true}]}}