{"id":22140,"date":"2024-11-13T17:14:43","date_gmt":"2024-11-13T16:14:43","guid":{"rendered":"https:\/\/baralivres.ma\/?post_type=product&#038;p=22140"},"modified":"2024-11-13T17:14:44","modified_gmt":"2024-11-13T16:14:44","slug":"discover-amazing-animals-educational-box-set","status":"publish","type":"product","link":"https:\/\/baralivres.ma\/?product=discover-amazing-animals-educational-box-set","title":{"rendered":"Discover Amazing Animals: Educational Box Set"},"content":{"rendered":"<div class=\"flex-shrink-0 flex flex-col relative items-end\">\n<div>\n<div class=\"pt-0\">\n<div class=\"gizmo-bot-avatar flex h-8 w-8 items-center justify-center overflow-hidden rounded-full\">\n<div class=\"relative p-1 rounded-sm flex items-center justify-center bg-token-main-surface-primary text-token-text-primary h-8 w-8\"><\/div>\n<\/div>\n<\/div>\n<\/div>\n<\/div>\n<div class=\"group\/conversation-turn relative flex w-full min-w-0 flex-col agent-turn\">\n<div class=\"flex-col gap-1 md:gap-3\">\n<div class=\"flex max-w-full flex-col flex-grow\">\n<div class=\"min-h-8 text-message flex w-full flex-col items-end gap-2 whitespace-normal break-words [.text-message+&amp;]:mt-5\" dir=\"auto\" data-message-author-role=\"assistant\" data-message-id=\"67aae52d-4522-4ddb-9b18-16deda423a5d\" data-message-model-slug=\"gpt-4o\">\n<div class=\"flex w-full flex-col gap-1 empty:hidden first:pt-[3px]\">\n<div class=\"markdown prose w-full break-words dark:prose-invert light\">\n<p>D\u00e9couvrez le <strong>Discover Amazing Animals: Educational Box Set<\/strong> : un coffret fascinant qui r\u00e9v\u00e8le la diversit\u00e9 et les particularit\u00e9s du r\u00e8gne animal. Avec des images color\u00e9es et des anecdotes surprenantes, il captive l\u2019attention des enfants comme des adultes. Apprenez comment les animaux s\u2019adaptent \u00e0 leur environnement, explorent de nouveaux habitats et interagissent entre eux. Ce coffret \u00e9ducatif est parfait pour enrichir les connaissances et \u00e9veiller la curiosit\u00e9 pour la faune sauvage. En cultivant l\u2019amour et le respect des animaux, il encourage \u00e9galement la protection de la biodiversit\u00e9. Id\u00e9al pour offrir ou partager, c\u2019est un voyage \u00e9ducatif passionnant \u00e0 travers le monde animal !<\/p>\n<\/div>\n<\/div>\n<\/div>\n<\/div>\n<\/div>\n<\/div>\n","protected":false},"excerpt":{"rendered":"<p>Le <strong>Discover Amazing Animals: Educational Box Set<\/strong> est un coffret captivant qui explore la diversit\u00e9 animale \u00e0 travers des images et anecdotes fascinantes. Parfait pour \u00e9veiller la curiosit\u00e9 et sensibiliser \u00e0 la protection de la faune.<\/p>\n","protected":false},"featured_media":22143,"comment_status":"open","ping_status":"closed","template":"","meta":{"inline_featured_image":false},"product_cat":[3876,201],"product_tag":[],"class_list":{"0":"post-22140","1":"product","2":"type-product","3":"status-publish","4":"has-post-thumbnail","6":"product_cat-coffret-anglais","7":"product_cat-coffret","9":"first","10":"instock","11":"shipping-taxable","12":"purchasable","13":"product-type-simple"},"_links":{"self":[{"href":"https:\/\/baralivres.ma\/index.php?rest_route=\/wp\/v2\/product\/22140","targetHints":{"allow":["GET"]}}],"collection":[{"href":"https:\/\/baralivres.ma\/index.php?rest_route=\/wp\/v2\/product"}],"about":[{"href":"https:\/\/baralivres.ma\/index.php?rest_route=\/wp\/v2\/types\/product"}],"replies":[{"embeddable":true,"href":"https:\/\/baralivres.ma\/index.php?rest_route=%2Fwp%2Fv2%2Fcomments&post=22140"}],"version-history":[{"count":1,"href":"https:\/\/baralivres.ma\/index.php?rest_route=\/wp\/v2\/product\/22140\/revisions"}],"predecessor-version":[{"id":22144,"href":"https:\/\/baralivres.ma\/index.php?rest_route=\/wp\/v2\/product\/22140\/revisions\/22144"}],"wp:featuredmedia":[{"embeddable":true,"href":"https:\/\/baralivres.ma\/index.php?rest_route=\/wp\/v2\/media\/22143"}],"wp:attachment":[{"href":"https:\/\/baralivres.ma\/index.php?rest_route=%2Fwp%2Fv2%2Fmedia&parent=22140"}],"wp:term":[{"taxonomy":"product_cat","embeddable":true,"href":"https:\/\/baralivres.ma\/index.php?rest_route=%2Fwp%2Fv2%2Fproduct_cat&post=22140"},{"taxonomy":"product_tag","embeddable":true,"href":"https:\/\/baralivres.ma\/index.php?rest_route=%2Fwp%2Fv2%2Fproduct_tag&post=22140"}],"curies":[{"name":"wp","href":"https:\/\/api.w.org\/{rel}","templated":true}]}}