{"id":22111,"date":"2024-11-12T18:10:08","date_gmt":"2024-11-12T17:10:08","guid":{"rendered":"https:\/\/baralivres.ma\/?post_type=product&#038;p=22111"},"modified":"2024-11-12T18:10:09","modified_gmt":"2024-11-12T17:10:09","slug":"wonders-of-learning-box-set-discover-planets","status":"publish","type":"product","link":"https:\/\/baralivres.ma\/?product=wonders-of-learning-box-set-discover-planets","title":{"rendered":"Wonders of Learning Box Set \u2013 Discover Planets"},"content":{"rendered":"<p><strong>D\u00e9couvrez <em>Wonders of Learning Box Set \u2013 Discover Planets<\/em> :<\/strong> Ce coffret \u00e9ducatif fascinant invite les enfants \u00e0 explorer l\u2019univers des plan\u00e8tes et \u00e0 d\u00e9couvrir les merveilles du syst\u00e8me solaire. \u00c0 travers des cartes interactives, des jeux et des informations captivantes, ils apprendront tout sur la Terre, Mars, Jupiter et bien d\u2019autres corps c\u00e9lestes. Le kit inclut des mod\u00e8les en 3D, des exp\u00e9riences simples et des activit\u00e9s qui stimulent la curiosit\u00e9 scientifique. Parfait pour les jeunes astronomes, ce coffret encourage l\u2019observation et la r\u00e9flexion tout en rendant l&rsquo;apprentissage ludique. Une mani\u00e8re amusante et \u00e9ducative de comprendre les ph\u00e9nom\u00e8nes cosmiques et de d\u00e9couvrir l\u2019espace d\u00e8s 6 ans. Un cadeau id\u00e9al pour les enfants passionn\u00e9s par les \u00e9toiles et l\u2019astronomie. Transformez leur imagination en exploration scientifique !<\/p>\n","protected":false},"excerpt":{"rendered":"<p><em>Wonders of Learning Box Set \u2013 Discover Planets<\/em> permet aux enfants d&rsquo;explorer le syst\u00e8me solaire \u00e0 travers des cartes interactives, des jeux et des mod\u00e8les en 3D. Id\u00e9al pour stimuler leur curiosit\u00e9 scientifique et leur amour de l&rsquo;astronomie d\u00e8s 6 ans.<\/p>\n","protected":false},"featured_media":22112,"comment_status":"open","ping_status":"closed","template":"","meta":{"inline_featured_image":false},"product_cat":[3876,201],"product_tag":[],"class_list":{"0":"post-22111","1":"product","2":"type-product","3":"status-publish","4":"has-post-thumbnail","6":"product_cat-coffret-anglais","7":"product_cat-coffret","9":"first","10":"instock","11":"shipping-taxable","12":"purchasable","13":"product-type-simple"},"_links":{"self":[{"href":"https:\/\/baralivres.ma\/index.php?rest_route=\/wp\/v2\/product\/22111","targetHints":{"allow":["GET"]}}],"collection":[{"href":"https:\/\/baralivres.ma\/index.php?rest_route=\/wp\/v2\/product"}],"about":[{"href":"https:\/\/baralivres.ma\/index.php?rest_route=\/wp\/v2\/types\/product"}],"replies":[{"embeddable":true,"href":"https:\/\/baralivres.ma\/index.php?rest_route=%2Fwp%2Fv2%2Fcomments&post=22111"}],"version-history":[{"count":1,"href":"https:\/\/baralivres.ma\/index.php?rest_route=\/wp\/v2\/product\/22111\/revisions"}],"predecessor-version":[{"id":22116,"href":"https:\/\/baralivres.ma\/index.php?rest_route=\/wp\/v2\/product\/22111\/revisions\/22116"}],"wp:featuredmedia":[{"embeddable":true,"href":"https:\/\/baralivres.ma\/index.php?rest_route=\/wp\/v2\/media\/22112"}],"wp:attachment":[{"href":"https:\/\/baralivres.ma\/index.php?rest_route=%2Fwp%2Fv2%2Fmedia&parent=22111"}],"wp:term":[{"taxonomy":"product_cat","embeddable":true,"href":"https:\/\/baralivres.ma\/index.php?rest_route=%2Fwp%2Fv2%2Fproduct_cat&post=22111"},{"taxonomy":"product_tag","embeddable":true,"href":"https:\/\/baralivres.ma\/index.php?rest_route=%2Fwp%2Fv2%2Fproduct_tag&post=22111"}],"curies":[{"name":"wp","href":"https:\/\/api.w.org\/{rel}","templated":true}]}}