{"id":22093,"date":"2024-11-12T17:52:13","date_gmt":"2024-11-12T16:52:13","guid":{"rendered":"https:\/\/baralivres.ma\/?post_type=product&#038;p=22093"},"modified":"2024-11-12T17:52:14","modified_gmt":"2024-11-12T16:52:14","slug":"discover-mega-structures-educational-box-set","status":"publish","type":"product","link":"https:\/\/baralivres.ma\/?product=discover-mega-structures-educational-box-set","title":{"rendered":"Discover Mega Structures &#8211; Educational Box Set"},"content":{"rendered":"<p><strong>D\u00e9couvrez <em>Discover Mega Structures &#8211; Educational Box Set<\/em><\/strong> : Ce coffret \u00e9ducatif unique permet aux enfants de d\u00e9couvrir les plus grandes et impressionnantes constructions humaines \u00e0 travers des mod\u00e8les 3D et des activit\u00e9s interactives. Ils apprendront comment des merveilles comme les gratte-ciel, les ponts suspendus et les pyramides ont \u00e9t\u00e9 con\u00e7ues et r\u00e9alis\u00e9es. Ce kit inclut des informations fascinantes sur l\u2019ing\u00e9nierie, l\u2019architecture et les technologies qui rendent ces structures possibles. Gr\u00e2ce \u00e0 des jeux pratiques et des exp\u00e9rimentations, les enfants d\u00e9velopperont leur compr\u00e9hension des principes de base du design et de la construction. Parfait pour les jeunes curieux de tout \u00e2ge, il stimule l\u2019imagination tout en favorisant l\u2019apprentissage scientifique. Ce coffret encourage la cr\u00e9ativit\u00e9 et l\u2019innovation en permettant aux enfants de recr\u00e9er leurs propres versions de ces structures monumentales. Une ressource id\u00e9ale pour les enfants d\u00e8s 6 ans, ce kit transforme chaque session d\u2019apprentissage en une exploration passionnante du monde qui nous entoure. Un cadeau incontournable pour les futurs architectes et ing\u00e9nieurs.<\/p>\n","protected":false},"excerpt":{"rendered":"<p><em>Discover Mega Structures &#8211; Educational Box Set<\/em> permet aux enfants de d\u00e9couvrir les plus grandes constructions humaines \u00e0 travers des mod\u00e8les interactifs et des activit\u00e9s ludiques. Un coffret id\u00e9al pour stimuler leur imagination et leur compr\u00e9hension de l\u2019ing\u00e9nierie d\u00e8s 6 ans.<\/p>\n","protected":false},"featured_media":22094,"comment_status":"open","ping_status":"closed","template":"","meta":{"inline_featured_image":false},"product_cat":[3876,201],"product_tag":[],"class_list":{"0":"post-22093","1":"product","2":"type-product","3":"status-publish","4":"has-post-thumbnail","6":"product_cat-coffret-anglais","7":"product_cat-coffret","9":"first","10":"instock","11":"shipping-taxable","12":"purchasable","13":"product-type-simple"},"_links":{"self":[{"href":"https:\/\/baralivres.ma\/index.php?rest_route=\/wp\/v2\/product\/22093","targetHints":{"allow":["GET"]}}],"collection":[{"href":"https:\/\/baralivres.ma\/index.php?rest_route=\/wp\/v2\/product"}],"about":[{"href":"https:\/\/baralivres.ma\/index.php?rest_route=\/wp\/v2\/types\/product"}],"replies":[{"embeddable":true,"href":"https:\/\/baralivres.ma\/index.php?rest_route=%2Fwp%2Fv2%2Fcomments&post=22093"}],"version-history":[{"count":1,"href":"https:\/\/baralivres.ma\/index.php?rest_route=\/wp\/v2\/product\/22093\/revisions"}],"predecessor-version":[{"id":22098,"href":"https:\/\/baralivres.ma\/index.php?rest_route=\/wp\/v2\/product\/22093\/revisions\/22098"}],"wp:featuredmedia":[{"embeddable":true,"href":"https:\/\/baralivres.ma\/index.php?rest_route=\/wp\/v2\/media\/22094"}],"wp:attachment":[{"href":"https:\/\/baralivres.ma\/index.php?rest_route=%2Fwp%2Fv2%2Fmedia&parent=22093"}],"wp:term":[{"taxonomy":"product_cat","embeddable":true,"href":"https:\/\/baralivres.ma\/index.php?rest_route=%2Fwp%2Fv2%2Fproduct_cat&post=22093"},{"taxonomy":"product_tag","embeddable":true,"href":"https:\/\/baralivres.ma\/index.php?rest_route=%2Fwp%2Fv2%2Fproduct_tag&post=22093"}],"curies":[{"name":"wp","href":"https:\/\/api.w.org\/{rel}","templated":true}]}}