{"id":22046,"date":"2024-11-08T18:15:49","date_gmt":"2024-11-08T17:15:49","guid":{"rendered":"https:\/\/baralivres.ma\/?post_type=product&#038;p=22046"},"modified":"2024-11-08T18:15:50","modified_gmt":"2024-11-08T17:15:50","slug":"discover-science-magnetic-racer-box","status":"publish","type":"product","link":"https:\/\/baralivres.ma\/?product=discover-science-magnetic-racer-box","title":{"rendered":"DISCOVER SCIENCE MAGNETIC RACER BOX"},"content":{"rendered":"<p><strong>Discover Science Magnetic Racer Box<\/strong> est un kit \u00e9ducatif passionnant qui permet aux enfants de construire leur propre voiture magn\u00e9tique et d&rsquo;explorer les principes de la physique. Avec des pi\u00e8ces faciles \u00e0 assembler, ce jeu stimule la cr\u00e9ativit\u00e9 et l&rsquo;apprentissage tout en offrant une exp\u00e9rience interactive. Les enfants d\u00e9couvriront comment la force magn\u00e9tique peut \u00eatre utilis\u00e9e pour faire avancer la voiture, tout en apprenant les bases du mouvement et des forces. Ce kit est id\u00e9al pour les jeunes curieux de science et de technologie, leur offrant une introduction pratique aux concepts scientifiques. Inclus dans la bo\u00eete, des aimants puissants et des composants pour personnaliser la voiture. Parfait pour d\u00e9velopper des comp\u00e9tences en r\u00e9solution de probl\u00e8mes et en ing\u00e9nierie de mani\u00e8re ludique. Le kit est con\u00e7u pour \u00eatre s\u00fbr et amusant, encourageant l&rsquo;exp\u00e9rimentation et la d\u00e9couverte. Une activit\u00e9 id\u00e9ale pour les familles, les \u00e9coles ou pour offrir \u00e0 un jeune passionn\u00e9 de science !<\/p>\n","protected":false},"excerpt":{"rendered":"<p><strong>Discover Science Magnetic Racer Box<\/strong> est un kit \u00e9ducatif permettant aux enfants de construire une voiture magn\u00e9tique et d&rsquo;explorer les principes de la physique. Un jeu interactif et cr\u00e9atif qui stimule l&rsquo;apprentissage des forces et du mouvement de mani\u00e8re ludique.<\/p>\n","protected":false},"featured_media":22047,"comment_status":"open","ping_status":"closed","template":"","meta":{"inline_featured_image":false},"product_cat":[3876,201],"product_tag":[],"class_list":{"0":"post-22046","1":"product","2":"type-product","3":"status-publish","4":"has-post-thumbnail","6":"product_cat-coffret-anglais","7":"product_cat-coffret","9":"first","10":"instock","11":"shipping-taxable","12":"purchasable","13":"product-type-simple"},"_links":{"self":[{"href":"https:\/\/baralivres.ma\/index.php?rest_route=\/wp\/v2\/product\/22046","targetHints":{"allow":["GET"]}}],"collection":[{"href":"https:\/\/baralivres.ma\/index.php?rest_route=\/wp\/v2\/product"}],"about":[{"href":"https:\/\/baralivres.ma\/index.php?rest_route=\/wp\/v2\/types\/product"}],"replies":[{"embeddable":true,"href":"https:\/\/baralivres.ma\/index.php?rest_route=%2Fwp%2Fv2%2Fcomments&post=22046"}],"version-history":[{"count":1,"href":"https:\/\/baralivres.ma\/index.php?rest_route=\/wp\/v2\/product\/22046\/revisions"}],"predecessor-version":[{"id":22048,"href":"https:\/\/baralivres.ma\/index.php?rest_route=\/wp\/v2\/product\/22046\/revisions\/22048"}],"wp:featuredmedia":[{"embeddable":true,"href":"https:\/\/baralivres.ma\/index.php?rest_route=\/wp\/v2\/media\/22047"}],"wp:attachment":[{"href":"https:\/\/baralivres.ma\/index.php?rest_route=%2Fwp%2Fv2%2Fmedia&parent=22046"}],"wp:term":[{"taxonomy":"product_cat","embeddable":true,"href":"https:\/\/baralivres.ma\/index.php?rest_route=%2Fwp%2Fv2%2Fproduct_cat&post=22046"},{"taxonomy":"product_tag","embeddable":true,"href":"https:\/\/baralivres.ma\/index.php?rest_route=%2Fwp%2Fv2%2Fproduct_tag&post=22046"}],"curies":[{"name":"wp","href":"https:\/\/api.w.org\/{rel}","templated":true}]}}