{"id":22042,"date":"2024-11-08T18:09:36","date_gmt":"2024-11-08T17:09:36","guid":{"rendered":"https:\/\/baralivres.ma\/?post_type=product&#038;p=22042"},"modified":"2024-11-08T18:09:36","modified_gmt":"2024-11-08T17:09:36","slug":"discover-science-educational-jigsaw","status":"publish","type":"product","link":"https:\/\/baralivres.ma\/?product=discover-science-educational-jigsaw","title":{"rendered":"DISCOVER SCIENCE EDUCATIONAL JIGSAW"},"content":{"rendered":"<p><strong>Discover Science Educational Jigsaw<\/strong> est un puzzle \u00e9ducatif de 100 pi\u00e8ces qui offre une fa\u00e7on amusante d&rsquo;explorer la science tout en se d\u00e9tendant. Ce puzzle unique pr\u00e9sente le tableau p\u00e9riodique des \u00e9l\u00e9ments, permettant aux enfants et aux adultes de se familiariser avec les \u00e9l\u00e9ments chimiques d&rsquo;une mani\u00e8re interactive. Parfait pour les passionn\u00e9s de sciences, il combine amusement et apprentissage. Chaque pi\u00e8ce est con\u00e7ue pour \u00eatre facile \u00e0 manipuler, rendant l\u2019exp\u00e9rience agr\u00e9able et accessible. Ce puzzle stimule la curiosit\u00e9 scientifique et encourage l\u2019exploration des \u00e9l\u00e9ments qui composent notre monde. Il est emball\u00e9 dans une bo\u00eete cube pratique, id\u00e9ale pour les d\u00e9placements. Une activit\u00e9 parfaite pour les moments de d\u00e9tente \u00e0 la maison ou en voyage. Offrez-le \u00e0 vos enfants ou \u00e0 vos amis pour qu&rsquo;ils d\u00e9couvrent les bases de la chimie tout en s&rsquo;amusant !<\/p>\n","protected":false},"excerpt":{"rendered":"<p><strong>Discover Science Educational Jigsaw<\/strong> est un puzzle de 100 pi\u00e8ces pr\u00e9sentant le tableau p\u00e9riodique des \u00e9l\u00e9ments, parfait pour apprendre la chimie de mani\u00e8re ludique. Compact et pratique, il est id\u00e9al pour les voyages et les moments de d\u00e9tente.<\/p>\n","protected":false},"featured_media":22043,"comment_status":"open","ping_status":"closed","template":"","meta":{"inline_featured_image":false},"product_cat":[3876,201],"product_tag":[],"class_list":{"0":"post-22042","1":"product","2":"type-product","3":"status-publish","4":"has-post-thumbnail","6":"product_cat-coffret-anglais","7":"product_cat-coffret","9":"first","10":"instock","11":"shipping-taxable","12":"purchasable","13":"product-type-simple"},"_links":{"self":[{"href":"https:\/\/baralivres.ma\/index.php?rest_route=\/wp\/v2\/product\/22042","targetHints":{"allow":["GET"]}}],"collection":[{"href":"https:\/\/baralivres.ma\/index.php?rest_route=\/wp\/v2\/product"}],"about":[{"href":"https:\/\/baralivres.ma\/index.php?rest_route=\/wp\/v2\/types\/product"}],"replies":[{"embeddable":true,"href":"https:\/\/baralivres.ma\/index.php?rest_route=%2Fwp%2Fv2%2Fcomments&post=22042"}],"version-history":[{"count":1,"href":"https:\/\/baralivres.ma\/index.php?rest_route=\/wp\/v2\/product\/22042\/revisions"}],"predecessor-version":[{"id":22045,"href":"https:\/\/baralivres.ma\/index.php?rest_route=\/wp\/v2\/product\/22042\/revisions\/22045"}],"wp:featuredmedia":[{"embeddable":true,"href":"https:\/\/baralivres.ma\/index.php?rest_route=\/wp\/v2\/media\/22043"}],"wp:attachment":[{"href":"https:\/\/baralivres.ma\/index.php?rest_route=%2Fwp%2Fv2%2Fmedia&parent=22042"}],"wp:term":[{"taxonomy":"product_cat","embeddable":true,"href":"https:\/\/baralivres.ma\/index.php?rest_route=%2Fwp%2Fv2%2Fproduct_cat&post=22042"},{"taxonomy":"product_tag","embeddable":true,"href":"https:\/\/baralivres.ma\/index.php?rest_route=%2Fwp%2Fv2%2Fproduct_tag&post=22042"}],"curies":[{"name":"wp","href":"https:\/\/api.w.org\/{rel}","templated":true}]}}