{"id":22039,"date":"2024-11-08T18:01:51","date_gmt":"2024-11-08T17:01:51","guid":{"rendered":"https:\/\/baralivres.ma\/?post_type=product&#038;p=22039"},"modified":"2024-11-08T18:01:51","modified_gmt":"2024-11-08T17:01:51","slug":"physics-an-introduction-to-science-500-fantastic-facts","status":"publish","type":"product","link":"https:\/\/baralivres.ma\/?product=physics-an-introduction-to-science-500-fantastic-facts","title":{"rendered":"Physics: An Introduction to Science (500 Fantastic Facts)"},"content":{"rendered":"<p>D\u00e9couvrez <strong>Physics: An Introduction to Science (500 Fantastic Facts)<\/strong>, un guide fascinant qui vous plonge dans l&rsquo;univers de la physique \u00e0 travers 500 faits \u00e9tonnants ! Explorez les lois fondamentales de l&rsquo;univers, des forces invisibles aux ph\u00e9nom\u00e8nes naturels qui fa\u00e7onnent notre quotidien. Gr\u00e2ce \u00e0 des illustrations vivantes et des explications simples, ce livre rend la physique accessible et captivante pour tous. Parfait pour les jeunes curieux et les passionn\u00e9s de sciences, il aborde des sujets comme la gravit\u00e9, l&rsquo;\u00e9lectricit\u00e9, les \u00e9nergies renouvelables et bien plus encore. Chaque fait est con\u00e7u pour \u00e9veiller l&rsquo;int\u00e9r\u00eat et encourager l&rsquo;apprentissage. Ce guide est id\u00e9al pour les \u00e9tudiants, les enseignants et les familles \u00e0 la recherche de d\u00e9couvertes scientifiques. Une ressource incontournable pour mieux comprendre les forces invisibles qui r\u00e9gissent notre monde. Offrez-le \u00e0 vos enfants pour leur permettre de s&rsquo;\u00e9merveiller devant les myst\u00e8res de la physique !<\/p>\n","protected":false},"excerpt":{"rendered":"<div class=\"flex-shrink-0 flex flex-col relative items-end\">\n<div>\n<div class=\"pt-0\">\n<div class=\"gizmo-bot-avatar flex h-8 w-8 items-center justify-center overflow-hidden rounded-full\">\n<div class=\"relative p-1 rounded-sm flex items-center justify-center bg-token-main-surface-primary text-token-text-primary h-8 w-8\"><\/div>\n<\/div>\n<\/div>\n<\/div>\n<\/div>\n<div class=\"group\/conversation-turn relative flex w-full min-w-0 flex-col agent-turn\">\n<div class=\"flex-col gap-1 md:gap-3\">\n<div class=\"flex max-w-full flex-col flex-grow\">\n<div class=\"min-h-8 text-message flex w-full flex-col items-end gap-2 whitespace-normal break-words [.text-message+&amp;]:mt-5\" dir=\"auto\" data-message-author-role=\"assistant\" data-message-id=\"15a4eb00-cf40-488c-97dd-287fe97e29e1\" data-message-model-slug=\"gpt-4o-mini\">\n<div class=\"flex w-full flex-col gap-1 empty:hidden first:pt-[3px]\">\n<div class=\"markdown prose w-full break-words dark:prose-invert light\">\n<p><strong>Physics: An Introduction to Science (500 Fantastic Facts)<\/strong> explore la physique \u00e0 travers 500 faits fascinants sur les forces, l&rsquo;\u00e9nergie et les ph\u00e9nom\u00e8nes naturels. Un guide \u00e9ducatif et captivant, id\u00e9al pour \u00e9veiller la curiosit\u00e9 des jeunes esprits et des passionn\u00e9s de sciences.<\/p>\n<\/div>\n<\/div>\n<\/div>\n<\/div>\n<\/div>\n<\/div>\n","protected":false},"featured_media":22040,"comment_status":"open","ping_status":"closed","template":"","meta":{"inline_featured_image":false},"product_cat":[3899,3706],"product_tag":[],"class_list":{"0":"post-22039","1":"product","2":"type-product","3":"status-publish","4":"has-post-thumbnail","6":"product_cat-encyclopedies_anglais","7":"product_cat-encyclopedie-2","9":"first","10":"instock","11":"shipping-taxable","12":"purchasable","13":"product-type-simple"},"_links":{"self":[{"href":"https:\/\/baralivres.ma\/index.php?rest_route=\/wp\/v2\/product\/22039","targetHints":{"allow":["GET"]}}],"collection":[{"href":"https:\/\/baralivres.ma\/index.php?rest_route=\/wp\/v2\/product"}],"about":[{"href":"https:\/\/baralivres.ma\/index.php?rest_route=\/wp\/v2\/types\/product"}],"replies":[{"embeddable":true,"href":"https:\/\/baralivres.ma\/index.php?rest_route=%2Fwp%2Fv2%2Fcomments&post=22039"}],"version-history":[{"count":1,"href":"https:\/\/baralivres.ma\/index.php?rest_route=\/wp\/v2\/product\/22039\/revisions"}],"predecessor-version":[{"id":22041,"href":"https:\/\/baralivres.ma\/index.php?rest_route=\/wp\/v2\/product\/22039\/revisions\/22041"}],"wp:featuredmedia":[{"embeddable":true,"href":"https:\/\/baralivres.ma\/index.php?rest_route=\/wp\/v2\/media\/22040"}],"wp:attachment":[{"href":"https:\/\/baralivres.ma\/index.php?rest_route=%2Fwp%2Fv2%2Fmedia&parent=22039"}],"wp:term":[{"taxonomy":"product_cat","embeddable":true,"href":"https:\/\/baralivres.ma\/index.php?rest_route=%2Fwp%2Fv2%2Fproduct_cat&post=22039"},{"taxonomy":"product_tag","embeddable":true,"href":"https:\/\/baralivres.ma\/index.php?rest_route=%2Fwp%2Fv2%2Fproduct_tag&post=22039"}],"curies":[{"name":"wp","href":"https:\/\/api.w.org\/{rel}","templated":true}]}}