{"id":22024,"date":"2024-11-08T17:37:47","date_gmt":"2024-11-08T16:37:47","guid":{"rendered":"https:\/\/baralivres.ma\/?post_type=product&#038;p=22024"},"modified":"2024-11-08T17:37:47","modified_gmt":"2024-11-08T16:37:47","slug":"discover-computers-coding-a-guide-to-programmable-electronic-devices-hardcove","status":"publish","type":"product","link":"https:\/\/baralivres.ma\/?product=discover-computers-coding-a-guide-to-programmable-electronic-devices-hardcove","title":{"rendered":"Discover Computers &#038; Coding: A Guide to Programmable Electronic Devices Hardcove"},"content":{"rendered":"<p>D\u00e9couvrez <strong>Discover Computers &amp; Coding: A Guide to Programmable Electronic Devices<\/strong> dans cette \u00e9dition reli\u00e9e, un ouvrage essentiel pour comprendre le monde des ordinateurs et de la programmation. Apprenez comment fonctionnent les dispositifs \u00e9lectroniques programmables et explorez les bases du codage. Avec des explications simples et des exemples concrets, ce livre guide les lecteurs \u00e0 travers les principes fondamentaux de la technologie moderne. Des chapitres interactifs permettent de d\u00e9couvrir les langages de programmation, les algorithmes et la logique derri\u00e8re le code. Id\u00e9al pour les d\u00e9butants, ce guide encourage les jeunes \u00e0 d\u00e9velopper des comp\u00e9tences en informatique. Un outil parfait pour les \u00e9tudiants, les enseignants et les passionn\u00e9s de technologie. Il offre un aper\u00e7u pratique du r\u00f4le des ordinateurs dans notre quotidien. Ce livre inspire \u00e0 se lancer dans le monde passionnant de la programmation. Un incontournable pour toute personne int\u00e9ress\u00e9e par les technologies du futur.<\/p>\n","protected":false},"excerpt":{"rendered":"<p><strong>Discover Computers &amp; Coding: A Guide to Programmable Electronic Devices<\/strong> est un guide interactif pour comprendre les ordinateurs et la programmation. Avec des explications simples et des exemples pratiques, il initie les jeunes esprits aux bases du codage et des dispositifs \u00e9lectroniques.<\/p>\n","protected":false},"featured_media":22025,"comment_status":"open","ping_status":"closed","template":"","meta":{"inline_featured_image":false},"product_cat":[3899,3706],"product_tag":[],"class_list":{"0":"post-22024","1":"product","2":"type-product","3":"status-publish","4":"has-post-thumbnail","6":"product_cat-encyclopedies_anglais","7":"product_cat-encyclopedie-2","9":"first","10":"instock","11":"shipping-taxable","12":"purchasable","13":"product-type-simple"},"_links":{"self":[{"href":"https:\/\/baralivres.ma\/index.php?rest_route=\/wp\/v2\/product\/22024","targetHints":{"allow":["GET"]}}],"collection":[{"href":"https:\/\/baralivres.ma\/index.php?rest_route=\/wp\/v2\/product"}],"about":[{"href":"https:\/\/baralivres.ma\/index.php?rest_route=\/wp\/v2\/types\/product"}],"replies":[{"embeddable":true,"href":"https:\/\/baralivres.ma\/index.php?rest_route=%2Fwp%2Fv2%2Fcomments&post=22024"}],"version-history":[{"count":1,"href":"https:\/\/baralivres.ma\/index.php?rest_route=\/wp\/v2\/product\/22024\/revisions"}],"predecessor-version":[{"id":22026,"href":"https:\/\/baralivres.ma\/index.php?rest_route=\/wp\/v2\/product\/22024\/revisions\/22026"}],"wp:featuredmedia":[{"embeddable":true,"href":"https:\/\/baralivres.ma\/index.php?rest_route=\/wp\/v2\/media\/22025"}],"wp:attachment":[{"href":"https:\/\/baralivres.ma\/index.php?rest_route=%2Fwp%2Fv2%2Fmedia&parent=22024"}],"wp:term":[{"taxonomy":"product_cat","embeddable":true,"href":"https:\/\/baralivres.ma\/index.php?rest_route=%2Fwp%2Fv2%2Fproduct_cat&post=22024"},{"taxonomy":"product_tag","embeddable":true,"href":"https:\/\/baralivres.ma\/index.php?rest_route=%2Fwp%2Fv2%2Fproduct_tag&post=22024"}],"curies":[{"name":"wp","href":"https:\/\/api.w.org\/{rel}","templated":true}]}}