{"id":21991,"date":"2024-11-04T18:16:40","date_gmt":"2024-11-04T17:16:40","guid":{"rendered":"https:\/\/baralivres.ma\/?post_type=product&#038;p=21991"},"modified":"2024-11-04T18:16:40","modified_gmt":"2024-11-04T17:16:40","slug":"discover-electricity-and-magnetism","status":"publish","type":"product","link":"https:\/\/baralivres.ma\/?product=discover-electricity-and-magnetism","title":{"rendered":"Discover Electricity and Magnetism"},"content":{"rendered":"<p>Plongez dans <em>Discover Electricity and Magnetism<\/em>, un livre fascinant qui r\u00e9v\u00e8le les myst\u00e8res de l&rsquo;\u00e9lectricit\u00e9 et du magn\u00e9tisme ! \u00c0 travers des illustrations dynamiques et des exp\u00e9riences simples, ce guide accessible permet aux jeunes lecteurs de comprendre les principes fondamentaux qui r\u00e9gissent ces ph\u00e9nom\u00e8nes scientifiques. Chaque chapitre explore des concepts cl\u00e9s, des circuits \u00e9lectriques aux champs magn\u00e9tiques, en stimulant l&rsquo;int\u00e9r\u00eat des enfants pour la science. Parfait pour les petits curieux, ce livre encourage l&rsquo;exp\u00e9rimentation et l&rsquo;apprentissage pratique. Une aventure \u00e9ducative incontournable pour initier les enfants aux merveilles de l&rsquo;\u00e9lectricit\u00e9 et du magn\u00e9tisme !<\/p>\n","protected":false},"excerpt":{"rendered":"<p><em>Discover Electricity and Magnetism<\/em> est un livre \u00e9ducatif captivant qui explore les principes de l&rsquo;\u00e9lectricit\u00e9 et du magn\u00e9tisme \u00e0 travers des illustrations et des exp\u00e9riences simples. Con\u00e7u pour \u00e9veiller la curiosit\u00e9 des enfants, il encourage l&rsquo;exp\u00e9rimentation et l&rsquo;apprentissage pratique des concepts scientifiques fondamentaux.<\/p>\n","protected":false},"featured_media":21992,"comment_status":"open","ping_status":"closed","template":"","meta":{"inline_featured_image":false},"product_cat":[3899,3706],"product_tag":[],"class_list":{"0":"post-21991","1":"product","2":"type-product","3":"status-publish","4":"has-post-thumbnail","6":"product_cat-encyclopedies_anglais","7":"product_cat-encyclopedie-2","9":"first","10":"instock","11":"shipping-taxable","12":"purchasable","13":"product-type-simple"},"_links":{"self":[{"href":"https:\/\/baralivres.ma\/index.php?rest_route=\/wp\/v2\/product\/21991","targetHints":{"allow":["GET"]}}],"collection":[{"href":"https:\/\/baralivres.ma\/index.php?rest_route=\/wp\/v2\/product"}],"about":[{"href":"https:\/\/baralivres.ma\/index.php?rest_route=\/wp\/v2\/types\/product"}],"replies":[{"embeddable":true,"href":"https:\/\/baralivres.ma\/index.php?rest_route=%2Fwp%2Fv2%2Fcomments&post=21991"}],"version-history":[{"count":1,"href":"https:\/\/baralivres.ma\/index.php?rest_route=\/wp\/v2\/product\/21991\/revisions"}],"predecessor-version":[{"id":21993,"href":"https:\/\/baralivres.ma\/index.php?rest_route=\/wp\/v2\/product\/21991\/revisions\/21993"}],"wp:featuredmedia":[{"embeddable":true,"href":"https:\/\/baralivres.ma\/index.php?rest_route=\/wp\/v2\/media\/21992"}],"wp:attachment":[{"href":"https:\/\/baralivres.ma\/index.php?rest_route=%2Fwp%2Fv2%2Fmedia&parent=21991"}],"wp:term":[{"taxonomy":"product_cat","embeddable":true,"href":"https:\/\/baralivres.ma\/index.php?rest_route=%2Fwp%2Fv2%2Fproduct_cat&post=21991"},{"taxonomy":"product_tag","embeddable":true,"href":"https:\/\/baralivres.ma\/index.php?rest_route=%2Fwp%2Fv2%2Fproduct_tag&post=21991"}],"curies":[{"name":"wp","href":"https:\/\/api.w.org\/{rel}","templated":true}]}}