{"id":21976,"date":"2024-11-04T17:53:28","date_gmt":"2024-11-04T16:53:28","guid":{"rendered":"https:\/\/baralivres.ma\/?post_type=product&#038;p=21976"},"modified":"2024-11-04T17:53:29","modified_gmt":"2024-11-04T16:53:29","slug":"larabe-du-futur-tome-5","status":"publish","type":"product","link":"https:\/\/baralivres.ma\/?product=larabe-du-futur-tome-5","title":{"rendered":"L&rsquo;Arabe du futur Tome 5"},"content":{"rendered":"<p>Dans <em>L&rsquo;Arabe du futur Tome 5<\/em>, Riad Sattouf poursuit son incroyable autobiographie, offrant un regard intime et dr\u00f4le sur son adolescence entre la Syrie et la Bretagne. Ce cinqui\u00e8me volume explore ses ann\u00e9es de qu\u00eate identitaire, marqu\u00e9es par les tensions familiales, les diff\u00e9rences culturelles et l&rsquo;influence de ses origines m\u00eal\u00e9es. Sattouf nous fait d\u00e9couvrir sa vision du monde \u00e0 travers des anecdotes touchantes et souvent cocasses, alors qu&rsquo;il cherche \u00e0 se faire une place entre deux cultures radicalement oppos\u00e9es. La d\u00e9couverte de l&rsquo;amiti\u00e9, les premiers \u00e9mois, et les dilemmes de loyaut\u00e9 familiale rendent ce r\u00e9cit particuli\u00e8rement vivant et universel. Avec son style unique, Riad Sattouf livre ici un tome \u00e0 la fois poignant et captivant, qui vous emporte dans un voyage fascinant au c\u0153ur de l\u2019adolescence et des chocs culturels.<\/p>\n","protected":false},"excerpt":{"rendered":"<p>Dans <em>L&rsquo;Arabe du futur Tome 5<\/em>, Riad Sattouf poursuit son autobiographie, explorant son adolescence partag\u00e9e entre la Syrie, la Bretagne et les conflits familiaux. Entre qu\u00eate identitaire et d\u00e9couverte des diff\u00e9rences culturelles, ce volume d\u00e9voile avec sensibilit\u00e9 et humour les d\u00e9fis de sa jeunesse tiraill\u00e9e entre deux mondes.<\/p>\n","protected":false},"featured_media":21977,"comment_status":"open","ping_status":"closed","template":"","meta":{"inline_featured_image":false},"product_cat":[3934,206],"product_tag":[],"class_list":{"0":"post-21976","1":"product","2":"type-product","3":"status-publish","4":"has-post-thumbnail","6":"product_cat-larabe-du-future","7":"product_cat-enfant-adolescente-francais-enfant-adolescente","8":"pa_auteurs-riad-sattouf","10":"first","11":"instock","12":"shipping-taxable","13":"purchasable","14":"product-type-simple"},"_links":{"self":[{"href":"https:\/\/baralivres.ma\/index.php?rest_route=\/wp\/v2\/product\/21976","targetHints":{"allow":["GET"]}}],"collection":[{"href":"https:\/\/baralivres.ma\/index.php?rest_route=\/wp\/v2\/product"}],"about":[{"href":"https:\/\/baralivres.ma\/index.php?rest_route=\/wp\/v2\/types\/product"}],"replies":[{"embeddable":true,"href":"https:\/\/baralivres.ma\/index.php?rest_route=%2Fwp%2Fv2%2Fcomments&post=21976"}],"version-history":[{"count":1,"href":"https:\/\/baralivres.ma\/index.php?rest_route=\/wp\/v2\/product\/21976\/revisions"}],"predecessor-version":[{"id":21978,"href":"https:\/\/baralivres.ma\/index.php?rest_route=\/wp\/v2\/product\/21976\/revisions\/21978"}],"wp:featuredmedia":[{"embeddable":true,"href":"https:\/\/baralivres.ma\/index.php?rest_route=\/wp\/v2\/media\/21977"}],"wp:attachment":[{"href":"https:\/\/baralivres.ma\/index.php?rest_route=%2Fwp%2Fv2%2Fmedia&parent=21976"}],"wp:term":[{"taxonomy":"product_cat","embeddable":true,"href":"https:\/\/baralivres.ma\/index.php?rest_route=%2Fwp%2Fv2%2Fproduct_cat&post=21976"},{"taxonomy":"product_tag","embeddable":true,"href":"https:\/\/baralivres.ma\/index.php?rest_route=%2Fwp%2Fv2%2Fproduct_tag&post=21976"}],"curies":[{"name":"wp","href":"https:\/\/api.w.org\/{rel}","templated":true}]}}