{"id":21957,"date":"2024-10-31T18:23:42","date_gmt":"2024-10-31T17:23:42","guid":{"rendered":"https:\/\/baralivres.ma\/?post_type=product&#038;p=21957"},"modified":"2024-10-31T18:23:42","modified_gmt":"2024-10-31T17:23:42","slug":"wonders-of-learning-discover-endangered-animals","status":"publish","type":"product","link":"https:\/\/baralivres.ma\/?product=wonders-of-learning-discover-endangered-animals","title":{"rendered":"Wonders of Learning &#8211; Discover Endangered Animals"},"content":{"rendered":"<p><strong>\u00ab\u00a0Wonders of Learning &#8211; Discover Endangered Animals\u00a0\u00bb est un livre fascinant qui invite les jeunes lecteurs \u00e0 explorer le monde des esp\u00e8ces menac\u00e9es.<\/strong> \u00c0 travers des illustrations captivantes et des informations \u00e9ducatives, ce livre met en lumi\u00e8re les animaux en danger et les d\u00e9fis auxquels ils sont confront\u00e9s.<\/p>\n<p>Les enfants d\u00e9couvriront les raisons de la disparition de certaines esp\u00e8ces, ainsi que les efforts de conservation en cours pour les prot\u00e9ger. Chaque chapitre pr\u00e9sente des faits int\u00e9ressants et des anecdotes qui \u00e9veillent l&#8217;empathie et la curiosit\u00e9.<\/p>\n<p>Ce livre encourage \u00e9galement les jeunes \u00e0 s&rsquo;engager dans la protection de la faune et \u00e0 devenir des d\u00e9fenseurs de l&rsquo;environnement. \u00ab\u00a0Discover Endangered Animals\u00a0\u00bb est une ressource pr\u00e9cieuse pour sensibiliser les enfants \u00e0 l&rsquo;importance de la biodiversit\u00e9 et de la conservation. Offrez-leur l&rsquo;occasion de comprendre et d&rsquo;appr\u00e9cier la beaut\u00e9 des animaux menac\u00e9s<\/p>\n","protected":false},"excerpt":{"rendered":"<p>\u00ab\u00a0Wonders of Learning &#8211; Discover Endangered Animals\u00a0\u00bb pr\u00e9sente aux jeunes lecteurs les esp\u00e8ces menac\u00e9es \u00e0 travers des illustrations captivantes et des informations \u00e9ducatives. Ce livre encourage l&#8217;empathie et l&rsquo;engagement pour la conservation, sensibilisant les enfants \u00e0 l&rsquo;importance de prot\u00e9ger la biodiversit\u00e9.<\/p>\n","protected":false},"featured_media":21958,"comment_status":"open","ping_status":"closed","template":"","meta":{"inline_featured_image":false},"product_cat":[3899,3706],"product_tag":[],"class_list":{"0":"post-21957","1":"product","2":"type-product","3":"status-publish","4":"has-post-thumbnail","6":"product_cat-encyclopedies_anglais","7":"product_cat-encyclopedie-2","9":"first","10":"instock","11":"shipping-taxable","12":"purchasable","13":"product-type-simple"},"_links":{"self":[{"href":"https:\/\/baralivres.ma\/index.php?rest_route=\/wp\/v2\/product\/21957","targetHints":{"allow":["GET"]}}],"collection":[{"href":"https:\/\/baralivres.ma\/index.php?rest_route=\/wp\/v2\/product"}],"about":[{"href":"https:\/\/baralivres.ma\/index.php?rest_route=\/wp\/v2\/types\/product"}],"replies":[{"embeddable":true,"href":"https:\/\/baralivres.ma\/index.php?rest_route=%2Fwp%2Fv2%2Fcomments&post=21957"}],"version-history":[{"count":1,"href":"https:\/\/baralivres.ma\/index.php?rest_route=\/wp\/v2\/product\/21957\/revisions"}],"predecessor-version":[{"id":21959,"href":"https:\/\/baralivres.ma\/index.php?rest_route=\/wp\/v2\/product\/21957\/revisions\/21959"}],"wp:featuredmedia":[{"embeddable":true,"href":"https:\/\/baralivres.ma\/index.php?rest_route=\/wp\/v2\/media\/21958"}],"wp:attachment":[{"href":"https:\/\/baralivres.ma\/index.php?rest_route=%2Fwp%2Fv2%2Fmedia&parent=21957"}],"wp:term":[{"taxonomy":"product_cat","embeddable":true,"href":"https:\/\/baralivres.ma\/index.php?rest_route=%2Fwp%2Fv2%2Fproduct_cat&post=21957"},{"taxonomy":"product_tag","embeddable":true,"href":"https:\/\/baralivres.ma\/index.php?rest_route=%2Fwp%2Fv2%2Fproduct_tag&post=21957"}],"curies":[{"name":"wp","href":"https:\/\/api.w.org\/{rel}","templated":true}]}}