{"id":21952,"date":"2024-10-31T18:19:31","date_gmt":"2024-10-31T17:19:31","guid":{"rendered":"https:\/\/baralivres.ma\/?post_type=product&#038;p=21952"},"modified":"2024-10-31T18:19:32","modified_gmt":"2024-10-31T17:19:32","slug":"saving-planet-earth-a-guide-to-protecting-our-planet","status":"publish","type":"product","link":"https:\/\/baralivres.ma\/?product=saving-planet-earth-a-guide-to-protecting-our-planet","title":{"rendered":"Saving Planet Earth : A Guide to Protecting Our Planet"},"content":{"rendered":"<p><strong>D\u00e9couvrez \u00ab\u00a0Saving Planet Earth: A Guide to Protecting Our Planet\u00a0\u00bb, un livre engageant qui sensibilise les jeunes lecteurs aux d\u00e9fis environnementaux.<\/strong> \u00c0 travers des illustrations vibrantes et des informations accessibles, ce guide explore des sujets cruciaux tels que la biodiversit\u00e9, le changement climatique et la pollution.<\/p>\n<p>Les enfants apprendront des actions simples et efficaces qu&rsquo;ils peuvent entreprendre pour prot\u00e9ger notre plan\u00e8te, comme r\u00e9duire les d\u00e9chets, \u00e9conomiser l&rsquo;eau et soutenir la conservation de la nature. Chaque chapitre encourage l&rsquo;initiative personnelle et met en avant des h\u00e9ros \u00e9cologiques inspirants.<\/p>\n<p>Ce livre est non seulement \u00e9ducatif, mais aussi motivant, incitant les jeunes \u00e0 devenir des d\u00e9fenseurs actifs de l&rsquo;environnement. \u00ab\u00a0Saving Planet Earth\u00a0\u00bb est une ressource incontournable pour toute famille d\u00e9sireuse d&rsquo;\u00e9veiller la conscience \u00e9cologique de ses enfants. Offrez-leur la chance de participer \u00e0 un avenir plus durable<\/p>\n","protected":false},"excerpt":{"rendered":"<p>\u00ab\u00a0Saving Planet Earth: A Guide to Protecting Our Planet\u00a0\u00bb sensibilise les jeunes lecteurs aux enjeux environnementaux \u00e0 travers des informations accessibles et des actions concr\u00e8tes \u00e0 entreprendre. Ce guide inspirant encourage les enfants \u00e0 devenir des d\u00e9fenseurs actifs de la plan\u00e8te en adoptant des pratiques durables et en pr\u00e9servant la biodiversit\u00e9.<\/p>\n","protected":false},"featured_media":21953,"comment_status":"open","ping_status":"closed","template":"","meta":{"inline_featured_image":false},"product_cat":[3899,3706],"product_tag":[],"class_list":{"0":"post-21952","1":"product","2":"type-product","3":"status-publish","4":"has-post-thumbnail","6":"product_cat-encyclopedies_anglais","7":"product_cat-encyclopedie-2","9":"first","10":"instock","11":"shipping-taxable","12":"purchasable","13":"product-type-simple"},"_links":{"self":[{"href":"https:\/\/baralivres.ma\/index.php?rest_route=\/wp\/v2\/product\/21952","targetHints":{"allow":["GET"]}}],"collection":[{"href":"https:\/\/baralivres.ma\/index.php?rest_route=\/wp\/v2\/product"}],"about":[{"href":"https:\/\/baralivres.ma\/index.php?rest_route=\/wp\/v2\/types\/product"}],"replies":[{"embeddable":true,"href":"https:\/\/baralivres.ma\/index.php?rest_route=%2Fwp%2Fv2%2Fcomments&post=21952"}],"version-history":[{"count":1,"href":"https:\/\/baralivres.ma\/index.php?rest_route=\/wp\/v2\/product\/21952\/revisions"}],"predecessor-version":[{"id":21954,"href":"https:\/\/baralivres.ma\/index.php?rest_route=\/wp\/v2\/product\/21952\/revisions\/21954"}],"wp:featuredmedia":[{"embeddable":true,"href":"https:\/\/baralivres.ma\/index.php?rest_route=\/wp\/v2\/media\/21953"}],"wp:attachment":[{"href":"https:\/\/baralivres.ma\/index.php?rest_route=%2Fwp%2Fv2%2Fmedia&parent=21952"}],"wp:term":[{"taxonomy":"product_cat","embeddable":true,"href":"https:\/\/baralivres.ma\/index.php?rest_route=%2Fwp%2Fv2%2Fproduct_cat&post=21952"},{"taxonomy":"product_tag","embeddable":true,"href":"https:\/\/baralivres.ma\/index.php?rest_route=%2Fwp%2Fv2%2Fproduct_tag&post=21952"}],"curies":[{"name":"wp","href":"https:\/\/api.w.org\/{rel}","templated":true}]}}