{"id":21949,"date":"2024-10-31T18:17:03","date_gmt":"2024-10-31T17:17:03","guid":{"rendered":"https:\/\/baralivres.ma\/?post_type=product&#038;p=21949"},"modified":"2024-10-31T18:17:05","modified_gmt":"2024-10-31T17:17:05","slug":"wonders-of-learning-combat-aircraft","status":"publish","type":"product","link":"https:\/\/baralivres.ma\/?product=wonders-of-learning-combat-aircraft","title":{"rendered":"Wonders of Learning: Combat Aircraft"},"content":{"rendered":"<p>D\u00e9couvrez \u00ab\u00a0Wonders of Learning: Combat Aircraft\u00a0\u00bb, un livre fascinant qui plonge les jeunes lecteurs dans l&rsquo;univers des avions de chasse et des missions militaires. Avec des illustrations saisissantes et des descriptions d\u00e9taill\u00e9es, ce livre explore les diff\u00e9rents types d&rsquo;appareils, leurs caract\u00e9ristiques techniques et leur r\u00f4le dans l&rsquo;histoire de l&rsquo;aviation.<\/p>\n<p>Les enfants apprendront non seulement les sp\u00e9cificit\u00e9s des avions de combat, mais aussi les innovations technologiques qui les rendent uniques. Ce livre est con\u00e7u pour captiver l&rsquo;imagination des passionn\u00e9s d&rsquo;aviation et encourager leur curiosit\u00e9 scientifique.<\/p>\n<p>Parfait pour les jeunes explorateurs et les futurs pilotes, \u00ab\u00a0Wonders of Learning: Combat Aircraft\u00a0\u00bb offre une aventure \u00e9ducative qui allie savoir et divertissement, tout en faisant d\u00e9couvrir les merveilles de l&rsquo;aviation militaire.<\/p>\n","protected":false},"excerpt":{"rendered":"<p>Wonders of Learning: Combat Aircraft\u00a0\u00bb plonge les jeunes lecteurs dans l&rsquo;univers fascinant des avions de chasse, avec des illustrations saisissantes et des descriptions captivantes. Ce livre explore les caract\u00e9ristiques techniques et les innovations des appareils militaires, rendant l&rsquo;apprentissage \u00e0 la fois \u00e9ducatif et passionnant.<\/p>\n","protected":false},"featured_media":21950,"comment_status":"open","ping_status":"closed","template":"","meta":{"inline_featured_image":false},"product_cat":[3899,3706],"product_tag":[],"class_list":{"0":"post-21949","1":"product","2":"type-product","3":"status-publish","4":"has-post-thumbnail","6":"product_cat-encyclopedies_anglais","7":"product_cat-encyclopedie-2","9":"first","10":"instock","11":"shipping-taxable","12":"purchasable","13":"product-type-simple"},"_links":{"self":[{"href":"https:\/\/baralivres.ma\/index.php?rest_route=\/wp\/v2\/product\/21949","targetHints":{"allow":["GET"]}}],"collection":[{"href":"https:\/\/baralivres.ma\/index.php?rest_route=\/wp\/v2\/product"}],"about":[{"href":"https:\/\/baralivres.ma\/index.php?rest_route=\/wp\/v2\/types\/product"}],"replies":[{"embeddable":true,"href":"https:\/\/baralivres.ma\/index.php?rest_route=%2Fwp%2Fv2%2Fcomments&post=21949"}],"version-history":[{"count":1,"href":"https:\/\/baralivres.ma\/index.php?rest_route=\/wp\/v2\/product\/21949\/revisions"}],"predecessor-version":[{"id":21951,"href":"https:\/\/baralivres.ma\/index.php?rest_route=\/wp\/v2\/product\/21949\/revisions\/21951"}],"wp:featuredmedia":[{"embeddable":true,"href":"https:\/\/baralivres.ma\/index.php?rest_route=\/wp\/v2\/media\/21950"}],"wp:attachment":[{"href":"https:\/\/baralivres.ma\/index.php?rest_route=%2Fwp%2Fv2%2Fmedia&parent=21949"}],"wp:term":[{"taxonomy":"product_cat","embeddable":true,"href":"https:\/\/baralivres.ma\/index.php?rest_route=%2Fwp%2Fv2%2Fproduct_cat&post=21949"},{"taxonomy":"product_tag","embeddable":true,"href":"https:\/\/baralivres.ma\/index.php?rest_route=%2Fwp%2Fv2%2Fproduct_tag&post=21949"}],"curies":[{"name":"wp","href":"https:\/\/api.w.org\/{rel}","templated":true}]}}