{"id":21937,"date":"2024-10-31T17:47:54","date_gmt":"2024-10-31T16:47:54","guid":{"rendered":"https:\/\/baralivres.ma\/?post_type=product&#038;p=21937"},"modified":"2024-10-31T17:47:55","modified_gmt":"2024-10-31T16:47:55","slug":"chronologies-visuelles-des-sciences","status":"publish","type":"product","link":"https:\/\/baralivres.ma\/?product=chronologies-visuelles-des-sciences","title":{"rendered":"Chronologies visuelles des sciences"},"content":{"rendered":"<p>Chronologies visuelles des sciences est un ouvrage captivant qui retrace l\u2019histoire des grandes d\u00e9couvertes scientifiques \u00e0 travers des illustrations et des sch\u00e9mas clairs. Ce livre pr\u00e9sente, sous forme de frise chronologique, les progr\u00e8s de la science dans divers domaines : astronomie, biologie, physique, chimie et plus encore. Accessible et visuellement stimulant, il permet de comprendre l&rsquo;\u00e9volution des connaissances et des inventions qui ont transform\u00e9 notre vision du monde. Id\u00e9al pour les passionn\u00e9s de science et d\u2019histoire, il offre une vue d\u2019ensemble unique des avanc\u00e9es scientifiques \u00e0 travers les \u00e2ges.<\/p>\n","protected":false},"excerpt":{"rendered":"<p>Chronologies visuelles des sciences retrace l&rsquo;\u00e9volution des grandes d\u00e9couvertes scientifiques \u00e0 travers des frises chronologiques et des illustrations claires. Accessible et visuellement riche, cet ouvrage explore les avanc\u00e9es majeures en astronomie, biologie, physique, et chimie, offrant un panorama unique de l&rsquo;histoire des sciences.<\/p>\n","protected":false},"featured_media":21938,"comment_status":"open","ping_status":"closed","template":"","meta":{"inline_featured_image":false},"product_cat":[3898,3706],"product_tag":[],"class_list":{"0":"post-21937","1":"product","2":"type-product","3":"status-publish","4":"has-post-thumbnail","6":"product_cat-encyclopedie_francais","7":"product_cat-encyclopedie-2","9":"first","10":"instock","11":"shipping-taxable","12":"purchasable","13":"product-type-simple"},"_links":{"self":[{"href":"https:\/\/baralivres.ma\/index.php?rest_route=\/wp\/v2\/product\/21937","targetHints":{"allow":["GET"]}}],"collection":[{"href":"https:\/\/baralivres.ma\/index.php?rest_route=\/wp\/v2\/product"}],"about":[{"href":"https:\/\/baralivres.ma\/index.php?rest_route=\/wp\/v2\/types\/product"}],"replies":[{"embeddable":true,"href":"https:\/\/baralivres.ma\/index.php?rest_route=%2Fwp%2Fv2%2Fcomments&post=21937"}],"version-history":[{"count":1,"href":"https:\/\/baralivres.ma\/index.php?rest_route=\/wp\/v2\/product\/21937\/revisions"}],"predecessor-version":[{"id":21939,"href":"https:\/\/baralivres.ma\/index.php?rest_route=\/wp\/v2\/product\/21937\/revisions\/21939"}],"wp:featuredmedia":[{"embeddable":true,"href":"https:\/\/baralivres.ma\/index.php?rest_route=\/wp\/v2\/media\/21938"}],"wp:attachment":[{"href":"https:\/\/baralivres.ma\/index.php?rest_route=%2Fwp%2Fv2%2Fmedia&parent=21937"}],"wp:term":[{"taxonomy":"product_cat","embeddable":true,"href":"https:\/\/baralivres.ma\/index.php?rest_route=%2Fwp%2Fv2%2Fproduct_cat&post=21937"},{"taxonomy":"product_tag","embeddable":true,"href":"https:\/\/baralivres.ma\/index.php?rest_route=%2Fwp%2Fv2%2Fproduct_tag&post=21937"}],"curies":[{"name":"wp","href":"https:\/\/api.w.org\/{rel}","templated":true}]}}