{"id":21911,"date":"2024-10-29T18:00:53","date_gmt":"2024-10-29T17:00:53","guid":{"rendered":"https:\/\/baralivres.ma\/?post_type=product&#038;p=21911"},"modified":"2024-10-29T18:00:53","modified_gmt":"2024-10-29T17:00:53","slug":"encyclopedie-des-animaux","status":"publish","type":"product","link":"https:\/\/baralivres.ma\/?product=encyclopedie-des-animaux","title":{"rendered":"Encyclop\u00e9die des animaux"},"content":{"rendered":"<p>L\u2019<em>Encyclop\u00e9die des animaux<\/em> est une invitation \u00e0 explorer la richesse et la diversit\u00e9 du r\u00e8gne animal, un voyage passionnant \u00e0 travers les habitats, les comportements et les adaptations uniques de chaque esp\u00e8ce. Avec des descriptions captivantes et des illustrations saisissantes, elle d\u00e9voile les myst\u00e8res de cr\u00e9atures \u00e9tonnantes, des majestueux lions aux minuscules insectes. Ce livre permet de mieux comprendre et d\u2019appr\u00e9cier la beaut\u00e9 de la faune qui nous entoure, tout en sensibilisant \u00e0 l&rsquo;importance de sa pr\u00e9servation.<\/p>\n","protected":false},"excerpt":{"rendered":"<p><em>L\u2019Encyclop\u00e9die des animaux<\/em> offre un voyage fascinant \u00e0 travers la diversit\u00e9 du r\u00e8gne animal, pr\u00e9sentant des habitats, comportements et adaptations uniques de chaque esp\u00e8ce. Gr\u00e2ce \u00e0 des descriptions captivantes et des illustrations saisissantes, elle sensibilise \u00e0 la beaut\u00e9 de la faune et \u00e0 l&rsquo;importance de sa pr\u00e9servation.<\/p>\n","protected":false},"featured_media":21912,"comment_status":"open","ping_status":"closed","template":"","meta":{"inline_featured_image":false},"product_cat":[3898,3706],"product_tag":[],"class_list":{"0":"post-21911","1":"product","2":"type-product","3":"status-publish","4":"has-post-thumbnail","6":"product_cat-encyclopedie_francais","7":"product_cat-encyclopedie-2","9":"first","10":"instock","11":"shipping-taxable","12":"purchasable","13":"product-type-simple"},"_links":{"self":[{"href":"https:\/\/baralivres.ma\/index.php?rest_route=\/wp\/v2\/product\/21911","targetHints":{"allow":["GET"]}}],"collection":[{"href":"https:\/\/baralivres.ma\/index.php?rest_route=\/wp\/v2\/product"}],"about":[{"href":"https:\/\/baralivres.ma\/index.php?rest_route=\/wp\/v2\/types\/product"}],"replies":[{"embeddable":true,"href":"https:\/\/baralivres.ma\/index.php?rest_route=%2Fwp%2Fv2%2Fcomments&post=21911"}],"version-history":[{"count":1,"href":"https:\/\/baralivres.ma\/index.php?rest_route=\/wp\/v2\/product\/21911\/revisions"}],"predecessor-version":[{"id":21913,"href":"https:\/\/baralivres.ma\/index.php?rest_route=\/wp\/v2\/product\/21911\/revisions\/21913"}],"wp:featuredmedia":[{"embeddable":true,"href":"https:\/\/baralivres.ma\/index.php?rest_route=\/wp\/v2\/media\/21912"}],"wp:attachment":[{"href":"https:\/\/baralivres.ma\/index.php?rest_route=%2Fwp%2Fv2%2Fmedia&parent=21911"}],"wp:term":[{"taxonomy":"product_cat","embeddable":true,"href":"https:\/\/baralivres.ma\/index.php?rest_route=%2Fwp%2Fv2%2Fproduct_cat&post=21911"},{"taxonomy":"product_tag","embeddable":true,"href":"https:\/\/baralivres.ma\/index.php?rest_route=%2Fwp%2Fv2%2Fproduct_tag&post=21911"}],"curies":[{"name":"wp","href":"https:\/\/api.w.org\/{rel}","templated":true}]}}