{"id":21902,"date":"2024-10-29T17:42:37","date_gmt":"2024-10-29T16:42:37","guid":{"rendered":"https:\/\/baralivres.ma\/?post_type=product&#038;p=21902"},"modified":"2024-10-30T08:54:32","modified_gmt":"2024-10-30T07:54:32","slug":"encyclopedie-des-oceans","status":"publish","type":"product","link":"https:\/\/baralivres.ma\/?product=encyclopedie-des-oceans","title":{"rendered":"Encyclop\u00e9die des oc\u00e9ans"},"content":{"rendered":"<p>L\u2019*Encyclop\u00e9die des oc\u00e9ans* est bien plus qu\u2019un simple livre : c\u2019est un guide complet et accessible qui nous ouvre les portes de la vie sous-marine, r\u00e9v\u00e9lant des \u00e9cosyst\u00e8mes vari\u00e9s et des cr\u00e9atures fascinantes comme les tortues, requins, poulpes, et baleines. Avec plus de 550 photographies, on plonge dans la richesse des oc\u00e9ans, des volcans sous-marins aux r\u00e9cifs coralliens et for\u00eats de kelp. En plus de c\u00e9l\u00e9brer cette beaut\u00e9, cette encyclop\u00e9die nous sensibilise aux grandes menaces \u00e9cologiques telles que la pollution et la surp\u00eache, et propose des solutions pour prot\u00e9ger cet \u00e9cosyst\u00e8me unique.<\/p>\n","protected":false},"excerpt":{"rendered":"<p>L\u2019*Encyclop\u00e9die des oc\u00e9ans* est un guide illustr\u00e9 qui r\u00e9v\u00e8le la diversit\u00e9 des \u00e9cosyst\u00e8mes marins et sensibilise aux enjeux \u00e9cologiques pour leur protection. Elle nous invite \u00e0 d\u00e9couvrir et pr\u00e9server ce monde fascinant.<\/p>\n","protected":false},"featured_media":21903,"comment_status":"open","ping_status":"closed","template":"","meta":{"inline_featured_image":false},"product_cat":[3898,3706],"product_tag":[],"class_list":{"0":"post-21902","1":"product","2":"type-product","3":"status-publish","4":"has-post-thumbnail","6":"product_cat-encyclopedie_francais","7":"product_cat-encyclopedie-2","8":"pa_auteurs-john-woodward","10":"first","11":"instock","12":"shipping-taxable","13":"purchasable","14":"product-type-simple"},"_links":{"self":[{"href":"https:\/\/baralivres.ma\/index.php?rest_route=\/wp\/v2\/product\/21902","targetHints":{"allow":["GET"]}}],"collection":[{"href":"https:\/\/baralivres.ma\/index.php?rest_route=\/wp\/v2\/product"}],"about":[{"href":"https:\/\/baralivres.ma\/index.php?rest_route=\/wp\/v2\/types\/product"}],"replies":[{"embeddable":true,"href":"https:\/\/baralivres.ma\/index.php?rest_route=%2Fwp%2Fv2%2Fcomments&post=21902"}],"version-history":[{"count":1,"href":"https:\/\/baralivres.ma\/index.php?rest_route=\/wp\/v2\/product\/21902\/revisions"}],"predecessor-version":[{"id":21904,"href":"https:\/\/baralivres.ma\/index.php?rest_route=\/wp\/v2\/product\/21902\/revisions\/21904"}],"wp:featuredmedia":[{"embeddable":true,"href":"https:\/\/baralivres.ma\/index.php?rest_route=\/wp\/v2\/media\/21903"}],"wp:attachment":[{"href":"https:\/\/baralivres.ma\/index.php?rest_route=%2Fwp%2Fv2%2Fmedia&parent=21902"}],"wp:term":[{"taxonomy":"product_cat","embeddable":true,"href":"https:\/\/baralivres.ma\/index.php?rest_route=%2Fwp%2Fv2%2Fproduct_cat&post=21902"},{"taxonomy":"product_tag","embeddable":true,"href":"https:\/\/baralivres.ma\/index.php?rest_route=%2Fwp%2Fv2%2Fproduct_tag&post=21902"}],"curies":[{"name":"wp","href":"https:\/\/api.w.org\/{rel}","templated":true}]}}