{"id":21893,"date":"2024-10-28T18:10:48","date_gmt":"2024-10-28T17:10:48","guid":{"rendered":"https:\/\/baralivres.ma\/?post_type=product&#038;p=21893"},"modified":"2024-10-28T18:10:49","modified_gmt":"2024-10-28T17:10:49","slug":"le-vieux-qui-lisait-des-romans-damour","status":"publish","type":"product","link":"https:\/\/baralivres.ma\/?product=le-vieux-qui-lisait-des-romans-damour","title":{"rendered":"Le vieux qui lisait des romans d&rsquo;amour"},"content":{"rendered":"<p><em>Le vieux qui lisait des romans d&rsquo;amour<\/em> de Luis Sep\u00falveda raconte l\u2019histoire de Don Sabas, un homme \u00e2g\u00e9 vivant dans la for\u00eat amazonienne, qui s&rsquo;\u00e9vade de sa solitude en lisant des romans d&rsquo;amour. Le roman explore les th\u00e8mes de la nature, de l&rsquo;amour et de la m\u00e9moire, tout en mettant en lumi\u00e8re les enjeux environnementaux et culturels de la r\u00e9gion. \u00c0 travers les yeux de Don Sabas, le lecteur d\u00e9couvre la beaut\u00e9 du paysage amazonien et la richesse de la vie qui l&rsquo;entoure, ainsi que les menaces pesant sur cet \u00e9cosyst\u00e8me fragile. La rencontre avec des personnages vari\u00e9s, notamment un jeune homme en qu\u00eate d&rsquo;aventure, permet de tisser un lien entre pass\u00e9 et pr\u00e9sent, r\u00eave et r\u00e9alit\u00e9. La prose de Sep\u00falveda est empreinte de po\u00e9sie et d&rsquo;une profonde humanit\u00e9, rendant hommage \u00e0 la force des \u00e9motions et \u00e0 la puissance des histoires qui nous relient. Ce roman est une c\u00e9l\u00e9bration de l&rsquo;amour sous toutes ses formes, ainsi qu&rsquo;un appel \u00e0 la pr\u00e9servation de la nature.<\/p>\n","protected":false},"excerpt":{"rendered":"<p><em>Le vieux qui lisait des romans d&rsquo;amour<\/em> de Luis Sep\u00falveda suit Don Sabas, un homme \u00e2g\u00e9 qui trouve refuge dans les romans d&rsquo;amour tout en vivant dans la for\u00eat amazonienne. Le roman explore les th\u00e8mes de la solitude, de la nature et de l&rsquo;amour, tout en soulignant les dangers environnementaux qui menacent cet \u00e9cosyst\u00e8me fragile. \u00c0 travers des rencontres touchantes, Sep\u00falveda c\u00e9l\u00e8bre la richesse des \u00e9motions humaines et l&rsquo;importance de pr\u00e9server la nature.<\/p>\n","protected":false},"featured_media":21894,"comment_status":"open","ping_status":"closed","template":"","meta":{"inline_featured_image":false},"product_cat":[3873,143,178],"product_tag":[],"class_list":{"0":"post-21893","1":"product","2":"type-product","3":"status-publish","4":"has-post-thumbnail","6":"product_cat-roman-en-francais","7":"product_cat-roman","8":"product_cat-contemporain","9":"pa_auteurs-luis-sepulveda","11":"first","12":"instock","13":"shipping-taxable","14":"purchasable","15":"product-type-simple"},"_links":{"self":[{"href":"https:\/\/baralivres.ma\/index.php?rest_route=\/wp\/v2\/product\/21893","targetHints":{"allow":["GET"]}}],"collection":[{"href":"https:\/\/baralivres.ma\/index.php?rest_route=\/wp\/v2\/product"}],"about":[{"href":"https:\/\/baralivres.ma\/index.php?rest_route=\/wp\/v2\/types\/product"}],"replies":[{"embeddable":true,"href":"https:\/\/baralivres.ma\/index.php?rest_route=%2Fwp%2Fv2%2Fcomments&post=21893"}],"version-history":[{"count":1,"href":"https:\/\/baralivres.ma\/index.php?rest_route=\/wp\/v2\/product\/21893\/revisions"}],"predecessor-version":[{"id":21895,"href":"https:\/\/baralivres.ma\/index.php?rest_route=\/wp\/v2\/product\/21893\/revisions\/21895"}],"wp:featuredmedia":[{"embeddable":true,"href":"https:\/\/baralivres.ma\/index.php?rest_route=\/wp\/v2\/media\/21894"}],"wp:attachment":[{"href":"https:\/\/baralivres.ma\/index.php?rest_route=%2Fwp%2Fv2%2Fmedia&parent=21893"}],"wp:term":[{"taxonomy":"product_cat","embeddable":true,"href":"https:\/\/baralivres.ma\/index.php?rest_route=%2Fwp%2Fv2%2Fproduct_cat&post=21893"},{"taxonomy":"product_tag","embeddable":true,"href":"https:\/\/baralivres.ma\/index.php?rest_route=%2Fwp%2Fv2%2Fproduct_tag&post=21893"}],"curies":[{"name":"wp","href":"https:\/\/api.w.org\/{rel}","templated":true}]}}