{"id":21887,"date":"2024-10-28T18:00:58","date_gmt":"2024-10-28T17:00:58","guid":{"rendered":"https:\/\/baralivres.ma\/?post_type=product&#038;p=21887"},"modified":"2024-10-28T18:00:59","modified_gmt":"2024-10-28T17:00:59","slug":"le-jour-et-lheure","status":"publish","type":"product","link":"https:\/\/baralivres.ma\/?product=le-jour-et-lheure","title":{"rendered":"LE JOUR ET L&rsquo;HEURE"},"content":{"rendered":"<p><strong>\u00ab\u00a0Le jour et l\u2019heure\u00a0\u00bb<\/strong> de Carole Fives est un roman qui explore la vie quotidienne d\u2019une femme en proie \u00e0 des r\u00e9flexions intenses et \u00e0 des moments de vuln\u00e9rabilit\u00e9. \u00c0 travers des sc\u00e8nes de la vie quotidienne, l\u2019auteure aborde des th\u00e8mes tels que la maternit\u00e9, l&rsquo;angoisse et le passage du temps. Le livre se distingue par son style introspectif, o\u00f9 chaque instant est scrut\u00e9 avec une profondeur \u00e9motionnelle. Le lecteur est invit\u00e9 \u00e0 ressentir l&rsquo;urgence et la beaut\u00e9 des petites choses, tout en prenant conscience de l\u2019in\u00e9vitabilit\u00e9 du temps qui passe.<\/p>\n","protected":false},"excerpt":{"rendered":"<p>Dans <em>Le jour et l\u2019heure<\/em>, Carole Fives plonge le lecteur dans la vie quotidienne d&rsquo;une femme qui navigue entre r\u00e9flexions sur la maternit\u00e9, l&rsquo;angoisse et le passage du temps. \u00c0 travers un style introspectif, le roman met en lumi\u00e8re l&rsquo;urgence et la beaut\u00e9 des moments fugaces de la vie. Cette \u0153uvre explore la vuln\u00e9rabilit\u00e9 et la richesse des \u00e9motions humaines.<\/p>\n","protected":false},"featured_media":21888,"comment_status":"open","ping_status":"closed","template":"","meta":{"inline_featured_image":false},"product_cat":[3873,143,178],"product_tag":[],"class_list":{"0":"post-21887","1":"product","2":"type-product","3":"status-publish","4":"has-post-thumbnail","6":"product_cat-roman-en-francais","7":"product_cat-roman","8":"product_cat-contemporain","9":"pa_auteurs-carole-fives","11":"first","12":"instock","13":"shipping-taxable","14":"purchasable","15":"product-type-simple"},"_links":{"self":[{"href":"https:\/\/baralivres.ma\/index.php?rest_route=\/wp\/v2\/product\/21887","targetHints":{"allow":["GET"]}}],"collection":[{"href":"https:\/\/baralivres.ma\/index.php?rest_route=\/wp\/v2\/product"}],"about":[{"href":"https:\/\/baralivres.ma\/index.php?rest_route=\/wp\/v2\/types\/product"}],"replies":[{"embeddable":true,"href":"https:\/\/baralivres.ma\/index.php?rest_route=%2Fwp%2Fv2%2Fcomments&post=21887"}],"version-history":[{"count":1,"href":"https:\/\/baralivres.ma\/index.php?rest_route=\/wp\/v2\/product\/21887\/revisions"}],"predecessor-version":[{"id":21889,"href":"https:\/\/baralivres.ma\/index.php?rest_route=\/wp\/v2\/product\/21887\/revisions\/21889"}],"wp:featuredmedia":[{"embeddable":true,"href":"https:\/\/baralivres.ma\/index.php?rest_route=\/wp\/v2\/media\/21888"}],"wp:attachment":[{"href":"https:\/\/baralivres.ma\/index.php?rest_route=%2Fwp%2Fv2%2Fmedia&parent=21887"}],"wp:term":[{"taxonomy":"product_cat","embeddable":true,"href":"https:\/\/baralivres.ma\/index.php?rest_route=%2Fwp%2Fv2%2Fproduct_cat&post=21887"},{"taxonomy":"product_tag","embeddable":true,"href":"https:\/\/baralivres.ma\/index.php?rest_route=%2Fwp%2Fv2%2Fproduct_tag&post=21887"}],"curies":[{"name":"wp","href":"https:\/\/api.w.org\/{rel}","templated":true}]}}