{"id":21881,"date":"2024-10-28T17:45:53","date_gmt":"2024-10-28T16:45:53","guid":{"rendered":"https:\/\/baralivres.ma\/?post_type=product&#038;p=21881"},"modified":"2024-10-28T17:45:54","modified_gmt":"2024-10-28T16:45:54","slug":"ces-choses-quon-laisse-tome-1","status":"publish","type":"product","link":"https:\/\/baralivres.ma\/?product=ces-choses-quon-laisse-tome-1","title":{"rendered":"CES CHOSES QU&rsquo;ON LAISSE TOME 1"},"content":{"rendered":"<p>Dans <em>Ces choses qu&rsquo;on laisse, Tome 1<\/em> de Lucy Score, Naomi, en qu\u00eate d\u2019un nouveau d\u00e9part, arrive dans une petite ville pour \u00e9chapper \u00e0 un pass\u00e9 compliqu\u00e9. Cependant, elle est rapidement confront\u00e9e \u00e0 de nouveaux d\u00e9fis, dont Knox, un homme myst\u00e9rieux et protecteur, qui \u00e9veille en elle des \u00e9motions inattendues. Malgr\u00e9 leur m\u00e9fiance initiale, une connexion profonde se tisse entre eux, les poussant \u00e0 affronter leurs secrets et leurs peurs. Avec une plume \u00e9motive et des personnages attachants, Lucy Score livre une histoire de r\u00e9demption, d&rsquo;amour et de seconde chance dans un d\u00e9cor empreint de charme et de myst\u00e8re.<\/p>\n","protected":false},"excerpt":{"rendered":"<p>Dans <em>Ces choses qu&rsquo;on laisse, Tome 1<\/em>, Naomi fuit un pass\u00e9 compliqu\u00e9 et s\u2019installe dans une petite ville o\u00f9 elle rencontre Knox, un homme \u00e0 la fois myst\u00e9rieux et protecteur. Au fil de leur relation, ils sont forc\u00e9s d\u2019affronter leurs blessures et leurs secrets. Lucy Score nous entra\u00eene dans une histoire de renaissance, de romance et de seconde chance.<\/p>\n","protected":false},"featured_media":21882,"comment_status":"open","ping_status":"closed","template":"","meta":{"inline_featured_image":false},"product_cat":[3873,68,143],"product_tag":[],"class_list":{"0":"post-21881","1":"product","2":"type-product","3":"status-publish","4":"has-post-thumbnail","6":"product_cat-roman-en-francais","7":"product_cat-romance","8":"product_cat-roman","9":"pa_auteurs-lucy-score","11":"first","12":"instock","13":"shipping-taxable","14":"purchasable","15":"product-type-simple"},"_links":{"self":[{"href":"https:\/\/baralivres.ma\/index.php?rest_route=\/wp\/v2\/product\/21881","targetHints":{"allow":["GET"]}}],"collection":[{"href":"https:\/\/baralivres.ma\/index.php?rest_route=\/wp\/v2\/product"}],"about":[{"href":"https:\/\/baralivres.ma\/index.php?rest_route=\/wp\/v2\/types\/product"}],"replies":[{"embeddable":true,"href":"https:\/\/baralivres.ma\/index.php?rest_route=%2Fwp%2Fv2%2Fcomments&post=21881"}],"version-history":[{"count":1,"href":"https:\/\/baralivres.ma\/index.php?rest_route=\/wp\/v2\/product\/21881\/revisions"}],"predecessor-version":[{"id":21883,"href":"https:\/\/baralivres.ma\/index.php?rest_route=\/wp\/v2\/product\/21881\/revisions\/21883"}],"wp:featuredmedia":[{"embeddable":true,"href":"https:\/\/baralivres.ma\/index.php?rest_route=\/wp\/v2\/media\/21882"}],"wp:attachment":[{"href":"https:\/\/baralivres.ma\/index.php?rest_route=%2Fwp%2Fv2%2Fmedia&parent=21881"}],"wp:term":[{"taxonomy":"product_cat","embeddable":true,"href":"https:\/\/baralivres.ma\/index.php?rest_route=%2Fwp%2Fv2%2Fproduct_cat&post=21881"},{"taxonomy":"product_tag","embeddable":true,"href":"https:\/\/baralivres.ma\/index.php?rest_route=%2Fwp%2Fv2%2Fproduct_tag&post=21881"}],"curies":[{"name":"wp","href":"https:\/\/api.w.org\/{rel}","templated":true}]}}