{"id":21850,"date":"2024-10-19T11:25:40","date_gmt":"2024-10-19T10:25:40","guid":{"rendered":"https:\/\/baralivres.ma\/?post_type=product&#038;p=21850"},"modified":"2024-11-27T15:49:39","modified_gmt":"2024-11-27T14:49:39","slug":"la-psychologie-de-largent-2","status":"publish","type":"product","link":"https:\/\/baralivres.ma\/?product=la-psychologie-de-largent-2","title":{"rendered":"La Psychologie de l&rsquo;argent"},"content":{"rendered":"<p>La Psychologie de l&rsquo;argent de Morgan Housel explore la mani\u00e8re dont nos attitudes et \u00e9motions influencent nos d\u00e9cisions financi\u00e8res. L&rsquo;auteur met en lumi\u00e8re des concepts tels que la chance, la patience et l&rsquo;importance de la perspective dans la gestion de l&rsquo;argent.<\/p>\n<p>\u00c0 travers des anecdotes et des r\u00e9flexions, Housel d\u00e9montre que la richesse ne d\u00e9pend pas seulement de connaissances techniques, mais aussi de comportements et de mentalit\u00e9s. Le livre propose des le\u00e7ons sur la mani\u00e8re de penser l&rsquo;argent, encourageant une approche plus consciente et \u00e9quilibr\u00e9e de la finance personnelle.<\/p>\n","protected":false},"excerpt":{"rendered":"<p>La Psychologie de l&rsquo;argent de Morgan Housel examine comment nos \u00e9motions et comportements influencent nos d\u00e9cisions financi\u00e8res. \u00c0 travers des anecdotes, il souligne l&rsquo;importance de la patience et de la perspective dans la gestion de l&rsquo;argent, offrant des le\u00e7ons sur une approche consciente de la finance personnelle.<\/p>\n","protected":false},"featured_media":21851,"comment_status":"open","ping_status":"closed","template":"","meta":{"inline_featured_image":false},"product_cat":[3896,3677,91],"product_tag":[],"class_list":{"0":"post-21850","1":"product","2":"type-product","3":"status-publish","4":"has-post-thumbnail","6":"product_cat-developpement-francais","7":"product_cat-les-livres-pour-business","8":"product_cat-developpement","10":"first","11":"instock","12":"shipping-taxable","13":"purchasable","14":"product-type-simple"},"_links":{"self":[{"href":"https:\/\/baralivres.ma\/index.php?rest_route=\/wp\/v2\/product\/21850","targetHints":{"allow":["GET"]}}],"collection":[{"href":"https:\/\/baralivres.ma\/index.php?rest_route=\/wp\/v2\/product"}],"about":[{"href":"https:\/\/baralivres.ma\/index.php?rest_route=\/wp\/v2\/types\/product"}],"replies":[{"embeddable":true,"href":"https:\/\/baralivres.ma\/index.php?rest_route=%2Fwp%2Fv2%2Fcomments&post=21850"}],"version-history":[{"count":1,"href":"https:\/\/baralivres.ma\/index.php?rest_route=\/wp\/v2\/product\/21850\/revisions"}],"predecessor-version":[{"id":21853,"href":"https:\/\/baralivres.ma\/index.php?rest_route=\/wp\/v2\/product\/21850\/revisions\/21853"}],"wp:featuredmedia":[{"embeddable":true,"href":"https:\/\/baralivres.ma\/index.php?rest_route=\/wp\/v2\/media\/21851"}],"wp:attachment":[{"href":"https:\/\/baralivres.ma\/index.php?rest_route=%2Fwp%2Fv2%2Fmedia&parent=21850"}],"wp:term":[{"taxonomy":"product_cat","embeddable":true,"href":"https:\/\/baralivres.ma\/index.php?rest_route=%2Fwp%2Fv2%2Fproduct_cat&post=21850"},{"taxonomy":"product_tag","embeddable":true,"href":"https:\/\/baralivres.ma\/index.php?rest_route=%2Fwp%2Fv2%2Fproduct_tag&post=21850"}],"curies":[{"name":"wp","href":"https:\/\/api.w.org\/{rel}","templated":true}]}}