{"id":21846,"date":"2024-10-19T11:16:11","date_gmt":"2024-10-19T10:16:11","guid":{"rendered":"https:\/\/baralivres.ma\/?post_type=product&#038;p=21846"},"modified":"2024-11-28T17:35:48","modified_gmt":"2024-11-28T16:35:48","slug":"la-defaite-de-loccident","status":"publish","type":"product","link":"https:\/\/baralivres.ma\/?product=la-defaite-de-loccident","title":{"rendered":"La D\u00e9faite de l&rsquo;Occident"},"content":{"rendered":"<p>La D\u00e9faite de l&rsquo;Occident d&rsquo;Emmanuel Todd analyse les crises politiques et sociales actuelles en Occident. L&rsquo;auteur examine les transformations d\u00e9mographiques, culturelles et \u00e9conomiques qui, selon lui, contribuent \u00e0 un d\u00e9clin des soci\u00e9t\u00e9s occidentales.<\/p>\n<p>Todd explore des concepts tels que l&rsquo;individualisme, les in\u00e9galit\u00e9s et le changement des valeurs familiales, tout en s&rsquo;appuyant sur des donn\u00e9es historiques et sociologiques. Le livre invite \u00e0 r\u00e9fl\u00e9chir sur l&rsquo;avenir de l&rsquo;Occident face \u00e0 l&rsquo;\u00e9mergence de nouvelles puissances et \u00e0 une mondialisation en constante \u00e9volution. C&rsquo;est une \u0153uvre provocante qui questionne les certitudes et les mod\u00e8les \u00e9tablis.<\/p>\n","protected":false},"excerpt":{"rendered":"<p>La D\u00e9faite de l&rsquo;Occident d&rsquo;Emmanuel Todd analyse le d\u00e9clin des soci\u00e9t\u00e9s occidentales \u00e0 travers des transformations d\u00e9mographiques, culturelles et \u00e9conomiques. L&rsquo;auteur explore des th\u00e8mes tels que l&rsquo;individualisme et les in\u00e9galit\u00e9s, invitant \u00e0 r\u00e9fl\u00e9chir sur l&rsquo;avenir de l&rsquo;Occident face \u00e0 la mondialisation et \u00e0 l&rsquo;\u00e9mergence de nouvelles puissances<\/p>\n","protected":false},"featured_media":21847,"comment_status":"open","ping_status":"closed","template":"","meta":{"inline_featured_image":false},"product_cat":[3720,3725],"product_tag":[],"class_list":{"0":"post-21846","1":"product","2":"type-product","3":"status-publish","4":"has-post-thumbnail","6":"product_cat-litterature","7":"product_cat-litterature-religieuse","8":"pa_auteurs-emmanuel-todd","10":"first","11":"instock","12":"shipping-taxable","13":"purchasable","14":"product-type-simple"},"_links":{"self":[{"href":"https:\/\/baralivres.ma\/index.php?rest_route=\/wp\/v2\/product\/21846","targetHints":{"allow":["GET"]}}],"collection":[{"href":"https:\/\/baralivres.ma\/index.php?rest_route=\/wp\/v2\/product"}],"about":[{"href":"https:\/\/baralivres.ma\/index.php?rest_route=\/wp\/v2\/types\/product"}],"replies":[{"embeddable":true,"href":"https:\/\/baralivres.ma\/index.php?rest_route=%2Fwp%2Fv2%2Fcomments&post=21846"}],"version-history":[{"count":1,"href":"https:\/\/baralivres.ma\/index.php?rest_route=\/wp\/v2\/product\/21846\/revisions"}],"predecessor-version":[{"id":21848,"href":"https:\/\/baralivres.ma\/index.php?rest_route=\/wp\/v2\/product\/21846\/revisions\/21848"}],"wp:featuredmedia":[{"embeddable":true,"href":"https:\/\/baralivres.ma\/index.php?rest_route=\/wp\/v2\/media\/21847"}],"wp:attachment":[{"href":"https:\/\/baralivres.ma\/index.php?rest_route=%2Fwp%2Fv2%2Fmedia&parent=21846"}],"wp:term":[{"taxonomy":"product_cat","embeddable":true,"href":"https:\/\/baralivres.ma\/index.php?rest_route=%2Fwp%2Fv2%2Fproduct_cat&post=21846"},{"taxonomy":"product_tag","embeddable":true,"href":"https:\/\/baralivres.ma\/index.php?rest_route=%2Fwp%2Fv2%2Fproduct_tag&post=21846"}],"curies":[{"name":"wp","href":"https:\/\/api.w.org\/{rel}","templated":true}]}}