{"id":21643,"date":"2024-05-30T17:56:27","date_gmt":"2024-05-30T16:56:27","guid":{"rendered":"https:\/\/baralivres.ma\/?post_type=product&#038;p=21643"},"modified":"2024-11-05T13:38:29","modified_gmt":"2024-11-05T12:38:29","slug":"mon-livre-sonore-mon-imagier","status":"publish","type":"product","link":"https:\/\/baralivres.ma\/?product=mon-livre-sonore-mon-imagier","title":{"rendered":"Mon livre sonore : Mon imagier"},"content":{"rendered":"<p>\u00ab\u00a0Mon livre sonore : Mon imagier\u00a0\u00bb est un livre interactif pour les jeunes enfants, con\u00e7u pour leur apprendre du vocabulaire de mani\u00e8re ludique. \u00c0 travers des photographies color\u00e9es, les enfants d\u00e9couvrent sept environnements diff\u00e9rents : la cr\u00e8che, le chantier, les jeux du parc, la ferme, la ville, les objets de la maison et les instruments de musique.<\/p>\n<p>Gr\u00e2ce aux 50 puces sonores int\u00e9gr\u00e9es, les enfants peuvent entendre les sons associ\u00e9s \u00e0 chaque image, les aidant ainsi \u00e0 associer les bruits aux objets et aux sc\u00e8nes repr\u00e9sent\u00e9s. Ce livre interactif favorise l&rsquo;apprentissage du vocabulaire tout en d\u00e9veloppant la motricit\u00e9 fine et la coordination main\/\u0153il des tout-petits.<\/p>\n","protected":false},"excerpt":{"rendered":"<p>Ce livre interactif favorise l&rsquo;apprentissage du vocabulaire tout en d\u00e9veloppant la motricit\u00e9 fine et la coordination main\/\u0153il des tout-petits.<\/p>\n","protected":false},"featured_media":21646,"comment_status":"open","ping_status":"closed","template":"","meta":{"inline_featured_image":false},"product_cat":[3944,197],"product_tag":[],"class_list":{"0":"post-21643","1":"product","2":"type-product","3":"status-publish","4":"has-post-thumbnail","6":"product_cat-les-livres-sonore-francais","7":"product_cat-livre-sonore","9":"first","10":"instock","11":"shipping-taxable","12":"purchasable","13":"product-type-simple"},"_links":{"self":[{"href":"https:\/\/baralivres.ma\/index.php?rest_route=\/wp\/v2\/product\/21643","targetHints":{"allow":["GET"]}}],"collection":[{"href":"https:\/\/baralivres.ma\/index.php?rest_route=\/wp\/v2\/product"}],"about":[{"href":"https:\/\/baralivres.ma\/index.php?rest_route=\/wp\/v2\/types\/product"}],"replies":[{"embeddable":true,"href":"https:\/\/baralivres.ma\/index.php?rest_route=%2Fwp%2Fv2%2Fcomments&post=21643"}],"version-history":[{"count":1,"href":"https:\/\/baralivres.ma\/index.php?rest_route=\/wp\/v2\/product\/21643\/revisions"}],"predecessor-version":[{"id":21647,"href":"https:\/\/baralivres.ma\/index.php?rest_route=\/wp\/v2\/product\/21643\/revisions\/21647"}],"wp:featuredmedia":[{"embeddable":true,"href":"https:\/\/baralivres.ma\/index.php?rest_route=\/wp\/v2\/media\/21646"}],"wp:attachment":[{"href":"https:\/\/baralivres.ma\/index.php?rest_route=%2Fwp%2Fv2%2Fmedia&parent=21643"}],"wp:term":[{"taxonomy":"product_cat","embeddable":true,"href":"https:\/\/baralivres.ma\/index.php?rest_route=%2Fwp%2Fv2%2Fproduct_cat&post=21643"},{"taxonomy":"product_tag","embeddable":true,"href":"https:\/\/baralivres.ma\/index.php?rest_route=%2Fwp%2Fv2%2Fproduct_tag&post=21643"}],"curies":[{"name":"wp","href":"https:\/\/api.w.org\/{rel}","templated":true}]}}