{"id":21612,"date":"2024-05-30T11:04:24","date_gmt":"2024-05-30T10:04:24","guid":{"rendered":"https:\/\/baralivres.ma\/?post_type=product&#038;p=21612"},"modified":"2025-02-24T18:18:31","modified_gmt":"2025-02-24T17:18:31","slug":"mes-premieres-lectures-a-deux-voix-bonne-nuit","status":"publish","type":"product","link":"https:\/\/baralivres.ma\/?product=mes-premieres-lectures-a-deux-voix-bonne-nuit","title":{"rendered":"Mes premi\u00e8res lectures \u00e0 deux voix &#8211; Bonne nuit"},"content":{"rendered":"<p>\u00ab\u00a0<strong>Mes premi\u00e8res lectures \u00e0 deux voix &#8211; Bonne nuit<\/strong>\u00a0\u00bb est un livre interactif destin\u00e9 aux jeunes enfants, compos\u00e9 de sept histoires \u00e0 lire ensemble. Une des histoires raconte comment L\u00e9on le chevalier peine \u00e0 s&rsquo;endormir \u00e0 cause du concert nocturne des animaux pr\u00e8s de la mare. En ville, le marchand et la marchande de sable aident les habitants \u00e0 trouver le sommeil. Les illustrations ins\u00e9r\u00e9es dans le texte encouragent les enfants \u00e0 chercher les mots, et les boutons sonores animent les r\u00e9cits, rendant la lecture ludique et immersive. Ce livre est con\u00e7u pour initier les enfants au plaisir de la lecture partag\u00e9e.<\/p>\n","protected":false},"excerpt":{"rendered":"<div class=\"flex flex-grow flex-col max-w-full\">\n<div class=\"min-h-[20px] text-message flex flex-col items-start whitespace-pre-wrap break-words [.text-message+&amp;]:mt-5 juice:w-full juice:items-end overflow-x-auto gap-2\" dir=\"auto\" data-message-author-role=\"assistant\" data-message-id=\"ebdaa322-379e-496e-9053-46aa696f834d\">\n<div class=\"flex w-full flex-col gap-1 juice:empty:hidden juice:first:pt-[3px]\">\n<div class=\"markdown prose w-full break-words dark:prose-invert light\">\n<p>Ce livre est id\u00e9al pour les enfants qui d\u00e9butent dans la lecture, car il combine le plaisir de la narration avec des \u00e9l\u00e9ments interactifs qui stimulent l&rsquo;int\u00e9r\u00eat et la participation active des petits lecteurs.<\/p>\n<\/div>\n<\/div>\n<\/div>\n<\/div>\n","protected":false},"featured_media":21613,"comment_status":"open","ping_status":"closed","template":"","meta":{"inline_featured_image":false},"product_cat":[4229,3944,197],"product_tag":[],"class_list":{"0":"post-21612","1":"product","2":"type-product","3":"status-publish","4":"has-post-thumbnail","6":"product_cat-bibliotheque_a_moins-cher","7":"product_cat-les-livres-sonore-francais","8":"product_cat-livre-sonore","9":"pa_auteurs-anna-taube","11":"first","12":"instock","13":"sale","14":"shipping-taxable","15":"purchasable","16":"product-type-simple"},"_links":{"self":[{"href":"https:\/\/baralivres.ma\/index.php?rest_route=\/wp\/v2\/product\/21612","targetHints":{"allow":["GET"]}}],"collection":[{"href":"https:\/\/baralivres.ma\/index.php?rest_route=\/wp\/v2\/product"}],"about":[{"href":"https:\/\/baralivres.ma\/index.php?rest_route=\/wp\/v2\/types\/product"}],"replies":[{"embeddable":true,"href":"https:\/\/baralivres.ma\/index.php?rest_route=%2Fwp%2Fv2%2Fcomments&post=21612"}],"version-history":[{"count":1,"href":"https:\/\/baralivres.ma\/index.php?rest_route=\/wp\/v2\/product\/21612\/revisions"}],"predecessor-version":[{"id":21616,"href":"https:\/\/baralivres.ma\/index.php?rest_route=\/wp\/v2\/product\/21612\/revisions\/21616"}],"wp:featuredmedia":[{"embeddable":true,"href":"https:\/\/baralivres.ma\/index.php?rest_route=\/wp\/v2\/media\/21613"}],"wp:attachment":[{"href":"https:\/\/baralivres.ma\/index.php?rest_route=%2Fwp%2Fv2%2Fmedia&parent=21612"}],"wp:term":[{"taxonomy":"product_cat","embeddable":true,"href":"https:\/\/baralivres.ma\/index.php?rest_route=%2Fwp%2Fv2%2Fproduct_cat&post=21612"},{"taxonomy":"product_tag","embeddable":true,"href":"https:\/\/baralivres.ma\/index.php?rest_route=%2Fwp%2Fv2%2Fproduct_tag&post=21612"}],"curies":[{"name":"wp","href":"https:\/\/api.w.org\/{rel}","templated":true}]}}