{"id":21563,"date":"2024-05-20T15:24:55","date_gmt":"2024-05-20T14:24:55","guid":{"rendered":"https:\/\/baralivres.ma\/?post_type=product&#038;p=21563"},"modified":"2024-11-05T13:48:23","modified_gmt":"2024-11-05T12:48:23","slug":"ecoute-et-cherche-12-boutons-sonores-animaux","status":"publish","type":"product","link":"https:\/\/baralivres.ma\/?product=ecoute-et-cherche-12-boutons-sonores-animaux","title":{"rendered":"\u00c9coute et cherche, 12 boutons sonores : animaux"},"content":{"rendered":"<p><em>\u00c9coute et cherche, 12 boutons sonores : animaux<\/em> est un livre sonore interactif con\u00e7u pour les jeunes enfants. Il pr\u00e9sente cinq habitats naturels : la jungle et la savane, l&rsquo;oc\u00e9an, la for\u00eat, la banquise et la ferme. Chaque habitat est illustr\u00e9 avec six images et accompagn\u00e9 de deux boutons sonores permettant d&rsquo;entendre les cris des animaux correspondants. Ce livre color\u00e9 et joyeux aide les enfants \u00e0 d\u00e9velopper leur m\u00e9moire visuelle et auditive tout en d\u00e9couvrant le monde des animaux de mani\u00e8re ludique et \u00e9ducative.<\/p>\n","protected":false},"excerpt":{"rendered":"<p><em>\u00c9coute et cherche, 12 boutons sonores : animaux<\/em> est un excellent outil pour \u00e9veiller la curiosit\u00e9 des enfants, tout en leur offrant une premi\u00e8re introduction ludique au monde animalier.<\/p>\n","protected":false},"featured_media":21564,"comment_status":"open","ping_status":"closed","template":"","meta":{"inline_featured_image":false},"product_cat":[3944,197],"product_tag":[],"class_list":{"0":"post-21563","1":"product","2":"type-product","3":"status-publish","4":"has-post-thumbnail","6":"product_cat-les-livres-sonore-francais","7":"product_cat-livre-sonore","9":"first","10":"instock","11":"shipping-taxable","12":"purchasable","13":"product-type-simple"},"_links":{"self":[{"href":"https:\/\/baralivres.ma\/index.php?rest_route=\/wp\/v2\/product\/21563","targetHints":{"allow":["GET"]}}],"collection":[{"href":"https:\/\/baralivres.ma\/index.php?rest_route=\/wp\/v2\/product"}],"about":[{"href":"https:\/\/baralivres.ma\/index.php?rest_route=\/wp\/v2\/types\/product"}],"replies":[{"embeddable":true,"href":"https:\/\/baralivres.ma\/index.php?rest_route=%2Fwp%2Fv2%2Fcomments&post=21563"}],"version-history":[{"count":1,"href":"https:\/\/baralivres.ma\/index.php?rest_route=\/wp\/v2\/product\/21563\/revisions"}],"predecessor-version":[{"id":21567,"href":"https:\/\/baralivres.ma\/index.php?rest_route=\/wp\/v2\/product\/21563\/revisions\/21567"}],"wp:featuredmedia":[{"embeddable":true,"href":"https:\/\/baralivres.ma\/index.php?rest_route=\/wp\/v2\/media\/21564"}],"wp:attachment":[{"href":"https:\/\/baralivres.ma\/index.php?rest_route=%2Fwp%2Fv2%2Fmedia&parent=21563"}],"wp:term":[{"taxonomy":"product_cat","embeddable":true,"href":"https:\/\/baralivres.ma\/index.php?rest_route=%2Fwp%2Fv2%2Fproduct_cat&post=21563"},{"taxonomy":"product_tag","embeddable":true,"href":"https:\/\/baralivres.ma\/index.php?rest_route=%2Fwp%2Fv2%2Fproduct_tag&post=21563"}],"curies":[{"name":"wp","href":"https:\/\/api.w.org\/{rel}","templated":true}]}}