{"id":21557,"date":"2024-05-20T15:03:34","date_gmt":"2024-05-20T14:03:34","guid":{"rendered":"https:\/\/baralivres.ma\/?post_type=product&#038;p=21557"},"modified":"2025-02-24T18:19:32","modified_gmt":"2025-02-24T17:19:32","slug":"mon-livre-sonore-latlas-des-animaux","status":"publish","type":"product","link":"https:\/\/baralivres.ma\/?product=mon-livre-sonore-latlas-des-animaux","title":{"rendered":"Mon livre sonore : L&rsquo;atlas des animaux"},"content":{"rendered":"<p>\u00ab\u00a0Mon livre sonore : L&rsquo;atlas des animaux\u00a0\u00bb est un ouvrage interactif et \u00e9ducatif pour les enfants, dot\u00e9 de 250 puces sonores. Chaque puce propose un mot et un bruit insolite, permettant aux jeunes lecteurs d&rsquo;apprendre du vocabulaire de mani\u00e8re ludique. Sur chaque double-page, un jeu d&rsquo;observation est inclus pour encourager l&rsquo;exploration et l&rsquo;engagement. Ce livre offre une mani\u00e8re joyeuse de d\u00e9couvrir la diversit\u00e9 animale tout en stimulant la curiosit\u00e9 et l&rsquo;int\u00e9r\u00eat des enfants pour la nature.<\/p>\n","protected":false},"excerpt":{"rendered":"<p>\u00ab\u00a0Mon livre sonore : L&rsquo;atlas des animaux\u00a0\u00bb est un excellent outil pour les parents et les \u00e9ducateurs souhaitant enrichir l&rsquo;apprentissage des enfants par le biais du jeu et de l&rsquo;interactivit\u00e9.<\/p>\n","protected":false},"featured_media":21558,"comment_status":"open","ping_status":"closed","template":"","meta":{"inline_featured_image":false},"product_cat":[4229,3944,197],"product_tag":[],"class_list":{"0":"post-21557","1":"product","2":"type-product","3":"status-publish","4":"has-post-thumbnail","6":"product_cat-bibliotheque_a_moins-cher","7":"product_cat-les-livres-sonore-francais","8":"product_cat-livre-sonore","10":"first","11":"instock","12":"sale","13":"shipping-taxable","14":"purchasable","15":"product-type-simple"},"_links":{"self":[{"href":"https:\/\/baralivres.ma\/index.php?rest_route=\/wp\/v2\/product\/21557","targetHints":{"allow":["GET"]}}],"collection":[{"href":"https:\/\/baralivres.ma\/index.php?rest_route=\/wp\/v2\/product"}],"about":[{"href":"https:\/\/baralivres.ma\/index.php?rest_route=\/wp\/v2\/types\/product"}],"replies":[{"embeddable":true,"href":"https:\/\/baralivres.ma\/index.php?rest_route=%2Fwp%2Fv2%2Fcomments&post=21557"}],"version-history":[{"count":1,"href":"https:\/\/baralivres.ma\/index.php?rest_route=\/wp\/v2\/product\/21557\/revisions"}],"predecessor-version":[{"id":21559,"href":"https:\/\/baralivres.ma\/index.php?rest_route=\/wp\/v2\/product\/21557\/revisions\/21559"}],"wp:featuredmedia":[{"embeddable":true,"href":"https:\/\/baralivres.ma\/index.php?rest_route=\/wp\/v2\/media\/21558"}],"wp:attachment":[{"href":"https:\/\/baralivres.ma\/index.php?rest_route=%2Fwp%2Fv2%2Fmedia&parent=21557"}],"wp:term":[{"taxonomy":"product_cat","embeddable":true,"href":"https:\/\/baralivres.ma\/index.php?rest_route=%2Fwp%2Fv2%2Fproduct_cat&post=21557"},{"taxonomy":"product_tag","embeddable":true,"href":"https:\/\/baralivres.ma\/index.php?rest_route=%2Fwp%2Fv2%2Fproduct_tag&post=21557"}],"curies":[{"name":"wp","href":"https:\/\/api.w.org\/{rel}","templated":true}]}}