{"id":21500,"date":"2024-05-17T14:18:59","date_gmt":"2024-05-17T13:18:59","guid":{"rendered":"https:\/\/baralivres.ma\/?post_type=product&#038;p=21500"},"modified":"2024-10-27T16:38:52","modified_gmt":"2024-10-27T15:38:52","slug":"mes-jolies-peintures-magiques-animaux-mignons","status":"publish","type":"product","link":"https:\/\/baralivres.ma\/?product=mes-jolies-peintures-magiques-animaux-mignons","title":{"rendered":"Mes jolies peintures magiques &#8211; animaux mignons"},"content":{"rendered":"<p>Mes jolies peintures magiques &#8211; animaux mignons\u00a0\u00bb est un livre interactif id\u00e9al pour les enfants, rempli de dessins adorables d&rsquo;animaux. Ce livre propose une exp\u00e9rience magique o\u00f9 les couleurs apparaissent comme par enchantement lorsque l&rsquo;enfant applique un pinceau rempli d&rsquo;eau sur les illustrations. Lorsque l&rsquo;encre s\u00e8che, les couleurs disparaissent, permettant ainsi aux enfants de recommencer l&rsquo;activit\u00e9 autant de fois qu&rsquo;ils le souhaitent.<\/p>\n<p>Cette activit\u00e9 captivante est parfaite pour occuper les enfants pendant de longs moments de calme, que ce soit \u00e0 la maison ou \u00e0 l&rsquo;ext\u00e9rieur. En plus de l&rsquo;aspect artistique, le livre comprend 7 jeux \u00ab\u00a0Cherche et Trouve\u00a0\u00bb qui aident les enfants \u00e0 apprendre les chiffres et les couleurs de mani\u00e8re ludique et interactive. C&rsquo;est une excellente fa\u00e7on de d\u00e9velopper leur sens de l&rsquo;observation et leur reconnaissance des couleurs et des chiffres, tout en s&rsquo;amusant.<\/p>\n","protected":false},"excerpt":{"rendered":"<p>\u00ab\u00a0Mes jolies peintures magiques &#8211; animaux mignons\u00a0\u00bb est un livre interactif pour enfants qui propose des dessins d&rsquo;animaux mignons \u00e0 colorier avec un pinceau rempli d&rsquo;eau. Les couleurs apparaissent magiquement au contact de l&rsquo;eau et disparaissent en s\u00e9chant, permettant de recommencer l&rsquo;activit\u00e9 \u00e0 l&rsquo;infini. Ce livre inclut \u00e9galement 7 jeux \u00ab\u00a0Cherche et Trouve\u00a0\u00bb pour apprendre les chiffres et les couleurs. C&rsquo;est une activit\u00e9 id\u00e9ale pour des moments de calme \u00e0 la maison ou \u00e0 l&rsquo;ext\u00e9rieur.<\/p>\n","protected":false},"featured_media":21501,"comment_status":"open","ping_status":"closed","template":"","meta":{"inline_featured_image":false},"product_cat":[210,200],"product_tag":[],"class_list":{"0":"post-21500","1":"product","2":"type-product","3":"status-publish","4":"has-post-thumbnail","6":"product_cat-activites-bebe-enfant","7":"product_cat-activites","9":"first","10":"instock","11":"shipping-taxable","12":"purchasable","13":"product-type-simple"},"_links":{"self":[{"href":"https:\/\/baralivres.ma\/index.php?rest_route=\/wp\/v2\/product\/21500","targetHints":{"allow":["GET"]}}],"collection":[{"href":"https:\/\/baralivres.ma\/index.php?rest_route=\/wp\/v2\/product"}],"about":[{"href":"https:\/\/baralivres.ma\/index.php?rest_route=\/wp\/v2\/types\/product"}],"replies":[{"embeddable":true,"href":"https:\/\/baralivres.ma\/index.php?rest_route=%2Fwp%2Fv2%2Fcomments&post=21500"}],"version-history":[{"count":1,"href":"https:\/\/baralivres.ma\/index.php?rest_route=\/wp\/v2\/product\/21500\/revisions"}],"predecessor-version":[{"id":21504,"href":"https:\/\/baralivres.ma\/index.php?rest_route=\/wp\/v2\/product\/21500\/revisions\/21504"}],"wp:featuredmedia":[{"embeddable":true,"href":"https:\/\/baralivres.ma\/index.php?rest_route=\/wp\/v2\/media\/21501"}],"wp:attachment":[{"href":"https:\/\/baralivres.ma\/index.php?rest_route=%2Fwp%2Fv2%2Fmedia&parent=21500"}],"wp:term":[{"taxonomy":"product_cat","embeddable":true,"href":"https:\/\/baralivres.ma\/index.php?rest_route=%2Fwp%2Fv2%2Fproduct_cat&post=21500"},{"taxonomy":"product_tag","embeddable":true,"href":"https:\/\/baralivres.ma\/index.php?rest_route=%2Fwp%2Fv2%2Fproduct_tag&post=21500"}],"curies":[{"name":"wp","href":"https:\/\/api.w.org\/{rel}","templated":true}]}}