{"id":21451,"date":"2024-05-06T16:01:23","date_gmt":"2024-05-06T15:01:23","guid":{"rendered":"https:\/\/baralivres.ma\/?post_type=product&#038;p=21451"},"modified":"2025-02-26T17:53:51","modified_gmt":"2025-02-26T16:53:51","slug":"le-loup-qui-voulait-etre-un-artiste","status":"publish","type":"product","link":"https:\/\/baralivres.ma\/?product=le-loup-qui-voulait-etre-un-artiste","title":{"rendered":"Le loup qui voulait \u00eatre un artiste"},"content":{"rendered":"<p>\u00ab\u00a0Le loup qui voulait \u00eatre un artiste\u00a0\u00bb raconte l&rsquo;histoire de Loup, qui se r\u00e9veille un jour avec le d\u00e9sir ardent de devenir un artiste. Il explore diverses formes d&rsquo;art, de la peinture \u00e0 la sculpture en passant par le th\u00e9\u00e2tre, mais il peine \u00e0 trouver sa v\u00e9ritable vocation. Convaincu qu&rsquo;il est destin\u00e9 \u00e0 \u00eatre une rockstar, Loup se lance dans la musique et devient rapidement une sensation. Cependant, il d\u00e9couvre que la c\u00e9l\u00e9brit\u00e9 comporte son lot de d\u00e9fis. Cette sixi\u00e8me aventure de Loup est \u00e0 la fois tendre et dr\u00f4le, truff\u00e9e de r\u00e9f\u00e9rences artistiques, et captivera les lecteurs de tous \u00e2ges.<\/p>\n","protected":false},"excerpt":{"rendered":"<p>Le loup qui voulait \u00eatre un artiste\u00a0\u00bb, Loup se r\u00e9veille un jour avec le d\u00e9sir de devenir un artiste. Il explore diff\u00e9rentes formes d&rsquo;art, de la peinture \u00e0 la musique, mais d\u00e9couvre que la c\u00e9l\u00e9brit\u00e9 a ses d\u00e9fis. Cette histoire tendre et dr\u00f4le, remplie de r\u00e9f\u00e9rences artistiques, ravira les lecteurs de tous \u00e2ges<\/p>\n","protected":false},"featured_media":21452,"comment_status":"open","ping_status":"closed","template":"","meta":{"inline_featured_image":false},"product_cat":[4229,3877,199],"product_tag":[],"class_list":{"0":"post-21451","1":"product","2":"type-product","3":"status-publish","4":"has-post-thumbnail","6":"product_cat-bibliotheque_a_moins-cher","7":"product_cat-les-histoires-francais","8":"product_cat-histoires","9":"pa_auteurs-orianne-lallemand","11":"first","12":"instock","13":"sale","14":"shipping-taxable","15":"purchasable","16":"product-type-simple"},"_links":{"self":[{"href":"https:\/\/baralivres.ma\/index.php?rest_route=\/wp\/v2\/product\/21451","targetHints":{"allow":["GET"]}}],"collection":[{"href":"https:\/\/baralivres.ma\/index.php?rest_route=\/wp\/v2\/product"}],"about":[{"href":"https:\/\/baralivres.ma\/index.php?rest_route=\/wp\/v2\/types\/product"}],"replies":[{"embeddable":true,"href":"https:\/\/baralivres.ma\/index.php?rest_route=%2Fwp%2Fv2%2Fcomments&post=21451"}],"version-history":[{"count":1,"href":"https:\/\/baralivres.ma\/index.php?rest_route=\/wp\/v2\/product\/21451\/revisions"}],"predecessor-version":[{"id":21455,"href":"https:\/\/baralivres.ma\/index.php?rest_route=\/wp\/v2\/product\/21451\/revisions\/21455"}],"wp:featuredmedia":[{"embeddable":true,"href":"https:\/\/baralivres.ma\/index.php?rest_route=\/wp\/v2\/media\/21452"}],"wp:attachment":[{"href":"https:\/\/baralivres.ma\/index.php?rest_route=%2Fwp%2Fv2%2Fmedia&parent=21451"}],"wp:term":[{"taxonomy":"product_cat","embeddable":true,"href":"https:\/\/baralivres.ma\/index.php?rest_route=%2Fwp%2Fv2%2Fproduct_cat&post=21451"},{"taxonomy":"product_tag","embeddable":true,"href":"https:\/\/baralivres.ma\/index.php?rest_route=%2Fwp%2Fv2%2Fproduct_tag&post=21451"}],"curies":[{"name":"wp","href":"https:\/\/api.w.org\/{rel}","templated":true}]}}