{"id":21331,"date":"2024-04-28T22:21:10","date_gmt":"2024-04-28T21:21:10","guid":{"rendered":"https:\/\/baralivres.ma\/?post_type=product&#038;p=21331"},"modified":"2024-10-29T12:59:16","modified_gmt":"2024-10-29T11:59:16","slug":"tout-pour-jouer-a-lecole","status":"publish","type":"product","link":"https:\/\/baralivres.ma\/?product=tout-pour-jouer-a-lecole","title":{"rendered":"Tout pour jouer \u00e0 l&rsquo;\u00e9cole"},"content":{"rendered":"<p>Dans ce coffret, tu as tout ce qu&rsquo;il te faut pour recr\u00e9er une salle de classe : trois livrets d&rsquo;exercices, un tableau magn\u00e9tique effa\u00e7able avec feutre et craies, des aimants, des bons points et des dipl\u00f4mes. \u00c0 toi de jouer le r\u00f4le du ma\u00eetre ou de la ma\u00eetresse et de guider tes \u00e9l\u00e8ves \u00e0 travers une semaine d&rsquo;apprentissage passionnante !<\/p>\n","protected":false},"excerpt":{"rendered":"<p>Ce coffret d&rsquo;\u00e9cole contient tout pour jouer le r\u00f4le du professeur : livrets d&rsquo;exercices, tableau magn\u00e9tique, feutre, craies, aimants, bons points et dipl\u00f4mes. \u00c0 toi de cr\u00e9er une classe dynamique et amusante !<\/p>\n","protected":false},"featured_media":21332,"comment_status":"open","ping_status":"closed","template":"","meta":{"inline_featured_image":false},"product_cat":[3875,201,212,200],"product_tag":[],"class_list":{"0":"post-21331","1":"product","2":"type-product","3":"status-publish","4":"has-post-thumbnail","6":"product_cat-coffret-francais","7":"product_cat-coffret","8":"product_cat-puzzle","9":"product_cat-activites","10":"pa_auteurs-alexia-romatif","12":"first","13":"instock","14":"shipping-taxable","15":"purchasable","16":"product-type-simple"},"_links":{"self":[{"href":"https:\/\/baralivres.ma\/index.php?rest_route=\/wp\/v2\/product\/21331","targetHints":{"allow":["GET"]}}],"collection":[{"href":"https:\/\/baralivres.ma\/index.php?rest_route=\/wp\/v2\/product"}],"about":[{"href":"https:\/\/baralivres.ma\/index.php?rest_route=\/wp\/v2\/types\/product"}],"replies":[{"embeddable":true,"href":"https:\/\/baralivres.ma\/index.php?rest_route=%2Fwp%2Fv2%2Fcomments&post=21331"}],"version-history":[{"count":1,"href":"https:\/\/baralivres.ma\/index.php?rest_route=\/wp\/v2\/product\/21331\/revisions"}],"predecessor-version":[{"id":21333,"href":"https:\/\/baralivres.ma\/index.php?rest_route=\/wp\/v2\/product\/21331\/revisions\/21333"}],"wp:featuredmedia":[{"embeddable":true,"href":"https:\/\/baralivres.ma\/index.php?rest_route=\/wp\/v2\/media\/21332"}],"wp:attachment":[{"href":"https:\/\/baralivres.ma\/index.php?rest_route=%2Fwp%2Fv2%2Fmedia&parent=21331"}],"wp:term":[{"taxonomy":"product_cat","embeddable":true,"href":"https:\/\/baralivres.ma\/index.php?rest_route=%2Fwp%2Fv2%2Fproduct_cat&post=21331"},{"taxonomy":"product_tag","embeddable":true,"href":"https:\/\/baralivres.ma\/index.php?rest_route=%2Fwp%2Fv2%2Fproduct_tag&post=21331"}],"curies":[{"name":"wp","href":"https:\/\/api.w.org\/{rel}","templated":true}]}}