{"id":21328,"date":"2024-04-28T22:11:32","date_gmt":"2024-04-28T21:11:32","guid":{"rendered":"https:\/\/baralivres.ma\/?post_type=product&#038;p=21328"},"modified":"2024-10-29T12:59:58","modified_gmt":"2024-10-29T11:59:58","slug":"a-la-decouverte-de-la-science","status":"publish","type":"product","link":"https:\/\/baralivres.ma\/?product=a-la-decouverte-de-la-science","title":{"rendered":"\u00c0 la d\u00e9couverte de la science"},"content":{"rendered":"<p>\u00c0 la d\u00e9couverte de la science est un coffret captivant qui propose plus de 30 exp\u00e9riences scientifiques expliqu\u00e9es pas \u00e0 pas dans un livre accompagn\u00e9 d&rsquo;un assortiment de mat\u00e9riel, comme des ballons de baudruche, des tubes \u00e0 essai, un thermom\u00e8tre, des pipettes et bien d&rsquo;autres outils passionnants.<\/p>\n","protected":false},"excerpt":{"rendered":"<p>\u00c0 la d\u00e9couverte de la science est bien plus qu&rsquo;un simple coffret ; c&rsquo;est une porte ouverte vers un monde d&rsquo;exploration et de curiosit\u00e9. Imagine-toi parcourant les myst\u00e8res de l&rsquo;univers \u00e0 travers plus de 30 exp\u00e9riences captivantes, toutes soigneusement expliqu\u00e9es pas \u00e0 pas dans un livre inclus.<\/p>\n","protected":false},"featured_media":21329,"comment_status":"open","ping_status":"closed","template":"","meta":{"inline_featured_image":false},"product_cat":[3875,201,212,200],"product_tag":[],"class_list":{"0":"post-21328","1":"product","2":"type-product","3":"status-publish","4":"has-post-thumbnail","6":"product_cat-coffret-francais","7":"product_cat-coffret","8":"product_cat-puzzle","9":"product_cat-activites","10":"pa_auteurs-alice-vettoreti","12":"first","13":"instock","14":"shipping-taxable","15":"purchasable","16":"product-type-simple"},"_links":{"self":[{"href":"https:\/\/baralivres.ma\/index.php?rest_route=\/wp\/v2\/product\/21328","targetHints":{"allow":["GET"]}}],"collection":[{"href":"https:\/\/baralivres.ma\/index.php?rest_route=\/wp\/v2\/product"}],"about":[{"href":"https:\/\/baralivres.ma\/index.php?rest_route=\/wp\/v2\/types\/product"}],"replies":[{"embeddable":true,"href":"https:\/\/baralivres.ma\/index.php?rest_route=%2Fwp%2Fv2%2Fcomments&post=21328"}],"version-history":[{"count":1,"href":"https:\/\/baralivres.ma\/index.php?rest_route=\/wp\/v2\/product\/21328\/revisions"}],"predecessor-version":[{"id":21330,"href":"https:\/\/baralivres.ma\/index.php?rest_route=\/wp\/v2\/product\/21328\/revisions\/21330"}],"wp:featuredmedia":[{"embeddable":true,"href":"https:\/\/baralivres.ma\/index.php?rest_route=\/wp\/v2\/media\/21329"}],"wp:attachment":[{"href":"https:\/\/baralivres.ma\/index.php?rest_route=%2Fwp%2Fv2%2Fmedia&parent=21328"}],"wp:term":[{"taxonomy":"product_cat","embeddable":true,"href":"https:\/\/baralivres.ma\/index.php?rest_route=%2Fwp%2Fv2%2Fproduct_cat&post=21328"},{"taxonomy":"product_tag","embeddable":true,"href":"https:\/\/baralivres.ma\/index.php?rest_route=%2Fwp%2Fv2%2Fproduct_tag&post=21328"}],"curies":[{"name":"wp","href":"https:\/\/api.w.org\/{rel}","templated":true}]}}