{"id":21303,"date":"2024-04-28T15:31:54","date_gmt":"2024-04-28T14:31:54","guid":{"rendered":"https:\/\/baralivres.ma\/?post_type=product&#038;p=21303"},"modified":"2024-10-28T14:54:52","modified_gmt":"2024-10-28T13:54:52","slug":"a-la-decouverte-des-chevaux","status":"publish","type":"product","link":"https:\/\/baralivres.ma\/?product=a-la-decouverte-des-chevaux","title":{"rendered":"\u00c0 la d\u00e9couverte des chevaux"},"content":{"rendered":"<p>Le coffret \u00ab\u00a0\u00c0 la d\u00e9couverte des chevaux\u00a0\u00bb est une ressource p\u00e9dagogique et ludique con\u00e7ue pour les enfants \u00e0 partir de 5 ans. Il comprend plus de 65 aimants \u00e0 placer sur un plateau aimant\u00e9, offrant ainsi une exp\u00e9rience interactive. En plus de cela, il est accompagn\u00e9 d&rsquo;un livret documentaire de 64 pages r\u00e9dig\u00e9 par Aubert Irena et Cerato Matia, illustr\u00e9 par Jessica Secheret. Publi\u00e9 par l&rsquo;\u00e9diteur Auzou et commercialis\u00e9 le 23\/09\/2022, ce coffret reli\u00e9 permet aux enfants d&rsquo;enrichir leurs connaissances sur les chevaux de mani\u00e8re amusante et \u00e9ducative.<\/p>\n","protected":false},"excerpt":{"rendered":"<p>e coffret \u00ab\u00a0\u00c0 la d\u00e9couverte des chevaux\u00a0\u00bb est un ensemble ludique et \u00e9ducatif comprenant plus de 65 aimants \u00e0 placer sur un plateau aimant\u00e9, accompagn\u00e9 d&rsquo;un livret documentaire de 64 pages.<\/p>\n","protected":false},"featured_media":21304,"comment_status":"open","ping_status":"closed","template":"","meta":{"inline_featured_image":false},"product_cat":[3875,201,212,200],"product_tag":[],"class_list":{"0":"post-21303","1":"product","2":"type-product","3":"status-publish","4":"has-post-thumbnail","6":"product_cat-coffret-francais","7":"product_cat-coffret","8":"product_cat-puzzle","9":"product_cat-activites","10":"pa_auteurs-aubert-irenacerato-matia","12":"first","13":"instock","14":"shipping-taxable","15":"purchasable","16":"product-type-simple"},"_links":{"self":[{"href":"https:\/\/baralivres.ma\/index.php?rest_route=\/wp\/v2\/product\/21303","targetHints":{"allow":["GET"]}}],"collection":[{"href":"https:\/\/baralivres.ma\/index.php?rest_route=\/wp\/v2\/product"}],"about":[{"href":"https:\/\/baralivres.ma\/index.php?rest_route=\/wp\/v2\/types\/product"}],"replies":[{"embeddable":true,"href":"https:\/\/baralivres.ma\/index.php?rest_route=%2Fwp%2Fv2%2Fcomments&post=21303"}],"version-history":[{"count":1,"href":"https:\/\/baralivres.ma\/index.php?rest_route=\/wp\/v2\/product\/21303\/revisions"}],"predecessor-version":[{"id":21305,"href":"https:\/\/baralivres.ma\/index.php?rest_route=\/wp\/v2\/product\/21303\/revisions\/21305"}],"wp:featuredmedia":[{"embeddable":true,"href":"https:\/\/baralivres.ma\/index.php?rest_route=\/wp\/v2\/media\/21304"}],"wp:attachment":[{"href":"https:\/\/baralivres.ma\/index.php?rest_route=%2Fwp%2Fv2%2Fmedia&parent=21303"}],"wp:term":[{"taxonomy":"product_cat","embeddable":true,"href":"https:\/\/baralivres.ma\/index.php?rest_route=%2Fwp%2Fv2%2Fproduct_cat&post=21303"},{"taxonomy":"product_tag","embeddable":true,"href":"https:\/\/baralivres.ma\/index.php?rest_route=%2Fwp%2Fv2%2Fproduct_tag&post=21303"}],"curies":[{"name":"wp","href":"https:\/\/api.w.org\/{rel}","templated":true}]}}