{"id":21247,"date":"2024-04-25T17:47:02","date_gmt":"2024-04-25T16:47:02","guid":{"rendered":"https:\/\/baralivres.ma\/?post_type=product&#038;p=21247"},"modified":"2024-11-27T15:57:34","modified_gmt":"2024-11-27T14:57:34","slug":"50-meditations-pour-etre-heureux","status":"publish","type":"product","link":"https:\/\/baralivres.ma\/?product=50-meditations-pour-etre-heureux","title":{"rendered":"50 m\u00e9ditations pour \u00eatre heureux"},"content":{"rendered":"<p>50 m\u00e9ditations pour \u00eatre heureux\u00a0\u00bb de Fabrice Midal est un guide pratique qui offre aux lecteurs une approche accessible et inspirante pour cultiver le bonheur dans leur vie quotidienne. \u00c0 travers une s\u00e9rie de m\u00e9ditations simples et profondes, l&rsquo;auteur invite les lecteurs \u00e0 explorer diff\u00e9rentes facettes de leur \u00eatre et \u00e0 d\u00e9velopper une attitude positive envers la vie.<\/p>\n<p>Chaque m\u00e9ditation est con\u00e7ue pour aider les lecteurs \u00e0 d\u00e9velopper leur capacit\u00e9 \u00e0 \u00eatre pr\u00e9sents dans le moment pr\u00e9sent, \u00e0 cultiver la gratitude, \u00e0 embrasser l&rsquo;imperfection et \u00e0 trouver la paix int\u00e9rieure. Midal combine sagesse ancienne et psychologie moderne pour offrir des conseils pratiques et des exercices m\u00e9ditatifs qui peuvent \u00eatre facilement int\u00e9gr\u00e9s dans la vie quotidienne.<\/p>\n<p>En explorant des th\u00e8mes tels que la bienveillance envers soi-m\u00eame, la compassion envers les autres, la gestion du stress et la recherche du sens de la vie, ce livre offre aux lecteurs un chemin vers un bonheur authentique et durable. En encourageant la pratique r\u00e9guli\u00e8re de la m\u00e9ditation et de la pleine conscience, Fabrice Midal nous montre comment transformer notre fa\u00e7on de vivre et de percevoir le monde pour trouver la joie et la satisfaction dans chaque instant.<\/p>\n","protected":false},"excerpt":{"rendered":"<p>50 m\u00e9ditations pour \u00eatre heureux\u00a0\u00bb de Fabrice Midal est un guide pratique pr\u00e9sentant 50 m\u00e9ditations simples pour cultiver le bonheur au quotidien. En combinant sagesse ancienne et psychologie moderne, l&rsquo;auteur propose des exercices m\u00e9ditatifs et des conseils pour d\u00e9velopper la pr\u00e9sence, la gratitude, la compassion et la paix int\u00e9rieure. Ce livre offre un chemin vers un bonheur authentique et durable, en encourageant la pratique r\u00e9guli\u00e8re de la m\u00e9ditation et de la pleine conscience.<\/p>\n","protected":false},"featured_media":21253,"comment_status":"open","ping_status":"closed","template":"","meta":{"inline_featured_image":false},"product_cat":[3896,91],"product_tag":[],"class_list":{"0":"post-21247","1":"product","2":"type-product","3":"status-publish","4":"has-post-thumbnail","6":"product_cat-developpement-francais","7":"product_cat-developpement","8":"pa_auteurs-fabrice-midal","10":"first","11":"instock","12":"shipping-taxable","13":"purchasable","14":"product-type-simple"},"_links":{"self":[{"href":"https:\/\/baralivres.ma\/index.php?rest_route=\/wp\/v2\/product\/21247","targetHints":{"allow":["GET"]}}],"collection":[{"href":"https:\/\/baralivres.ma\/index.php?rest_route=\/wp\/v2\/product"}],"about":[{"href":"https:\/\/baralivres.ma\/index.php?rest_route=\/wp\/v2\/types\/product"}],"replies":[{"embeddable":true,"href":"https:\/\/baralivres.ma\/index.php?rest_route=%2Fwp%2Fv2%2Fcomments&post=21247"}],"version-history":[{"count":1,"href":"https:\/\/baralivres.ma\/index.php?rest_route=\/wp\/v2\/product\/21247\/revisions"}],"predecessor-version":[{"id":21248,"href":"https:\/\/baralivres.ma\/index.php?rest_route=\/wp\/v2\/product\/21247\/revisions\/21248"}],"wp:featuredmedia":[{"embeddable":true,"href":"https:\/\/baralivres.ma\/index.php?rest_route=\/wp\/v2\/media\/21253"}],"wp:attachment":[{"href":"https:\/\/baralivres.ma\/index.php?rest_route=%2Fwp%2Fv2%2Fmedia&parent=21247"}],"wp:term":[{"taxonomy":"product_cat","embeddable":true,"href":"https:\/\/baralivres.ma\/index.php?rest_route=%2Fwp%2Fv2%2Fproduct_cat&post=21247"},{"taxonomy":"product_tag","embeddable":true,"href":"https:\/\/baralivres.ma\/index.php?rest_route=%2Fwp%2Fv2%2Fproduct_tag&post=21247"}],"curies":[{"name":"wp","href":"https:\/\/api.w.org\/{rel}","templated":true}]}}