{"id":21211,"date":"2024-04-25T10:44:27","date_gmt":"2024-04-25T09:44:27","guid":{"rendered":"https:\/\/baralivres.ma\/?post_type=product&#038;p=21211"},"modified":"2024-11-28T17:38:27","modified_gmt":"2024-11-28T16:38:27","slug":"benani-la-puissance-du-pardon","status":"publish","type":"product","link":"https:\/\/baralivres.ma\/?product=benani-la-puissance-du-pardon","title":{"rendered":"Benani &#8211; La puissance du pardon"},"content":{"rendered":"<p>\u00ab\u00a0L&rsquo;ouvrage de Lise Bourbeau, &lsquo;Benani &#8211; La puissance du pardon&rsquo;, explore un sujet profond\u00e9ment humain et universel : le pardon. \u00c0 travers l&rsquo;histoire de Benani, un jeune berger en qu\u00eate de v\u00e9rit\u00e9 et de paix int\u00e9rieure, l&rsquo;auteure nous conduit dans un voyage spirituel riche en enseignements.<\/p>\n<p>Dans ce livre, Bourbeau explore les diff\u00e9rentes dimensions du pardon, d\u00e9montrant comment cette pratique peut transformer nos vies en lib\u00e9rant notre esprit des fardeaux du ressentiment, de la col\u00e8re et de la douleur. Elle nous invite \u00e0 consid\u00e9rer le pardon comme un acte de gu\u00e9rison, tant pour nous-m\u00eames que pour les autres.<\/p>\n<p>\u00c0 travers les p\u00e9rip\u00e9ties de Benani, le lecteur d\u00e9couvre les \u00e9tapes du pardon, de la prise de conscience de la douleur \u00e0 la lib\u00e9ration de celle-ci. Lise Bourbeau nous rappelle que le pardon n&rsquo;est pas synonyme d&rsquo;oubli ou de justification des actes, mais plut\u00f4t un choix conscient de transcender nos souffrances pour retrouver la paix int\u00e9rieure.<\/p>\n","protected":false},"excerpt":{"rendered":"<p>\u00a0\u00bb &lsquo;Benani &#8211; La puissance du pardon&rsquo; de Lise Bourbeau explore le th\u00e8me du pardon \u00e0 travers l&rsquo;histoire de Benani, un jeune berger en qu\u00eate de paix int\u00e9rieure. Bourbeau guide le lecteur \u00e0 travers les \u00e9tapes du pardon, d\u00e9montrant comment celui-ci peut lib\u00e9rer l&rsquo;esprit des fardeaux \u00e9motionnels. Ce livre offre une r\u00e9flexion profonde sur la nature humaine et la capacit\u00e9 de transcender les souffrances du pass\u00e9 pour trouver la paix int\u00e9rieure.\u00a0\u00bb<\/p>\n","protected":false},"featured_media":21213,"comment_status":"open","ping_status":"closed","template":"","meta":{"inline_featured_image":false},"product_cat":[3873,143],"product_tag":[],"class_list":{"0":"post-21211","1":"product","2":"type-product","3":"status-publish","4":"has-post-thumbnail","6":"product_cat-roman-en-francais","7":"product_cat-roman","8":"pa_auteurs-lise-bourbeau","10":"first","11":"instock","12":"shipping-taxable","13":"purchasable","14":"product-type-simple"},"_links":{"self":[{"href":"https:\/\/baralivres.ma\/index.php?rest_route=\/wp\/v2\/product\/21211","targetHints":{"allow":["GET"]}}],"collection":[{"href":"https:\/\/baralivres.ma\/index.php?rest_route=\/wp\/v2\/product"}],"about":[{"href":"https:\/\/baralivres.ma\/index.php?rest_route=\/wp\/v2\/types\/product"}],"replies":[{"embeddable":true,"href":"https:\/\/baralivres.ma\/index.php?rest_route=%2Fwp%2Fv2%2Fcomments&post=21211"}],"version-history":[{"count":1,"href":"https:\/\/baralivres.ma\/index.php?rest_route=\/wp\/v2\/product\/21211\/revisions"}],"predecessor-version":[{"id":21212,"href":"https:\/\/baralivres.ma\/index.php?rest_route=\/wp\/v2\/product\/21211\/revisions\/21212"}],"wp:featuredmedia":[{"embeddable":true,"href":"https:\/\/baralivres.ma\/index.php?rest_route=\/wp\/v2\/media\/21213"}],"wp:attachment":[{"href":"https:\/\/baralivres.ma\/index.php?rest_route=%2Fwp%2Fv2%2Fmedia&parent=21211"}],"wp:term":[{"taxonomy":"product_cat","embeddable":true,"href":"https:\/\/baralivres.ma\/index.php?rest_route=%2Fwp%2Fv2%2Fproduct_cat&post=21211"},{"taxonomy":"product_tag","embeddable":true,"href":"https:\/\/baralivres.ma\/index.php?rest_route=%2Fwp%2Fv2%2Fproduct_tag&post=21211"}],"curies":[{"name":"wp","href":"https:\/\/api.w.org\/{rel}","templated":true}]}}