{"id":20517,"date":"2023-11-17T17:40:24","date_gmt":"2023-11-17T16:40:24","guid":{"rendered":"https:\/\/baralivres.ma\/?post_type=product&#038;p=20517"},"modified":"2025-04-17T15:24:42","modified_gmt":"2025-04-17T14:24:42","slug":"is-it-love-carter-corp-le-choix-della","status":"publish","type":"product","link":"https:\/\/baralivres.ma\/?product=is-it-love-carter-corp-le-choix-della","title":{"rendered":"Is it Love ? &#8211; Carter Corp &#8211; Le choix d&rsquo;Ella"},"content":{"rendered":"<p>Fra\u00eechement int\u00e9gr\u00e9e au d\u00e9partement \u00c9v\u00e9nementiel de la Carter Corp, Ella Forest incarne la jeunesse, le charisme et une ambition d\u00e9bordante. Charg\u00e9e par le s\u00e9duisant directeur du service d&rsquo;orchestrer l&rsquo;\u00e9v\u00e9nement phare de l&rsquo;entreprise, elle dispose de quelques semaines pour prendre les bonnes d\u00e9cisions et mener \u00e0 bien ce projet crucial. Toutefois, elle doit jongler avec les man\u0153uvres de son patron tyrannique tout en cherchant \u00e0 gu\u00e9rir son c\u0153ur meurtri dans les bras d&rsquo;un nouvel amour.<\/p>\n<p>Plongez dans ce roman interactif immerg\u00e9 dans l&rsquo;univers captivant d&rsquo;Is it Love? Prenez les r\u00eanes : s\u00e9duisez celui ou celle qui vous attire, \u00e9chappez aux manipulations de votre sup\u00e9rieur et organisez un \u00e9v\u00e9nement Carter Corp m\u00e9morable ! Votre choix impactera la promotion et l&rsquo;histoire d&rsquo;amour d&rsquo;Ella, ou bien pourrait mener \u00e0 une impasse professionnelle et \u00e0 la solitude. Le destin d&rsquo;Ella d\u00e9pend de vos d\u00e9cisions !<\/p>\n","protected":false},"excerpt":{"rendered":"<p>Jeune Ella, ambitieuse, organise un \u00e9v\u00e9nement crucial, jonglant amour naissant et tyrannie professionnelle.<\/p>\n","protected":false},"featured_media":20518,"comment_status":"open","ping_status":"closed","template":"","meta":{"inline_featured_image":false},"product_cat":[3873,203,68,143],"product_tag":[],"class_list":{"0":"post-20517","1":"product","2":"type-product","3":"status-publish","4":"has-post-thumbnail","6":"product_cat-roman-en-francais","7":"product_cat-adolescente","8":"product_cat-romance","9":"product_cat-roman","10":"pa_auteurs-lilie-bagage","12":"first","13":"instock","14":"shipping-taxable","15":"purchasable","16":"product-type-simple"},"_links":{"self":[{"href":"https:\/\/baralivres.ma\/index.php?rest_route=\/wp\/v2\/product\/20517","targetHints":{"allow":["GET"]}}],"collection":[{"href":"https:\/\/baralivres.ma\/index.php?rest_route=\/wp\/v2\/product"}],"about":[{"href":"https:\/\/baralivres.ma\/index.php?rest_route=\/wp\/v2\/types\/product"}],"replies":[{"embeddable":true,"href":"https:\/\/baralivres.ma\/index.php?rest_route=%2Fwp%2Fv2%2Fcomments&post=20517"}],"version-history":[{"count":1,"href":"https:\/\/baralivres.ma\/index.php?rest_route=\/wp\/v2\/product\/20517\/revisions"}],"predecessor-version":[{"id":20519,"href":"https:\/\/baralivres.ma\/index.php?rest_route=\/wp\/v2\/product\/20517\/revisions\/20519"}],"wp:featuredmedia":[{"embeddable":true,"href":"https:\/\/baralivres.ma\/index.php?rest_route=\/wp\/v2\/media\/20518"}],"wp:attachment":[{"href":"https:\/\/baralivres.ma\/index.php?rest_route=%2Fwp%2Fv2%2Fmedia&parent=20517"}],"wp:term":[{"taxonomy":"product_cat","embeddable":true,"href":"https:\/\/baralivres.ma\/index.php?rest_route=%2Fwp%2Fv2%2Fproduct_cat&post=20517"},{"taxonomy":"product_tag","embeddable":true,"href":"https:\/\/baralivres.ma\/index.php?rest_route=%2Fwp%2Fv2%2Fproduct_tag&post=20517"}],"curies":[{"name":"wp","href":"https:\/\/api.w.org\/{rel}","templated":true}]}}