{"id":20495,"date":"2023-11-17T15:29:29","date_gmt":"2023-11-17T14:29:29","guid":{"rendered":"https:\/\/baralivres.ma\/?post_type=product&#038;p=20495"},"modified":"2025-04-24T17:05:54","modified_gmt":"2025-04-24T16:05:54","slug":"disney-baby-mes-premiers-imagiers-mon-cherche-et-trouve-panpan","status":"publish","type":"product","link":"https:\/\/baralivres.ma\/?product=disney-baby-mes-premiers-imagiers-mon-cherche-et-trouve-panpan","title":{"rendered":"Mes Premiers Imagiers &#8211; Mon cherche et trouve Panpan"},"content":{"rendered":"<p>Partez \u00e0 la d\u00e9couverte de la for\u00eat avec Panpan dans un jeu de cache-cache pour les tout-petits ! Explorez un livre Disney Baby plein de couleurs et d&rsquo;amusement, avec 24 pages remplies de sc\u00e8nes o\u00f9 trouver Panpan et ses compagnons. C&rsquo;est \u00e9galement une opportunit\u00e9 d&rsquo;identifier tout ce que l&rsquo;enfant voit, pour enrichir son vocabulaire en apprenant de nouveaux mots !<\/p>\n","protected":false},"excerpt":{"rendered":"<p>Cache-cache avec Panpan dans livre Disney, enrichit vocabulaire enfant.<\/p>\n","protected":false},"featured_media":20496,"comment_status":"open","ping_status":"closed","template":"","meta":{"inline_featured_image":false},"product_cat":[3952],"product_tag":[],"class_list":{"0":"post-20495","1":"product","2":"type-product","3":"status-publish","4":"has-post-thumbnail","6":"product_cat-les-livres-a-toucher-pour-bebe","7":"pa_auteurs-collectif","9":"first","10":"instock","11":"shipping-taxable","12":"purchasable","13":"product-type-simple"},"_links":{"self":[{"href":"https:\/\/baralivres.ma\/index.php?rest_route=\/wp\/v2\/product\/20495","targetHints":{"allow":["GET"]}}],"collection":[{"href":"https:\/\/baralivres.ma\/index.php?rest_route=\/wp\/v2\/product"}],"about":[{"href":"https:\/\/baralivres.ma\/index.php?rest_route=\/wp\/v2\/types\/product"}],"replies":[{"embeddable":true,"href":"https:\/\/baralivres.ma\/index.php?rest_route=%2Fwp%2Fv2%2Fcomments&post=20495"}],"version-history":[{"count":2,"href":"https:\/\/baralivres.ma\/index.php?rest_route=\/wp\/v2\/product\/20495\/revisions"}],"predecessor-version":[{"id":23654,"href":"https:\/\/baralivres.ma\/index.php?rest_route=\/wp\/v2\/product\/20495\/revisions\/23654"}],"wp:featuredmedia":[{"embeddable":true,"href":"https:\/\/baralivres.ma\/index.php?rest_route=\/wp\/v2\/media\/20496"}],"wp:attachment":[{"href":"https:\/\/baralivres.ma\/index.php?rest_route=%2Fwp%2Fv2%2Fmedia&parent=20495"}],"wp:term":[{"taxonomy":"product_cat","embeddable":true,"href":"https:\/\/baralivres.ma\/index.php?rest_route=%2Fwp%2Fv2%2Fproduct_cat&post=20495"},{"taxonomy":"product_tag","embeddable":true,"href":"https:\/\/baralivres.ma\/index.php?rest_route=%2Fwp%2Fv2%2Fproduct_tag&post=20495"}],"curies":[{"name":"wp","href":"https:\/\/api.w.org\/{rel}","templated":true}]}}