{"id":20218,"date":"2023-11-17T12:43:34","date_gmt":"2023-11-17T11:43:34","guid":{"rendered":"https:\/\/baralivres.ma\/?post_type=product&#038;p=20218"},"modified":"2024-10-29T18:05:44","modified_gmt":"2024-10-29T17:05:44","slug":"poemes-mysteres","status":"publish","type":"product","link":"https:\/\/baralivres.ma\/?product=poemes-mysteres","title":{"rendered":"Po\u00e8mes myst\u00e8res"},"content":{"rendered":"<p>D\u00e9veloppez l&rsquo;art de la concentration visuelle en vous adonnant \u00e0 la coloration de cases num\u00e9rot\u00e9es avec des crayons ou des feutres. Chaque case d\u00e9voile un po\u00e8me, un ha\u00efku ou une citation c\u00e9l\u00e8bre, offrant ainsi des messages inspirants pour cultiver la s\u00e9r\u00e9nit\u00e9 et favoriser la pens\u00e9e positive. Cet exercice simple avec des \u00e9l\u00e9ments artistiques vise \u00e0 \u00e9lever votre esprit tout en stimulant votre cr\u00e9ativit\u00e9.<\/p>\n","protected":false},"excerpt":{"rendered":"<p>Coloriez cases num\u00e9rot\u00e9es avec crayons. D\u00e9couvrez po\u00e8mes, ha\u00efkus, citations inspirantes pour cultiver s\u00e9r\u00e9nit\u00e9, pens\u00e9e positive.<\/p>\n","protected":false},"featured_media":20222,"comment_status":"open","ping_status":"closed","template":"","meta":{"inline_featured_image":false},"product_cat":[3575],"product_tag":[],"class_list":{"0":"post-20218","1":"product","2":"type-product","3":"status-publish","4":"has-post-thumbnail","6":"product_cat-art-therapie","7":"pa_auteurs-aurelia-stephanie-bertrand","9":"first","10":"instock","11":"shipping-taxable","12":"purchasable","13":"product-type-simple"},"_links":{"self":[{"href":"https:\/\/baralivres.ma\/index.php?rest_route=\/wp\/v2\/product\/20218","targetHints":{"allow":["GET"]}}],"collection":[{"href":"https:\/\/baralivres.ma\/index.php?rest_route=\/wp\/v2\/product"}],"about":[{"href":"https:\/\/baralivres.ma\/index.php?rest_route=\/wp\/v2\/types\/product"}],"replies":[{"embeddable":true,"href":"https:\/\/baralivres.ma\/index.php?rest_route=%2Fwp%2Fv2%2Fcomments&post=20218"}],"version-history":[{"count":1,"href":"https:\/\/baralivres.ma\/index.php?rest_route=\/wp\/v2\/product\/20218\/revisions"}],"predecessor-version":[{"id":20225,"href":"https:\/\/baralivres.ma\/index.php?rest_route=\/wp\/v2\/product\/20218\/revisions\/20225"}],"wp:featuredmedia":[{"embeddable":true,"href":"https:\/\/baralivres.ma\/index.php?rest_route=\/wp\/v2\/media\/20222"}],"wp:attachment":[{"href":"https:\/\/baralivres.ma\/index.php?rest_route=%2Fwp%2Fv2%2Fmedia&parent=20218"}],"wp:term":[{"taxonomy":"product_cat","embeddable":true,"href":"https:\/\/baralivres.ma\/index.php?rest_route=%2Fwp%2Fv2%2Fproduct_cat&post=20218"},{"taxonomy":"product_tag","embeddable":true,"href":"https:\/\/baralivres.ma\/index.php?rest_route=%2Fwp%2Fv2%2Fproduct_tag&post=20218"}],"curies":[{"name":"wp","href":"https:\/\/api.w.org\/{rel}","templated":true}]}}