{"id":20175,"date":"2023-11-17T12:23:47","date_gmt":"2023-11-17T11:23:47","guid":{"rendered":"https:\/\/baralivres.ma\/?post_type=product&#038;p=20175"},"modified":"2024-10-29T18:08:26","modified_gmt":"2024-10-29T17:08:26","slug":"les-petits-carres-dart-therapie-paresseux","status":"publish","type":"product","link":"https:\/\/baralivres.ma\/?product=les-petits-carres-dart-therapie-paresseux","title":{"rendered":"Les petits carr\u00e9s d&rsquo;Art-th\u00e9rapie Paresseux"},"content":{"rendered":"<p>Red\u00e9couvrez la cr\u00e9ativit\u00e9 avec ce livre de coloriages exclusif d&rsquo;Art Th\u00e9rapie, con\u00e7u par un artiste.<\/p>\n<p>Immergez-vous dans la coloration de 100 motifs d\u00e9taill\u00e9s, embrassant la philosophie de vie d\u00e9tendue des paresseux pour vous reconnecter au pr\u00e9sent et oublier les soucis.<\/p>\n<p>Personnalisez votre exp\u00e9rience avec un mini-kit de papeterie comprenant du papier \u00e0 lettres, des \u00e9tiquettes et des marque-pages. Explorez sans limites les couleurs et laissez-vous emporter par le flux cr\u00e9atif.<\/p>\n","protected":false},"excerpt":{"rendered":"<p>Livre coloriages Art Th\u00e9rapie : 100 motifs paresseux, mini-kit papeterie. Reconnectez-vous au pr\u00e9sent, soyez cr\u00e9atif.<\/p>\n","protected":false},"featured_media":20178,"comment_status":"open","ping_status":"closed","template":"","meta":{"inline_featured_image":false},"product_cat":[3575],"product_tag":[],"class_list":{"0":"post-20175","1":"product","2":"type-product","3":"status-publish","4":"has-post-thumbnail","6":"product_cat-art-therapie","7":"pa_auteurs-florence-dellerie","9":"first","10":"instock","11":"shipping-taxable","12":"purchasable","13":"product-type-simple"},"_links":{"self":[{"href":"https:\/\/baralivres.ma\/index.php?rest_route=\/wp\/v2\/product\/20175","targetHints":{"allow":["GET"]}}],"collection":[{"href":"https:\/\/baralivres.ma\/index.php?rest_route=\/wp\/v2\/product"}],"about":[{"href":"https:\/\/baralivres.ma\/index.php?rest_route=\/wp\/v2\/types\/product"}],"replies":[{"embeddable":true,"href":"https:\/\/baralivres.ma\/index.php?rest_route=%2Fwp%2Fv2%2Fcomments&post=20175"}],"version-history":[{"count":1,"href":"https:\/\/baralivres.ma\/index.php?rest_route=\/wp\/v2\/product\/20175\/revisions"}],"predecessor-version":[{"id":20182,"href":"https:\/\/baralivres.ma\/index.php?rest_route=\/wp\/v2\/product\/20175\/revisions\/20182"}],"wp:featuredmedia":[{"embeddable":true,"href":"https:\/\/baralivres.ma\/index.php?rest_route=\/wp\/v2\/media\/20178"}],"wp:attachment":[{"href":"https:\/\/baralivres.ma\/index.php?rest_route=%2Fwp%2Fv2%2Fmedia&parent=20175"}],"wp:term":[{"taxonomy":"product_cat","embeddable":true,"href":"https:\/\/baralivres.ma\/index.php?rest_route=%2Fwp%2Fv2%2Fproduct_cat&post=20175"},{"taxonomy":"product_tag","embeddable":true,"href":"https:\/\/baralivres.ma\/index.php?rest_route=%2Fwp%2Fv2%2Fproduct_tag&post=20175"}],"curies":[{"name":"wp","href":"https:\/\/api.w.org\/{rel}","templated":true}]}}