{"id":20127,"date":"2023-11-13T17:36:01","date_gmt":"2023-11-13T16:36:01","guid":{"rendered":"https:\/\/baralivres.ma\/?post_type=product&#038;p=20127"},"modified":"2023-11-13T17:36:02","modified_gmt":"2023-11-13T16:36:02","slug":"la-verite-sur-ce-qui-nous-motive","status":"publish","type":"product","link":"https:\/\/baralivres.ma\/?product=la-verite-sur-ce-qui-nous-motive","title":{"rendered":"La v\u00e9rit\u00e9 sur ce qui nous motive"},"content":{"rendered":"<p>Au XIXe si\u00e8cle, le taylorisme et l&rsquo;organisation \u00ab\u00a0scientifique\u00a0\u00bb du travail ont instaur\u00e9 le principe de punition\/r\u00e9compense comme le mod\u00e8le dominant de la motivation. Daniel Pink, avec humour et des \u00e9tudes scientifiques \u00e0 l&rsquo;appui, remet en question la pertinence de ce paradigme d\u00e9pass\u00e9. Selon lui, la v\u00e9ritable source de motivation r\u00e9side dans le besoin humain inn\u00e9 d&rsquo;apprendre, de cr\u00e9er et de s&rsquo;am\u00e9liorer en permanence. \u00c0 travers des exemples concrets du monde professionnel, Pink d\u00e9code les trois \u00e9l\u00e9ments cl\u00e9s de la motivation : l&rsquo;autonomie, le d\u00e9sir d&rsquo;excellence dans son domaine et la qu\u00eate de sens dans sa vie. Ainsi, il affirme que l&rsquo;approche traditionnelle bas\u00e9e sur la carotte et le b\u00e2ton appartient d\u00e9sormais au pass\u00e9.<\/p>\n","protected":false},"excerpt":{"rendered":"<p>Daniel Pink remet en question le mod\u00e8le de motivation bas\u00e9 sur r\u00e9compense\/punition, privil\u00e9giant autonomie, excellence, sens.<\/p>\n","protected":false},"featured_media":20129,"comment_status":"open","ping_status":"closed","template":"","meta":{"inline_featured_image":false},"product_cat":[204,91],"product_tag":[],"class_list":{"0":"post-20127","1":"product","2":"type-product","3":"status-publish","4":"has-post-thumbnail","6":"product_cat-francais","7":"product_cat-developpement","8":"pa_auteurs-daniel-h-pink","10":"first","11":"instock","12":"shipping-taxable","13":"purchasable","14":"product-type-simple"},"_links":{"self":[{"href":"https:\/\/baralivres.ma\/index.php?rest_route=\/wp\/v2\/product\/20127","targetHints":{"allow":["GET"]}}],"collection":[{"href":"https:\/\/baralivres.ma\/index.php?rest_route=\/wp\/v2\/product"}],"about":[{"href":"https:\/\/baralivres.ma\/index.php?rest_route=\/wp\/v2\/types\/product"}],"replies":[{"embeddable":true,"href":"https:\/\/baralivres.ma\/index.php?rest_route=%2Fwp%2Fv2%2Fcomments&post=20127"}],"version-history":[{"count":1,"href":"https:\/\/baralivres.ma\/index.php?rest_route=\/wp\/v2\/product\/20127\/revisions"}],"predecessor-version":[{"id":20130,"href":"https:\/\/baralivres.ma\/index.php?rest_route=\/wp\/v2\/product\/20127\/revisions\/20130"}],"wp:featuredmedia":[{"embeddable":true,"href":"https:\/\/baralivres.ma\/index.php?rest_route=\/wp\/v2\/media\/20129"}],"wp:attachment":[{"href":"https:\/\/baralivres.ma\/index.php?rest_route=%2Fwp%2Fv2%2Fmedia&parent=20127"}],"wp:term":[{"taxonomy":"product_cat","embeddable":true,"href":"https:\/\/baralivres.ma\/index.php?rest_route=%2Fwp%2Fv2%2Fproduct_cat&post=20127"},{"taxonomy":"product_tag","embeddable":true,"href":"https:\/\/baralivres.ma\/index.php?rest_route=%2Fwp%2Fv2%2Fproduct_tag&post=20127"}],"curies":[{"name":"wp","href":"https:\/\/api.w.org\/{rel}","templated":true}]}}