{"id":20115,"date":"2023-11-13T17:23:47","date_gmt":"2023-11-13T16:23:47","guid":{"rendered":"https:\/\/baralivres.ma\/?post_type=product&#038;p=20115"},"modified":"2023-11-13T17:23:48","modified_gmt":"2023-11-13T16:23:48","slug":"averroes","status":"publish","type":"product","link":"https:\/\/baralivres.ma\/?product=averroes","title":{"rendered":"Averro\u00e8s"},"content":{"rendered":"<p>N\u00e9 en 1126 \u00e0 Cordoue et d\u00e9c\u00e9d\u00e9 en 1198 \u00e0 Marrakech, Averro\u00e8s (Ibn Rushd) s&rsquo;est distingu\u00e9 comme l&rsquo;un des penseurs les plus polyvalents du Moyen \u00c2ge musulman. M\u00e9decin, cadi, juriste et philosophe, il a explor\u00e9 une vaste gamme de connaissances profanes et religieuses de son \u00e9poque. Connu pour son \u0153uvre majeure, le cycle des commentaires d&rsquo;Aristote, qui a introduit la pens\u00e9e du premier ma\u00eetre \u00e0 l&rsquo;Occident chr\u00e9tien, Averro\u00e8s a \u00e9galement \u00e9t\u00e9 t\u00e9moin des tumultes qui ont secou\u00e9 l&rsquo;Andalousie. Son parcours a \u00e9t\u00e9 marqu\u00e9 par la r\u00e9volution almohade qui a d\u00e9but\u00e9 alors qu&rsquo;il \u00e9tait jeune, entra\u00eenant des changements politiques majeurs en Andalousie. Malgr\u00e9 les p\u00e9riodes de faveur et d&rsquo;exil, Averro\u00e8s n&rsquo;a cess\u00e9 d&rsquo;\u00e9crire. Sa post\u00e9rit\u00e9 intellectuelle consid\u00e9rable a \u00e9t\u00e9 accompagn\u00e9e d&rsquo;interpr\u00e9tations vari\u00e9es, le pr\u00e9sentant tant\u00f4t comme l&rsquo;incarnation de la rationalit\u00e9 philosophique, tant\u00f4t comme un \u00e9minent th\u00e9ologien. Dans cette biographie, Dominique Urvoy s&rsquo;efforce de pr\u00e9senter la v\u00e9ritable envergure de cet intellectuel musulman pr\u00e9coce, un esprit curieux cherchant \u00e0 concilier sagesse et loi religieuse, tout en cherchant \u00e0 d\u00e9finir un statut qui restait \u00e0 inventer.<\/p>\n","protected":false},"excerpt":{"rendered":"<p>Averro\u00e8s, penseur polyvalent du Moyen \u00c2ge musulman, m\u00e9decin, juriste, philosophe, influent commentateur d&rsquo;Aristote.<\/p>\n","protected":false},"featured_media":20117,"comment_status":"open","ping_status":"closed","template":"","meta":{"inline_featured_image":false},"product_cat":[204,91],"product_tag":[],"class_list":{"0":"post-20115","1":"product","2":"type-product","3":"status-publish","4":"has-post-thumbnail","6":"product_cat-francais","7":"product_cat-developpement","8":"pa_auteurs-dominique-urvoy","10":"first","11":"instock","12":"shipping-taxable","13":"purchasable","14":"product-type-simple"},"_links":{"self":[{"href":"https:\/\/baralivres.ma\/index.php?rest_route=\/wp\/v2\/product\/20115","targetHints":{"allow":["GET"]}}],"collection":[{"href":"https:\/\/baralivres.ma\/index.php?rest_route=\/wp\/v2\/product"}],"about":[{"href":"https:\/\/baralivres.ma\/index.php?rest_route=\/wp\/v2\/types\/product"}],"replies":[{"embeddable":true,"href":"https:\/\/baralivres.ma\/index.php?rest_route=%2Fwp%2Fv2%2Fcomments&post=20115"}],"version-history":[{"count":1,"href":"https:\/\/baralivres.ma\/index.php?rest_route=\/wp\/v2\/product\/20115\/revisions"}],"predecessor-version":[{"id":20120,"href":"https:\/\/baralivres.ma\/index.php?rest_route=\/wp\/v2\/product\/20115\/revisions\/20120"}],"wp:featuredmedia":[{"embeddable":true,"href":"https:\/\/baralivres.ma\/index.php?rest_route=\/wp\/v2\/media\/20117"}],"wp:attachment":[{"href":"https:\/\/baralivres.ma\/index.php?rest_route=%2Fwp%2Fv2%2Fmedia&parent=20115"}],"wp:term":[{"taxonomy":"product_cat","embeddable":true,"href":"https:\/\/baralivres.ma\/index.php?rest_route=%2Fwp%2Fv2%2Fproduct_cat&post=20115"},{"taxonomy":"product_tag","embeddable":true,"href":"https:\/\/baralivres.ma\/index.php?rest_route=%2Fwp%2Fv2%2Fproduct_tag&post=20115"}],"curies":[{"name":"wp","href":"https:\/\/api.w.org\/{rel}","templated":true}]}}