{"id":20091,"date":"2023-11-13T17:00:28","date_gmt":"2023-11-13T16:00:28","guid":{"rendered":"https:\/\/baralivres.ma\/?post_type=product&#038;p=20091"},"modified":"2023-11-13T17:00:29","modified_gmt":"2023-11-13T16:00:29","slug":"vous-allez-redecouvrir-le-management","status":"publish","type":"product","link":"https:\/\/baralivres.ma\/?product=vous-allez-redecouvrir-le-management","title":{"rendered":"Vous allez red\u00e9couvrir le management !"},"content":{"rendered":"<div class=\"group w-full text-token-text-primary border-b border-black\/10 gizmo:border-0 dark:border-gray-900\/50 gizmo:dark:border-0 bg-gray-50 gizmo:bg-transparent dark:bg-[#444654] gizmo:dark:bg-transparent\" data-testid=\"conversation-turn-3\">\n<div class=\"p-4 gizmo:py-2 justify-center text-base md:gap-6 md:py-6 m-auto\">\n<div class=\"flex flex-1 gap-4 text-base mx-auto md:gap-6 gizmo:gap-3 gizmo:md:px-5 gizmo:lg:px-1 gizmo:xl:px-5 md:max-w-2xl lg:max-w-[38rem] gizmo:md:max-w-3xl gizmo:lg:max-w-[40rem] gizmo:xl:max-w-[48rem] xl:max-w-3xl }\">\n<div class=\"relative flex w-[calc(100%-50px)] flex-col gizmo:w-full lg:w-[calc(100%-115px)] agent-turn\">\n<div class=\"flex-col gap-1 md:gap-3\">\n<div class=\"flex flex-grow flex-col max-w-full gap-3 gizmo:gap-0\">\n<div class=\"min-h-[20px] text-message peer flex flex-col items-start gap-3 whitespace-pre-wrap break-words peer-[.text-message]:mt-5 overflow-x-auto\" data-message-author-role=\"assistant\" data-message-id=\"fa6ee90d-5643-4214-af45-6bb7046f0f69\">\n<div class=\"markdown prose w-full break-words dark:prose-invert light\">\n<p>Et si l&rsquo;on consid\u00e9rait le management comme une science \u00e0 part enti\u00e8re ? Une id\u00e9e qui pourrait susciter le sourire chez les scientifiques traditionnels, mais qui, surtout, pourrait d\u00e9router les dirigeants chevronn\u00e9s. Confront\u00e9s \u00e0 l&rsquo;incertitude des choix quotidiens, qu&rsquo;ont-ils d&rsquo;autre sur quoi s&rsquo;appuyer que leur bon sens, leur exp\u00e9rience et leur jugement ? Cependant, \u00e0 travers ses chroniques dans la newsletter Time To Sign Off, Olivier Sibony d\u00e9montre que ce type de gestion impr\u00e9gn\u00e9e de superstitions engendre de nombreuses erreurs. Il expose ici une quarantaine d&rsquo;illustrations concr\u00e8tes et \u00e9tonnantes, abordant des domaines aussi divers que le recrutement, la cr\u00e9ativit\u00e9, la communication en p\u00e9riode de t\u00e9l\u00e9travail ou la prise de d\u00e9cision en \u00e9quipe. Chacun de ces exemples offre aux gestionnaires des cl\u00e9s pour am\u00e9liorer leurs choix. En les rassemblant, il propose une vision moderne du management : non seulement une pratique et un art, mais aussi un domaine o\u00f9, comme ailleurs, l&rsquo;approche scientifique est n\u00e9cessaire.<\/p>\n<\/div>\n<\/div>\n<\/div>\n<\/div>\n<\/div>\n<\/div>\n<\/div>\n<\/div>\n","protected":false},"excerpt":{"rendered":"<p>Le management comme science, d\u00e9voilant les erreurs courantes, offrant des cl\u00e9s pour des d\u00e9cisions \u00e9clair\u00e9es.<\/p>\n","protected":false},"featured_media":20095,"comment_status":"open","ping_status":"closed","template":"","meta":{"inline_featured_image":false},"product_cat":[204,91],"product_tag":[],"class_list":{"0":"post-20091","1":"product","2":"type-product","3":"status-publish","4":"has-post-thumbnail","6":"product_cat-francais","7":"product_cat-developpement","8":"pa_auteurs-olivier-sibony","10":"first","11":"instock","12":"shipping-taxable","13":"purchasable","14":"product-type-simple"},"_links":{"self":[{"href":"https:\/\/baralivres.ma\/index.php?rest_route=\/wp\/v2\/product\/20091","targetHints":{"allow":["GET"]}}],"collection":[{"href":"https:\/\/baralivres.ma\/index.php?rest_route=\/wp\/v2\/product"}],"about":[{"href":"https:\/\/baralivres.ma\/index.php?rest_route=\/wp\/v2\/types\/product"}],"replies":[{"embeddable":true,"href":"https:\/\/baralivres.ma\/index.php?rest_route=%2Fwp%2Fv2%2Fcomments&post=20091"}],"version-history":[{"count":1,"href":"https:\/\/baralivres.ma\/index.php?rest_route=\/wp\/v2\/product\/20091\/revisions"}],"predecessor-version":[{"id":20096,"href":"https:\/\/baralivres.ma\/index.php?rest_route=\/wp\/v2\/product\/20091\/revisions\/20096"}],"wp:featuredmedia":[{"embeddable":true,"href":"https:\/\/baralivres.ma\/index.php?rest_route=\/wp\/v2\/media\/20095"}],"wp:attachment":[{"href":"https:\/\/baralivres.ma\/index.php?rest_route=%2Fwp%2Fv2%2Fmedia&parent=20091"}],"wp:term":[{"taxonomy":"product_cat","embeddable":true,"href":"https:\/\/baralivres.ma\/index.php?rest_route=%2Fwp%2Fv2%2Fproduct_cat&post=20091"},{"taxonomy":"product_tag","embeddable":true,"href":"https:\/\/baralivres.ma\/index.php?rest_route=%2Fwp%2Fv2%2Fproduct_tag&post=20091"}],"curies":[{"name":"wp","href":"https:\/\/api.w.org\/{rel}","templated":true}]}}