{"id":20074,"date":"2023-11-13T16:48:46","date_gmt":"2023-11-13T15:48:46","guid":{"rendered":"https:\/\/baralivres.ma\/?post_type=product&#038;p=20074"},"modified":"2023-11-13T16:48:47","modified_gmt":"2023-11-13T15:48:47","slug":"guerir-le-stress-lanxiete-et-la-depression","status":"publish","type":"product","link":"https:\/\/baralivres.ma\/?product=guerir-le-stress-lanxiete-et-la-depression","title":{"rendered":"Guerir le stress, l&rsquo;anxi\u00e9t\u00e9 et la d\u00e9pression"},"content":{"rendered":"<p>David Servan-Schreiber nous invite \u00e0 explorer une approche th\u00e9rapeutique r\u00e9volutionnaire, d\u00e9pourvue de m\u00e9dicaments ou de psychanalyse, mettant l&rsquo;accent sur l&rsquo;\u00e9coute des \u00e9motions. Ce m\u00e9decin et chercheur en neurosciences cognitives, ayant dirig\u00e9 le centre de m\u00e9decine compl\u00e9mentaire de l&rsquo;universit\u00e9 de Pittsburgh, pr\u00e9sente sept m\u00e9thodes originales pour favoriser l&rsquo;harmonie int\u00e9rieure et le bien-\u00eatre quotidien, offrant ainsi une voie accessible \u00e0 tous pour vivre pleinement.<\/p>\n","protected":false},"excerpt":{"rendered":"<p>David Servan-Schreiber propose une m\u00e9decine alternative, centr\u00e9e sur l&rsquo;\u00e9coute des \u00e9motions, avec sept m\u00e9thodes originales.<\/p>\n","protected":false},"featured_media":20077,"comment_status":"open","ping_status":"closed","template":"","meta":{"inline_featured_image":false},"product_cat":[204,91],"product_tag":[],"class_list":{"0":"post-20074","1":"product","2":"type-product","3":"status-publish","4":"has-post-thumbnail","6":"product_cat-francais","7":"product_cat-developpement","8":"pa_auteurs-david-servan-schreiber","10":"first","11":"instock","12":"shipping-taxable","13":"purchasable","14":"product-type-simple"},"_links":{"self":[{"href":"https:\/\/baralivres.ma\/index.php?rest_route=\/wp\/v2\/product\/20074","targetHints":{"allow":["GET"]}}],"collection":[{"href":"https:\/\/baralivres.ma\/index.php?rest_route=\/wp\/v2\/product"}],"about":[{"href":"https:\/\/baralivres.ma\/index.php?rest_route=\/wp\/v2\/types\/product"}],"replies":[{"embeddable":true,"href":"https:\/\/baralivres.ma\/index.php?rest_route=%2Fwp%2Fv2%2Fcomments&post=20074"}],"version-history":[{"count":1,"href":"https:\/\/baralivres.ma\/index.php?rest_route=\/wp\/v2\/product\/20074\/revisions"}],"predecessor-version":[{"id":20078,"href":"https:\/\/baralivres.ma\/index.php?rest_route=\/wp\/v2\/product\/20074\/revisions\/20078"}],"wp:featuredmedia":[{"embeddable":true,"href":"https:\/\/baralivres.ma\/index.php?rest_route=\/wp\/v2\/media\/20077"}],"wp:attachment":[{"href":"https:\/\/baralivres.ma\/index.php?rest_route=%2Fwp%2Fv2%2Fmedia&parent=20074"}],"wp:term":[{"taxonomy":"product_cat","embeddable":true,"href":"https:\/\/baralivres.ma\/index.php?rest_route=%2Fwp%2Fv2%2Fproduct_cat&post=20074"},{"taxonomy":"product_tag","embeddable":true,"href":"https:\/\/baralivres.ma\/index.php?rest_route=%2Fwp%2Fv2%2Fproduct_tag&post=20074"}],"curies":[{"name":"wp","href":"https:\/\/api.w.org\/{rel}","templated":true}]}}