{"id":20055,"date":"2023-11-13T16:31:36","date_gmt":"2023-11-13T15:31:36","guid":{"rendered":"https:\/\/baralivres.ma\/?post_type=product&#038;p=20055"},"modified":"2024-05-05T15:32:15","modified_gmt":"2024-05-05T14:32:15","slug":"pour-les-nuls-la-langue-francaise-pour-les-nuls","status":"publish","type":"product","link":"https:\/\/baralivres.ma\/?product=pour-les-nuls-la-langue-francaise-pour-les-nuls","title":{"rendered":"Pour les Nuls &#8211; : La Langue fran\u00e7aise Pour les nuls"},"content":{"rendered":"<p>Chaque jour, dans notre qu\u00eate d&rsquo;expression et de communication, la langue fran\u00e7aise devient notre alli\u00e9e, fa\u00e7onnant naturellement des mots en discours coh\u00e9rents sans que nous nous interrogions souvent sur les tenants et aboutissants linguistiques.<\/p>\n<p>L&rsquo;origine de la parole chez les \u00eatres humains, l&rsquo;invention de l&rsquo;\u00e9criture et de la lecture, les grandes \u00e9tapes de l&rsquo;\u00e9volution linguistique jusqu&rsquo;\u00e0 la formation de la langue fran\u00e7aise contemporaine : autant d&rsquo;interrogations sur lesquelles cet ouvrage de r\u00e9f\u00e9rence offre des r\u00e9ponses. Il explore \u00e9galement l&rsquo;\u00e9tat actuel du fran\u00e7ais en France et dans le monde, interroge la p\u00e9rennit\u00e9 des langues r\u00e9gionales, se penche sur la simplification possible de l&rsquo;orthographe, analyse comment la grammaire lie les mots, et examine comment la langue s&rsquo;inculque aux enfants. Quelles sont les cl\u00e9s pour les accompagner efficacement dans leur apprentissage, et comment la langue fran\u00e7aise est-elle enseign\u00e9e \u00e0 l&rsquo;\u00e9cole ? Cet ouvrage offre une exploration compl\u00e8te de la langue fran\u00e7aise, de son pass\u00e9 \u00e0 son avenir, car la langue est essentiellement mouvement, changement et \u00e9volution depuis ses origines.<\/p>\n","protected":false},"excerpt":{"rendered":"<p>Exploration compl\u00e8te de l&rsquo;\u00e9volution de la langue fran\u00e7aise, de l&rsquo;origine \u00e0 l&rsquo;enseignement actuel, perspectives incluses.<\/p>\n","protected":false},"featured_media":20056,"comment_status":"open","ping_status":"closed","template":"","meta":{"inline_featured_image":false},"product_cat":[3792,204,91],"product_tag":[],"class_list":{"0":"post-20055","1":"product","2":"type-product","3":"status-publish","4":"has-post-thumbnail","6":"product_cat-pour-les-nuls","7":"product_cat-francais","8":"product_cat-developpement","9":"pa_auteurs-alain-bentolila","11":"first","12":"instock","13":"shipping-taxable","14":"purchasable","15":"product-type-simple"},"_links":{"self":[{"href":"https:\/\/baralivres.ma\/index.php?rest_route=\/wp\/v2\/product\/20055","targetHints":{"allow":["GET"]}}],"collection":[{"href":"https:\/\/baralivres.ma\/index.php?rest_route=\/wp\/v2\/product"}],"about":[{"href":"https:\/\/baralivres.ma\/index.php?rest_route=\/wp\/v2\/types\/product"}],"replies":[{"embeddable":true,"href":"https:\/\/baralivres.ma\/index.php?rest_route=%2Fwp%2Fv2%2Fcomments&post=20055"}],"version-history":[{"count":1,"href":"https:\/\/baralivres.ma\/index.php?rest_route=\/wp\/v2\/product\/20055\/revisions"}],"predecessor-version":[{"id":20057,"href":"https:\/\/baralivres.ma\/index.php?rest_route=\/wp\/v2\/product\/20055\/revisions\/20057"}],"wp:featuredmedia":[{"embeddable":true,"href":"https:\/\/baralivres.ma\/index.php?rest_route=\/wp\/v2\/media\/20056"}],"wp:attachment":[{"href":"https:\/\/baralivres.ma\/index.php?rest_route=%2Fwp%2Fv2%2Fmedia&parent=20055"}],"wp:term":[{"taxonomy":"product_cat","embeddable":true,"href":"https:\/\/baralivres.ma\/index.php?rest_route=%2Fwp%2Fv2%2Fproduct_cat&post=20055"},{"taxonomy":"product_tag","embeddable":true,"href":"https:\/\/baralivres.ma\/index.php?rest_route=%2Fwp%2Fv2%2Fproduct_tag&post=20055"}],"curies":[{"name":"wp","href":"https:\/\/api.w.org\/{rel}","templated":true}]}}