{"id":20027,"date":"2023-11-13T15:55:56","date_gmt":"2023-11-13T14:55:56","guid":{"rendered":"https:\/\/baralivres.ma\/?post_type=product&#038;p=20027"},"modified":"2024-11-27T15:08:32","modified_gmt":"2024-11-27T14:08:32","slug":"letrange-cas-du-dr-jekyll-et-de-m-hyde","status":"publish","type":"product","link":"https:\/\/baralivres.ma\/?product=letrange-cas-du-dr-jekyll-et-de-m-hyde","title":{"rendered":"L&rsquo;\u00e9trange cas du Dr Jekyll et de M. Hyde"},"content":{"rendered":"<p>Quel est le sort du Dr Jekyll ? Le respect\u00e9 m\u00e9decin semble avoir succomb\u00e9 \u00e0 l&#8217;emprise d&rsquo;un \u00e9nigmatique M. Hyde, individu grossier et brutal, \u00e0 qui il a transmis sa richesse. Lorsque Hyde est accus\u00e9 de meurtre, les amis du Dr Jekyll prennent l&rsquo;initiative : il est imp\u00e9ratif de lib\u00e9rer le bon docteur des griffes de cette entit\u00e9 d\u00e9moniaque avant qu&rsquo;il ne soit trop tard&#8230;<\/p>\n","protected":false},"excerpt":{"rendered":"<p>Le Dr Jekyll succombe \u00e0 l&rsquo;influence de M. Hyde, amis luttent pour le lib\u00e9rer d&rsquo;un destin d\u00e9moniaque.<\/p>\n","protected":false},"featured_media":20032,"comment_status":"open","ping_status":"closed","template":"","meta":{"inline_featured_image":false},"product_cat":[203,204],"product_tag":[],"class_list":{"0":"post-20027","1":"product","2":"type-product","3":"status-publish","4":"has-post-thumbnail","6":"product_cat-adolescente","7":"product_cat-francais","8":"pa_auteurs-robert-louis-stevenson","10":"first","11":"instock","12":"shipping-taxable","13":"purchasable","14":"product-type-simple"},"_links":{"self":[{"href":"https:\/\/baralivres.ma\/index.php?rest_route=\/wp\/v2\/product\/20027","targetHints":{"allow":["GET"]}}],"collection":[{"href":"https:\/\/baralivres.ma\/index.php?rest_route=\/wp\/v2\/product"}],"about":[{"href":"https:\/\/baralivres.ma\/index.php?rest_route=\/wp\/v2\/types\/product"}],"replies":[{"embeddable":true,"href":"https:\/\/baralivres.ma\/index.php?rest_route=%2Fwp%2Fv2%2Fcomments&post=20027"}],"version-history":[{"count":1,"href":"https:\/\/baralivres.ma\/index.php?rest_route=\/wp\/v2\/product\/20027\/revisions"}],"predecessor-version":[{"id":20033,"href":"https:\/\/baralivres.ma\/index.php?rest_route=\/wp\/v2\/product\/20027\/revisions\/20033"}],"wp:featuredmedia":[{"embeddable":true,"href":"https:\/\/baralivres.ma\/index.php?rest_route=\/wp\/v2\/media\/20032"}],"wp:attachment":[{"href":"https:\/\/baralivres.ma\/index.php?rest_route=%2Fwp%2Fv2%2Fmedia&parent=20027"}],"wp:term":[{"taxonomy":"product_cat","embeddable":true,"href":"https:\/\/baralivres.ma\/index.php?rest_route=%2Fwp%2Fv2%2Fproduct_cat&post=20027"},{"taxonomy":"product_tag","embeddable":true,"href":"https:\/\/baralivres.ma\/index.php?rest_route=%2Fwp%2Fv2%2Fproduct_tag&post=20027"}],"curies":[{"name":"wp","href":"https:\/\/api.w.org\/{rel}","templated":true}]}}