{"id":20005,"date":"2023-11-13T15:25:42","date_gmt":"2023-11-13T14:25:42","guid":{"rendered":"https:\/\/baralivres.ma\/?post_type=product&#038;p=20005"},"modified":"2023-11-13T15:25:43","modified_gmt":"2023-11-13T14:25:43","slug":"le-vieux-qui-voulait-sauver-le-monde","status":"publish","type":"product","link":"https:\/\/baralivres.ma\/?product=le-vieux-qui-voulait-sauver-le-monde","title":{"rendered":"Le vieux qui voulait sauver le monde"},"content":{"rendered":"<p>Allan Karlsson, \u00e2g\u00e9 de 101 ans, se retrouve malgr\u00e9 lui au c\u0153ur d&rsquo;une aventure impr\u00e9vue lorsqu&rsquo;une sortie en montgolfi\u00e8re tourne mal, le conduisant \u00e0 bord d&rsquo;un navire nord-cor\u00e9en. D\u00e9tenteur d&rsquo;uranium enrichi, il navigue entre rencontres diplomatiques, \u00e9chapp\u00e9es risqu\u00e9es, et des visites aux leaders mondiaux. Cette com\u00e9die \u00e9pic\u00e9e allie actualit\u00e9 et humour, port\u00e9e par le personnage attachant d&rsquo;Allan Karlsson.<\/p>\n","protected":false},"excerpt":{"rendered":"<p>Allan Karlsson, centenaire aventurier, d\u00e9tenteur d&rsquo;uranium, embarque dans une com\u00e9die mondiale aux rebondissements impr\u00e9visibles et rocambolesques.<\/p>\n","protected":false},"featured_media":20012,"comment_status":"open","ping_status":"closed","template":"","meta":{"inline_featured_image":false},"product_cat":[204,91],"product_tag":[],"class_list":{"0":"post-20005","1":"product","2":"type-product","3":"status-publish","4":"has-post-thumbnail","6":"product_cat-francais","7":"product_cat-developpement","8":"pa_auteurs-jonas-jonasson","10":"first","11":"instock","12":"shipping-taxable","13":"purchasable","14":"product-type-simple"},"_links":{"self":[{"href":"https:\/\/baralivres.ma\/index.php?rest_route=\/wp\/v2\/product\/20005","targetHints":{"allow":["GET"]}}],"collection":[{"href":"https:\/\/baralivres.ma\/index.php?rest_route=\/wp\/v2\/product"}],"about":[{"href":"https:\/\/baralivres.ma\/index.php?rest_route=\/wp\/v2\/types\/product"}],"replies":[{"embeddable":true,"href":"https:\/\/baralivres.ma\/index.php?rest_route=%2Fwp%2Fv2%2Fcomments&post=20005"}],"version-history":[{"count":1,"href":"https:\/\/baralivres.ma\/index.php?rest_route=\/wp\/v2\/product\/20005\/revisions"}],"predecessor-version":[{"id":20014,"href":"https:\/\/baralivres.ma\/index.php?rest_route=\/wp\/v2\/product\/20005\/revisions\/20014"}],"wp:featuredmedia":[{"embeddable":true,"href":"https:\/\/baralivres.ma\/index.php?rest_route=\/wp\/v2\/media\/20012"}],"wp:attachment":[{"href":"https:\/\/baralivres.ma\/index.php?rest_route=%2Fwp%2Fv2%2Fmedia&parent=20005"}],"wp:term":[{"taxonomy":"product_cat","embeddable":true,"href":"https:\/\/baralivres.ma\/index.php?rest_route=%2Fwp%2Fv2%2Fproduct_cat&post=20005"},{"taxonomy":"product_tag","embeddable":true,"href":"https:\/\/baralivres.ma\/index.php?rest_route=%2Fwp%2Fv2%2Fproduct_tag&post=20005"}],"curies":[{"name":"wp","href":"https:\/\/api.w.org\/{rel}","templated":true}]}}