{"id":19845,"date":"2023-11-13T13:41:16","date_gmt":"2023-11-13T12:41:16","guid":{"rendered":"https:\/\/baralivres.ma\/?post_type=product&#038;p=19845"},"modified":"2024-11-18T13:47:00","modified_gmt":"2024-11-18T12:47:00","slug":"rouge-braise","status":"publish","type":"product","link":"https:\/\/baralivres.ma\/?product=rouge-braise","title":{"rendered":"Rouge Braise"},"content":{"rendered":"<p>En 1944, en pleine p\u00e9riode de guerre avec des bombardements de plus en plus mena\u00e7ants, Dounia et sa grand-m\u00e8re cherchent refuge dans le paisible village de Saint-L\u00e9on en Bourgogne. Cependant, l&rsquo;atmosph\u00e8re tranquille est perturb\u00e9e par des \u00e9v\u00e9nements myst\u00e9rieux : la radio diffuse des messages \u00e9nigmatiques, l&rsquo;oncle Georges s&rsquo;engage dans des exp\u00e9ditions nocturnes \u00e0 la recherche d&rsquo;armes. Bient\u00f4t, Dounia se voit confier une mission hautement confidentielle qui doit absolument rester secr\u00e8te.<\/p>\n","protected":false},"excerpt":{"rendered":"<p>En 1944, pendant la guerre, Dounia d\u00e9couvre des myst\u00e8res \u00e0 Saint-L\u00e9on et se voit confier une mission secr\u00e8te.<\/p>\n","protected":false},"featured_media":19850,"comment_status":"open","ping_status":"closed","template":"","meta":{"inline_featured_image":false},"product_cat":[203,204],"product_tag":[],"class_list":{"0":"post-19845","1":"product","2":"type-product","3":"status-publish","4":"has-post-thumbnail","6":"product_cat-adolescente","7":"product_cat-francais","8":"pa_auteurs-rolande-causse","10":"first","11":"instock","12":"shipping-taxable","13":"purchasable","14":"product-type-simple"},"_links":{"self":[{"href":"https:\/\/baralivres.ma\/index.php?rest_route=\/wp\/v2\/product\/19845","targetHints":{"allow":["GET"]}}],"collection":[{"href":"https:\/\/baralivres.ma\/index.php?rest_route=\/wp\/v2\/product"}],"about":[{"href":"https:\/\/baralivres.ma\/index.php?rest_route=\/wp\/v2\/types\/product"}],"replies":[{"embeddable":true,"href":"https:\/\/baralivres.ma\/index.php?rest_route=%2Fwp%2Fv2%2Fcomments&post=19845"}],"version-history":[{"count":1,"href":"https:\/\/baralivres.ma\/index.php?rest_route=\/wp\/v2\/product\/19845\/revisions"}],"predecessor-version":[{"id":19851,"href":"https:\/\/baralivres.ma\/index.php?rest_route=\/wp\/v2\/product\/19845\/revisions\/19851"}],"wp:featuredmedia":[{"embeddable":true,"href":"https:\/\/baralivres.ma\/index.php?rest_route=\/wp\/v2\/media\/19850"}],"wp:attachment":[{"href":"https:\/\/baralivres.ma\/index.php?rest_route=%2Fwp%2Fv2%2Fmedia&parent=19845"}],"wp:term":[{"taxonomy":"product_cat","embeddable":true,"href":"https:\/\/baralivres.ma\/index.php?rest_route=%2Fwp%2Fv2%2Fproduct_cat&post=19845"},{"taxonomy":"product_tag","embeddable":true,"href":"https:\/\/baralivres.ma\/index.php?rest_route=%2Fwp%2Fv2%2Fproduct_tag&post=19845"}],"curies":[{"name":"wp","href":"https:\/\/api.w.org\/{rel}","templated":true}]}}