{"id":19834,"date":"2023-11-13T13:18:45","date_gmt":"2023-11-13T12:18:45","guid":{"rendered":"https:\/\/baralivres.ma\/?post_type=product&#038;p=19834"},"modified":"2024-11-18T13:47:43","modified_gmt":"2024-11-18T12:47:43","slug":"lappel-de-la-foret","status":"publish","type":"product","link":"https:\/\/baralivres.ma\/?product=lappel-de-la-foret","title":{"rendered":"L&rsquo;appel de la for\u00eat"},"content":{"rendered":"<p>Arrach\u00e9 \u00e0 l&rsquo;amour de son ma\u00eetre, Buck se retrouve transform\u00e9 en chien de tra\u00eeneau dans les vastes \u00e9tendues du Grand Nord. Il fait l&rsquo;exp\u00e9rience de la cruaut\u00e9 des hommes et des dures lois de la vie en tant que chien de meute. Sa existence se r\u00e9sume d\u00e9sormais \u00e0 une course sans fin, ponctu\u00e9e de combats entre chiens. Un nouveau ma\u00eetre parvient \u00e0 regagner sa confiance et son affection, mais l&rsquo;instinct sauvage en lui se r\u00e9veille inexorablement. Buck parviendra-t-il \u00e0 r\u00e9sister \u00e0 l&rsquo;irr\u00e9sistible appel de la for\u00eat ?<\/p>\n","protected":false},"excerpt":{"rendered":"<p>Buck, enlev\u00e9 \u00e0 son ma\u00eetre, devient chien de tra\u00eeneau, d\u00e9couvre cruaut\u00e9 humaine, et ressent l&rsquo;appel sauvage de la for\u00eat.<\/p>\n","protected":false},"featured_media":19835,"comment_status":"open","ping_status":"closed","template":"","meta":{"inline_featured_image":false},"product_cat":[203,204],"product_tag":[],"class_list":{"0":"post-19834","1":"product","2":"type-product","3":"status-publish","4":"has-post-thumbnail","6":"product_cat-adolescente","7":"product_cat-francais","8":"pa_auteurs-jack-london","10":"first","11":"instock","12":"shipping-taxable","13":"purchasable","14":"product-type-simple"},"_links":{"self":[{"href":"https:\/\/baralivres.ma\/index.php?rest_route=\/wp\/v2\/product\/19834","targetHints":{"allow":["GET"]}}],"collection":[{"href":"https:\/\/baralivres.ma\/index.php?rest_route=\/wp\/v2\/product"}],"about":[{"href":"https:\/\/baralivres.ma\/index.php?rest_route=\/wp\/v2\/types\/product"}],"replies":[{"embeddable":true,"href":"https:\/\/baralivres.ma\/index.php?rest_route=%2Fwp%2Fv2%2Fcomments&post=19834"}],"version-history":[{"count":1,"href":"https:\/\/baralivres.ma\/index.php?rest_route=\/wp\/v2\/product\/19834\/revisions"}],"predecessor-version":[{"id":19836,"href":"https:\/\/baralivres.ma\/index.php?rest_route=\/wp\/v2\/product\/19834\/revisions\/19836"}],"wp:featuredmedia":[{"embeddable":true,"href":"https:\/\/baralivres.ma\/index.php?rest_route=\/wp\/v2\/media\/19835"}],"wp:attachment":[{"href":"https:\/\/baralivres.ma\/index.php?rest_route=%2Fwp%2Fv2%2Fmedia&parent=19834"}],"wp:term":[{"taxonomy":"product_cat","embeddable":true,"href":"https:\/\/baralivres.ma\/index.php?rest_route=%2Fwp%2Fv2%2Fproduct_cat&post=19834"},{"taxonomy":"product_tag","embeddable":true,"href":"https:\/\/baralivres.ma\/index.php?rest_route=%2Fwp%2Fv2%2Fproduct_tag&post=19834"}],"curies":[{"name":"wp","href":"https:\/\/api.w.org\/{rel}","templated":true}]}}