{"id":19828,"date":"2023-11-13T13:14:23","date_gmt":"2023-11-13T12:14:23","guid":{"rendered":"https:\/\/baralivres.ma\/?post_type=product&#038;p=19828"},"modified":"2024-11-18T13:47:59","modified_gmt":"2024-11-18T12:47:59","slug":"harry-est-fou","status":"publish","type":"product","link":"https:\/\/baralivres.ma\/?product=harry-est-fou","title":{"rendered":"Harry est fou"},"content":{"rendered":"<p>Quand Harry rencontra Madison pour la premi\u00e8re fois, il eut une expression d\u00e9go\u00fbt\u00e9e ! Il se demanda pourquoi son oncle am\u00e9ricain, l&rsquo;oncle George, lui avait laiss\u00e9 en h\u00e9ritage un perroquet africain de quarante ans, au plumage gris, qui, pour couronner le tout, \u00e9tait muet.<\/p>\n","protected":false},"excerpt":{"rendered":"<p>Harry d\u00e9couvre avec d\u00e9ception l&rsquo;h\u00e9ritage de son oncle am\u00e9ricain : un perroquet gris muet africain.<\/p>\n","protected":false},"featured_media":19829,"comment_status":"open","ping_status":"closed","template":"","meta":{"inline_featured_image":false},"product_cat":[203,204],"product_tag":[],"class_list":{"0":"post-19828","1":"product","2":"type-product","3":"status-publish","4":"has-post-thumbnail","6":"product_cat-adolescente","7":"product_cat-francais","8":"pa_auteurs-smith","10":"first","11":"instock","12":"shipping-taxable","13":"purchasable","14":"product-type-simple"},"_links":{"self":[{"href":"https:\/\/baralivres.ma\/index.php?rest_route=\/wp\/v2\/product\/19828","targetHints":{"allow":["GET"]}}],"collection":[{"href":"https:\/\/baralivres.ma\/index.php?rest_route=\/wp\/v2\/product"}],"about":[{"href":"https:\/\/baralivres.ma\/index.php?rest_route=\/wp\/v2\/types\/product"}],"replies":[{"embeddable":true,"href":"https:\/\/baralivres.ma\/index.php?rest_route=%2Fwp%2Fv2%2Fcomments&post=19828"}],"version-history":[{"count":1,"href":"https:\/\/baralivres.ma\/index.php?rest_route=\/wp\/v2\/product\/19828\/revisions"}],"predecessor-version":[{"id":19833,"href":"https:\/\/baralivres.ma\/index.php?rest_route=\/wp\/v2\/product\/19828\/revisions\/19833"}],"wp:featuredmedia":[{"embeddable":true,"href":"https:\/\/baralivres.ma\/index.php?rest_route=\/wp\/v2\/media\/19829"}],"wp:attachment":[{"href":"https:\/\/baralivres.ma\/index.php?rest_route=%2Fwp%2Fv2%2Fmedia&parent=19828"}],"wp:term":[{"taxonomy":"product_cat","embeddable":true,"href":"https:\/\/baralivres.ma\/index.php?rest_route=%2Fwp%2Fv2%2Fproduct_cat&post=19828"},{"taxonomy":"product_tag","embeddable":true,"href":"https:\/\/baralivres.ma\/index.php?rest_route=%2Fwp%2Fv2%2Fproduct_tag&post=19828"}],"curies":[{"name":"wp","href":"https:\/\/api.w.org\/{rel}","templated":true}]}}